87.106.132.3 - - [01/Mar/2010:13:55:46 -0800] "GET /~daveh/logs/access.log%20%20//delete_comment.php?board_skin_path=http://www.supravis.hu//components/com_explorer/id2.txt?? HTTP/1.1" 404 324 /home/users/d/daveh/public_html/logs/access.log "-" "Mozilla/5.0" 0 www.accesscom.com
87.106.132.3 - - [01/Mar/2010:13:55:46 -0800] "GET /~daveh//delete_comment.php?board_skin_path=http://www.supravis.hu//components/com_explorer/id2.txt?? HTTP/1.1" 404 306 /home/users/d/daveh/public_html/delete_comment.php "-" "Mozilla/5.0" 0 www.accesscom.com
67.195.115.58 - - [01/Mar/2010:13:55:55 -0800] "GET /~daveh/logs/Jan03.html HTTP/1.0" 200 12877 /home/users/d/daveh/public_html/logs/Jan03.html "-" "Mozilla/5.0 (compatible; Yahoo! Slurp/3.0; http://help.yahoo.com/help/us/ysearch/slurp)" 0 www.accesscom.com
68.105.239.106 - - [01/Mar/2010:13:56:14 -0800] "GET /~daveh/sean/song/songskit.html HTTP/1.1" 200 51136 /home/users/d/daveh/public_html/sean/song/songskit.html "http://ww2.cox.com/search/residential/hamptonroads/myconnection/6017697639592689453/external.cox" "Mozilla/4.0 (compatible; MSIE 7.0; Windows NT 6.0; SLCC1; .NET CLR 2.0.50727; InfoPath.2; .NET CLR 3.5.21022; .NET CLR 3.5.30729; .NET CLR 3.0.30729)" 1 www.accesscom.com
68.105.239.106 - - [01/Mar/2010:13:56:14 -0800] "GET /~daveh/sean/song/new.gif HTTP/1.1" 200 147 /home/users/d/daveh/public_html/sean/song/new.gif "http://www.accesscom.com/~daveh/sean/song/songskit.html" "Mozilla/4.0 (compatible; MSIE 7.0; Windows NT 6.0; SLCC1; .NET CLR 2.0.50727; InfoPath.2; .NET CLR 3.5.21022; .NET CLR 3.5.30729; .NET CLR 3.0.30729)" 0 www.accesscom.com
68.105.239.106 - - [01/Mar/2010:13:56:14 -0800] "GET /~daveh/sean/song/Updated.gif HTTP/1.1" 200 1226 /home/users/d/daveh/public_html/sean/song/Updated.gif "http://www.accesscom.com/~daveh/sean/song/songskit.html" "Mozilla/4.0 (compatible; MSIE 7.0; Windows NT 6.0; SLCC1; .NET CLR 2.0.50727; InfoPath.2; .NET CLR 3.5.21022; .NET CLR 3.5.30729; .NET CLR 3.0.30729)" 0 www.accesscom.com
207.46.199.249 - - [01/Mar/2010:13:57:32 -0800] "GET /~daveh/sunset-pink-small.jpg HTTP/1.1" 200 76331 /home/users/d/daveh/public_html/sunset-pink-small.jpg "-" "msnbot-media/1.1 (+http://search.msn.com/msnbot.htm)" 0 www.accesscom.com
207.46.199.249 - - [01/Mar/2010:13:57:32 -0800] "GET /~daveh?m=d HTTP/1.1" 301 326 /home/users/d/daveh/public_html "-" "msnbot-media/1.1 (+http://search.msn.com/msnbot.htm)" 0 www.accesscom.com
207.46.199.249 - - [01/Mar/2010:13:57:33 -0800] "GET /~daveh/?m=d HTTP/1.1" 200 2787 /home/users/d/daveh/public_html/ "-" "msnbot-media/1.1 (+http://search.msn.com/msnbot.htm)" 0 www.accesscom.com
165.161.9.27 - - [01/Mar/2010:13:59:49 -0800] "GET /~daveh/sean/song/pbsong0.html HTTP/1.1" 200 15827 /home/users/d/daveh/public_html/sean/song/pbsong0.html "http://www.google.com/search?q=boy+songs&rls=com.microsoft:en-us&ie=UTF-8&oe=UTF-8&startIndex=&startPage=1" "Mozilla/4.0 (compatible; MSIE 7.0; Windows NT 5.1; .NET CLR 1.1.4322; .NET CLR 2.0.50727; .NET CLR 3.0.4506.2152; .NET CLR 3.5.30729; InfoPath.1)" 0 www.accesscom.com
165.161.9.26 - - [01/Mar/2010:13:59:49 -0800] "GET /~daveh/sean/song/new.gif HTTP/1.1" 200 147 /home/users/d/daveh/public_html/sean/song/new.gif "http://www.accesscom.com/~daveh/sean/song/pbsong0.html" "Mozilla/4.0 (compatible; MSIE 7.0; Windows NT 5.1; .NET CLR 1.1.4322; .NET CLR 2.0.50727; .NET CLR 3.0.4506.2152; .NET CLR 3.5.30729; InfoPath.1)" 0 www.accesscom.com
165.132.30.11 - - [01/Mar/2010:14:04:56 -0800] "GET /~daveh//delete_all.php?board_skin_path=http://zerozon.co.kr/data/eeng/heheh.txt??? HTTP/1.1" 404 302 /home/users/d/daveh/public_html/delete_all.php "-" "Mozilla/5.0" 0 www.accesscom.com
165.132.30.11 - - [01/Mar/2010:14:04:56 -0800] "GET /~daveh/logs/access.log%20%20//delete_all.php?board_skin_path=http://zerozon.co.kr/data/eeng/heheh.txt??? HTTP/1.1" 404 320 /home/users/d/daveh/public_html/logs/access.log "-" "Mozilla/5.0" 0 www.accesscom.com
165.132.30.11 - - [01/Mar/2010:14:04:56 -0800] "GET /~daveh/logs//delete_all.php?board_skin_path=http://zerozon.co.kr/data/eeng/heheh.txt??? HTTP/1.1" 404 307 /home/users/d/daveh/public_html/logs//delete_all.php "-" "Mozilla/5.0" 0 www.accesscom.com
122.200.203.11 - - [01/Mar/2010:14:05:17 -0800] "GET /~daveh/logs//delete_all.php?board_skin_path=http://www.samer1.net/space/ray/1.txt? HTTP/1.1" 404 307 /home/users/d/daveh/public_html/logs//delete_all.php "-" "Mozilla/5.0" 0 www.accesscom.com
122.200.203.11 - - [01/Mar/2010:14:05:17 -0800] "GET /~daveh/logs/access.log%20%20//delete_all.php?board_skin_path=http://www.samer1.net/space/ray/1.txt? HTTP/1.1" 404 320 /home/users/d/daveh/public_html/logs/access.log "-" "Mozilla/5.0" 0 www.accesscom.com
122.200.203.11 - - [01/Mar/2010:14:05:17 -0800] "GET /~daveh//delete_all.php?board_skin_path=http://www.samer1.net/space/ray/1.txt? HTTP/1.1" 404 302 /home/users/d/daveh/public_html/delete_all.php "-" "Mozilla/5.0" 0 www.accesscom.com
221.141.1.113 - - [01/Mar/2010:14:08:16 -0800] "GET /~daveh/logs///linkadmin.php?page=http://calcetto5.maxdema.net//components/com_login/id? HTTP/1.1" 404 307 /home/users/d/daveh/public_html/logs///linkadmin.php "-" "libwww-perl/5.805" 0 www.accesscom.com
122.200.203.11 - - [01/Mar/2010:14:08:29 -0800] "GET /~daveh/logs/access.log%20%20//delete_all.php?board_skin_path=http://www.samer1.net/space/ray/1.txt? HTTP/1.1" 404 320 /home/users/d/daveh/public_html/logs/access.log "-" "Mozilla/5.0" 0 www.accesscom.com
122.200.203.11 - - [01/Mar/2010:14:08:29 -0800] "GET /~daveh/logs//delete_all.php?board_skin_path=http://www.samer1.net/space/ray/1.txt? HTTP/1.1" 404 307 /home/users/d/daveh/public_html/logs//delete_all.php "-" "Mozilla/5.0" 0 www.accesscom.com
122.200.203.11 - - [01/Mar/2010:14:08:29 -0800] "GET /~daveh//delete_all.php?board_skin_path=http://www.samer1.net/space/ray/1.txt? HTTP/1.1" 404 302 /home/users/d/daveh/public_html/delete_all.php "-" "Mozilla/5.0" 0 www.accesscom.com
221.141.1.113 - - [01/Mar/2010:14:11:20 -0800] "GET /~daveh/logs///linkadmin.php?page=http://calcetto5.maxdema.net//components/com_login/id? HTTP/1.1" 404 307 /home/users/d/daveh/public_html/logs///linkadmin.php "-" "libwww-perl/5.805" 0 www.accesscom.com
221.141.1.113 - - [01/Mar/2010:14:12:41 -0800] "GET /~daveh/logs///linkadmin.php?page=http://calcetto5.maxdema.net//components/com_login/id? HTTP/1.1" 404 307 /home/users/d/daveh/public_html/logs///linkadmin.php "-" "libwww-perl/5.805" 0 www.accesscom.com
221.141.1.113 - - [01/Mar/2010:14:15:50 -0800] "GET /~daveh/logs///linkadmin.php?page=http://calcetto5.maxdema.net//components/com_login/id? HTTP/1.1" 404 307 /home/users/d/daveh/public_html/logs///linkadmin.php "-" "libwww-perl/5.805" 0 www.accesscom.com
200.93.147.154 - - [01/Mar/2010:14:17:25 -0800] "GET /~daveh/logs//delete_comment.php?board_skin_path=http://zerozon.co.kr/data/eeng/heheh.txt??? HTTP/1.1" 404 311 /home/users/d/daveh/public_html/logs//delete_comment.php "-" "Mozilla/5.0" 0 www.accesscom.com
200.93.147.154 - - [01/Mar/2010:14:17:27 -0800] "GET /~daveh/logs/access.log%20%20//delete_comment.php?board_skin_path=http://zerozon.co.kr/data/eeng/heheh.txt??? HTTP/1.1" 404 324 /home/users/d/daveh/public_html/logs/access.log "-" "Mozilla/5.0" 0 www.accesscom.com
200.93.147.154 - - [01/Mar/2010:14:17:29 -0800] "GET /~daveh//delete_comment.php?board_skin_path=http://zerozon.co.kr/data/eeng/heheh.txt??? HTTP/1.1" 404 306 /home/users/d/daveh/public_html/delete_comment.php "-" "Mozilla/5.0" 0 www.accesscom.com
219.94.193.152 - - [01/Mar/2010:14:20:51 -0800] "GET /~daveh//delete_all.php?board_skin_path=http://zerozon.co.kr/data/eeng/heheh.txt??? HTTP/1.1" 404 302 /home/users/d/daveh/public_html/delete_all.php "-" "Mozilla/5.0" 0 www.accesscom.com
219.94.193.152 - - [01/Mar/2010:14:20:51 -0800] "GET /~daveh/logs//delete_all.php?board_skin_path=http://zerozon.co.kr/data/eeng/heheh.txt??? HTTP/1.1" 404 307 /home/users/d/daveh/public_html/logs//delete_all.php "-" "Mozilla/5.0" 0 www.accesscom.com
219.94.193.152 - - [01/Mar/2010:14:20:51 -0800] "GET /~daveh/logs/access.log%20%20//delete_all.php?board_skin_path=http://zerozon.co.kr/data/eeng/heheh.txt??? HTTP/1.1" 404 320 /home/users/d/daveh/public_html/logs/access.log "-" "Mozilla/5.0" 0 www.accesscom.com
219.94.193.152 - - [01/Mar/2010:14:20:59 -0800] "GET /~daveh/logs/access.log%20%20//delete_all.php?board_skin_path=http://zerozon.co.kr/data/eeng/heheh.txt??? HTTP/1.1" 404 320 /home/users/d/daveh/public_html/logs/access.log "-" "Mozilla/5.0" 0 www.accesscom.com
219.94.193.152 - - [01/Mar/2010:14:20:59 -0800] "GET /~daveh/logs//delete_all.php?board_skin_path=http://zerozon.co.kr/data/eeng/heheh.txt??? HTTP/1.1" 404 307 /home/users/d/daveh/public_html/logs//delete_all.php "-" "Mozilla/5.0" 0 www.accesscom.com
219.94.193.152 - - [01/Mar/2010:14:20:59 -0800] "GET /~daveh//delete_all.php?board_skin_path=http://zerozon.co.kr/data/eeng/heheh.txt??? HTTP/1.1" 404 302 /home/users/d/daveh/public_html/delete_all.php "-" "Mozilla/5.0" 0 www.accesscom.com
98.71.220.39 - - [01/Mar/2010:14:23:08 -0800] "GET /~daveh/sean/song/new.gif HTTP/1.1" 200 147 /home/users/d/daveh/public_html/sean/song/new.gif "http://www.accesscom.com/~daveh/sean/song/songskit.html" "Mozilla/5.0 (Windows; U; Windows NT 5.1; en-US; rv:1.9.1.8) Gecko/20100202 Firefox/3.5.8" 0 www.accesscom.com
98.71.220.39 - - [01/Mar/2010:14:23:08 -0800] "GET /~daveh/sean/song/Updated.gif HTTP/1.1" 200 1226 /home/users/d/daveh/public_html/sean/song/Updated.gif "http://www.accesscom.com/~daveh/sean/song/songskit.html" "Mozilla/5.0 (Windows; U; Windows NT 5.1; en-US; rv:1.9.1.8) Gecko/20100202 Firefox/3.5.8" 0 www.accesscom.com
98.71.220.39 - - [01/Mar/2010:14:23:08 -0800] "GET /~daveh/sean/song/songskit.html HTTP/1.1" 200 51136 /home/users/d/daveh/public_html/sean/song/songskit.html "http://www.google.com/search?hl=en&client=firefox-a&hs=8rt&rls=org.mozilla%3Aen-US%3Aofficial&channel=s&q=webelo+scout+skits&aq=f&aqi=g-c1&aql=&oq=" "Mozilla/5.0 (Windows; U; Windows NT 5.1; en-US; rv:1.9.1.8) Gecko/20100202 Firefox/3.5.8" 0 www.accesscom.com
219.94.193.152 - - [01/Mar/2010:14:24:20 -0800] "GET /~daveh//delete_all.php?board_skin_path=http://zerozon.co.kr/data/eeng/heheh.txt??? HTTP/1.1" 404 302 /home/users/d/daveh/public_html/delete_all.php "-" "Mozilla/5.0" 0 www.accesscom.com
219.94.193.152 - - [01/Mar/2010:14:24:20 -0800] "GET /~daveh/logs//delete_all.php?board_skin_path=http://zerozon.co.kr/data/eeng/heheh.txt??? HTTP/1.1" 404 307 /home/users/d/daveh/public_html/logs//delete_all.php "-" "Mozilla/5.0" 0 www.accesscom.com
219.94.193.152 - - [01/Mar/2010:14:24:20 -0800] "GET /~daveh/logs/access.log%20%20//delete_all.php?board_skin_path=http://zerozon.co.kr/data/eeng/heheh.txt??? HTTP/1.1" 404 320 /home/users/d/daveh/public_html/logs/access.log "-" "Mozilla/5.0" 0 www.accesscom.com
200.93.147.154 - - [01/Mar/2010:14:25:36 -0800] "GET /~daveh/logs/access.log%20%20//delete_all.php?board_skin_path=http://zerozon.co.kr/data/eeng/heheh.txt??? HTTP/1.1" 404 320 /home/users/d/daveh/public_html/logs/access.log "-" "Mozilla/5.0" 0 www.accesscom.com
98.71.220.39 - - [01/Mar/2010:14:26:54 -0800] "GET /~daveh/sean/song/new.gif HTTP/1.1" 200 147 /home/users/d/daveh/public_html/sean/song/new.gif "-" "Mozilla/4.0 (compatible; MSIE 7.0; Windows NT 5.1; FunWebProducts; GTB6.4; .NET CLR 1.1.4322; .NET CLR 2.0.50727; .NET CLR 3.0.4506.2152; .NET CLR 3.5.30729)" 0 www.accesscom.com
98.71.220.39 - - [01/Mar/2010:14:26:54 -0800] "GET /~daveh/sean/song/new.gif HTTP/1.1" 200 147 /home/users/d/daveh/public_html/sean/song/new.gif "-" "Mozilla/4.0 (compatible; MSIE 7.0; Windows NT 5.1; FunWebProducts; GTB6.4; .NET CLR 1.1.4322; .NET CLR 2.0.50727; .NET CLR 3.0.4506.2152; .NET CLR 3.5.30729)" 0 www.accesscom.com
77.92.143.92 - - [01/Mar/2010:14:27:15 -0800] "GET /~daveh//delete_comment.php?board_skin_path=http://www.supravis.hu//components/com_explorer/id2.txt?? HTTP/1.1" 404 306 /home/users/d/daveh/public_html/delete_comment.php "-" "Mozilla/5.0" 0 www.accesscom.com
77.92.143.92 - - [01/Mar/2010:14:27:15 -0800] "GET /~daveh/logs//delete_comment.php?board_skin_path=http://www.supravis.hu//components/com_explorer/id2.txt?? HTTP/1.1" 404 311 /home/users/d/daveh/public_html/logs//delete_comment.php "-" "Mozilla/5.0" 0 www.accesscom.com
77.92.143.92 - - [01/Mar/2010:14:27:15 -0800] "GET /~daveh/logs/access.log%20%20//delete_comment.php?board_skin_path=http://www.supravis.hu//components/com_explorer/id2.txt?? HTTP/1.1" 404 324 /home/users/d/daveh/public_html/logs/access.log "-" "Mozilla/5.0" 0 www.accesscom.com
98.71.220.39 - - [01/Mar/2010:14:27:17 -0800] "GET /~daveh/sean/song/pbsong1.html HTTP/1.1" 200 41905 /home/users/d/daveh/public_html/sean/song/pbsong1.html "http://www.accesscom.com/~daveh/sean/song/songskit.html" "Mozilla/5.0 (Windows; U; Windows NT 5.1; en-US; rv:1.9.1.8) Gecko/20100202 Firefox/3.5.8" 0 www.accesscom.com
200.93.147.154 - - [01/Mar/2010:14:28:35 -0800] "GET /~daveh/logs/access.log%20%20//delete_comment.php?board_skin_path=http://zerozon.co.kr/data/eeng/heheh.txt??? HTTP/1.1" 404 324 /home/users/d/daveh/public_html/logs/access.log "-" "Mozilla/5.0" 0 www.accesscom.com
200.93.147.154 - - [01/Mar/2010:14:28:35 -0800] "GET /~daveh//delete_comment.php?board_skin_path=http://zerozon.co.kr/data/eeng/heheh.txt??? HTTP/1.1" 404 306 /home/users/d/daveh/public_html/delete_comment.php "-" "Mozilla/5.0" 0 www.accesscom.com
200.93.147.154 - - [01/Mar/2010:14:28:56 -0800] "GET /~daveh/logs//delete_comment.php?board_skin_path=http://zerozon.co.kr/data/eeng/heheh.txt??? HTTP/1.1" 404 311 /home/users/d/daveh/public_html/logs//delete_comment.php "-" "Mozilla/5.0" 0 www.accesscom.com
165.132.30.11 - - [01/Mar/2010:14:34:51 -0800] "GET /~daveh//delete_comment.php?board_skin_path=http://blog.kakuro.com.tw/include/id1.txt? HTTP/1.1" 404 306 /home/users/d/daveh/public_html/delete_comment.php "-" "Mozilla/5.0" 0 www.accesscom.com
165.132.30.11 - - [01/Mar/2010:14:34:51 -0800] "GET /~daveh/logs//delete_comment.php?board_skin_path=http://blog.kakuro.com.tw/include/id1.txt? HTTP/1.1" 404 311 /home/users/d/daveh/public_html/logs//delete_comment.php "-" "Mozilla/5.0" 0 www.accesscom.com
165.132.30.11 - - [01/Mar/2010:14:34:52 -0800] "GET /~daveh/logs/access.log%20%20//delete_comment.php?board_skin_path=http://blog.kakuro.com.tw/include/id1.txt? HTTP/1.1" 404 324 /home/users/d/daveh/public_html/logs/access.log "-" "Mozilla/5.0" 0 www.accesscom.com
67.43.177.3 - - [01/Mar/2010:14:36:22 -0800] "GET /~daveh/sean/song/songskit.html HTTP/1.0" 304 - /home/users/d/daveh/public_html/sean/song/songskit.html "http://www.google.com/url?sa=t&source=web&ct=res&cd=7&ved=0CBgQFjAG&url=http%3A%2F%2Fwww.accesscom.com%2F~daveh%2Fsean%2Fsong%2Fsongskit.html&rct=j&q=skits+for+webelo&ei=2kCMS5rZCYXaNqbw3W0&usg=AFQjCNEezqVqzbNdeCH3cpG-kQagNKfmbA" "Mozilla/4.0 (compatible; MSIE 8.0; Windows NT 5.1; Trident/4.0; .NET C
67.43.177.3 - - [01/Mar/2010:14:36:22 -0800] "GET /~daveh/sean/song/new.gif HTTP/1.0" 304 - /home/users/d/daveh/public_html/sean/song/new.gif "http://www.accesscom.com/~daveh/sean/song/songskit.html" "Mozilla/4.0 (compatible; MSIE 8.0; Windows NT 5.1; Trident/4.0; .NET CLR 1.1.4322; InfoPath.2; .NET CLR 2.0.50727; .NET CLR 3.0.04506.30; .NET CLR 3.0.4506.2152; .NET CLR 3.5.30729; AskTB5.5)" 0 www.accesscom.com
67.43.177.3 - - [01/Mar/2010:14:36:22 -0800] "GET /~daveh/sean/song/Updated.gif HTTP/1.0" 304 - /home/users/d/daveh/public_html/sean/song/Updated.gif "http://www.accesscom.com/~daveh/sean/song/songskit.html" "Mozilla/4.0 (compatible; MSIE 8.0; Windows NT 5.1; Trident/4.0; .NET CLR 1.1.4322; InfoPath.2; .NET CLR 2.0.50727; .NET CLR 3.0.04506.30; .NET CLR 3.0.4506.2152; .NET CLR 3.5.30729; AskTB5.5)" 0 www.accesscom.com
210.154.76.52 - - [01/Mar/2010:14:39:42 -0800] "GET /~daveh//delete_comment.php?DOCUMENT_ROOT=http://www.latimelessdesigns.com/images/large/id1.txt?? HTTP/1.1" 404 306 /home/users/d/daveh/public_html/delete_comment.php "-" "Mozilla/5.0" 0 www.accesscom.com
210.154.76.52 - - [01/Mar/2010:14:39:43 -0800] "GET /~daveh/logs//delete_comment.php?DOCUMENT_ROOT=http://www.latimelessdesigns.com/images/large/id1.txt?? HTTP/1.1" 404 311 /home/users/d/daveh/public_html/logs//delete_comment.php "-" "Mozilla/5.0" 0 www.accesscom.com
210.154.76.52 - - [01/Mar/2010:14:39:43 -0800] "GET /~daveh/logs/access.log//delete_comment.php?DOCUMENT_ROOT=http://www.latimelessdesigns.com/images/large/id1.txt?? HTTP/1.1" 404 322 /home/users/d/daveh/public_html/logs/access.log "-" "Mozilla/5.0" 0 www.accesscom.com
122.200.203.11 - - [01/Mar/2010:14:42:29 -0800] "GET /~daveh/logs//delete_comment.php?board_skin_path=http://www.samer1.net/space/ray/1.txt? HTTP/1.1" 404 311 /home/users/d/daveh/public_html/logs//delete_comment.php "-" "Mozilla/5.0" 0 www.accesscom.com
122.200.203.11 - - [01/Mar/2010:14:42:29 -0800] "GET /~daveh/logs/access.log%20%20//delete_comment.php?board_skin_path=http://www.samer1.net/space/ray/1.txt? HTTP/1.1" 404 324 /home/users/d/daveh/public_html/logs/access.log "-" "Mozilla/5.0" 0 www.accesscom.com
122.200.203.11 - - [01/Mar/2010:14:42:29 -0800] "GET /~daveh//delete_comment.php?board_skin_path=http://www.samer1.net/space/ray/1.txt? HTTP/1.1" 404 306 /home/users/d/daveh/public_html/delete_comment.php "-" "Mozilla/5.0" 0 www.accesscom.com
122.200.203.11 - - [01/Mar/2010:14:43:22 -0800] "GET /~daveh/logs/access.log%20%20//delete_comment.php?board_skin_path=http://www.samer1.net/space/ray/1.txt? HTTP/1.1" 404 324 /home/users/d/daveh/public_html/logs/access.log "-" "Mozilla/5.0" 0 www.accesscom.com
122.200.203.11 - - [01/Mar/2010:14:43:22 -0800] "GET /~daveh//delete_comment.php?board_skin_path=http://www.samer1.net/space/ray/1.txt? HTTP/1.1" 404 306 /home/users/d/daveh/public_html/delete_comment.php "-" "Mozilla/5.0" 0 www.accesscom.com
122.200.203.11 - - [01/Mar/2010:14:43:22 -0800] "GET /~daveh/logs//delete_comment.php?board_skin_path=http://www.samer1.net/space/ray/1.txt? HTTP/1.1" 404 311 /home/users/d/daveh/public_html/logs//delete_comment.php "-" "Mozilla/5.0" 0 www.accesscom.com
77.92.143.92 - - [01/Mar/2010:14:43:28 -0800] "GET /~daveh/logs//delete_comment.php?board_skin_path=http://www.supravis.hu//components/com_explorer/id2.txt?? HTTP/1.1" 404 311 /home/users/d/daveh/public_html/logs//delete_comment.php "-" "Mozilla/5.0" 0 www.accesscom.com
77.92.143.92 - - [01/Mar/2010:14:43:28 -0800] "GET /~daveh/logs/access.log%20%20//delete_comment.php?board_skin_path=http://www.supravis.hu//components/com_explorer/id2.txt?? HTTP/1.1" 404 324 /home/users/d/daveh/public_html/logs/access.log "-" "Mozilla/5.0" 0 www.accesscom.com
77.92.143.92 - - [01/Mar/2010:14:43:28 -0800] "GET /~daveh//delete_comment.php?board_skin_path=http://www.supravis.hu//components/com_explorer/id2.txt?? HTTP/1.1" 404 306 /home/users/d/daveh/public_html/delete_comment.php "-" "Mozilla/5.0" 0 www.accesscom.com
200.93.147.154 - - [01/Mar/2010:14:43:34 -0800] "GET /~daveh//delete_all.php?board_skin_path=http://zerozon.co.kr/data/eeng/heheh.txt??? HTTP/1.1" 404 302 /home/users/d/daveh/public_html/delete_all.php "-" "Mozilla/5.0" 0 www.accesscom.com
200.93.147.154 - - [01/Mar/2010:14:43:36 -0800] "GET /~daveh/logs/access.log%20%20//delete_all.php?board_skin_path=http://zerozon.co.kr/data/eeng/heheh.txt??? HTTP/1.1" 404 320 /home/users/d/daveh/public_html/logs/access.log "-" "Mozilla/5.0" 0 www.accesscom.com
200.93.147.154 - - [01/Mar/2010:14:43:36 -0800] "GET /~daveh/logs//delete_all.php?board_skin_path=http://zerozon.co.kr/data/eeng/heheh.txt??? HTTP/1.1" 404 307 /home/users/d/daveh/public_html/logs//delete_all.php "-" "Mozilla/5.0" 0 www.accesscom.com
165.132.30.11 - - [01/Mar/2010:14:44:17 -0800] "GET /~daveh//delete_comment.php?DOCUMENT_ROOT=http://zerozon.co.kr/data/eeng/heheh.txt??? HTTP/1.1" 404 306 /home/users/d/daveh/public_html/delete_comment.php "-" "Mozilla/5.0" 0 www.accesscom.com
165.132.30.11 - - [01/Mar/2010:14:44:17 -0800] "GET /~daveh/logs//delete_comment.php?DOCUMENT_ROOT=http://zerozon.co.kr/data/eeng/heheh.txt??? HTTP/1.1" 404 311 /home/users/d/daveh/public_html/logs//delete_comment.php "-" "Mozilla/5.0" 0 www.accesscom.com
165.132.30.11 - - [01/Mar/2010:14:44:17 -0800] "GET /~daveh/logs/access.log%20%20//delete_comment.php?DOCUMENT_ROOT=http://zerozon.co.kr/data/eeng/heheh.txt??? HTTP/1.1" 404 324 /home/users/d/daveh/public_html/logs/access.log "-" "Mozilla/5.0" 0 www.accesscom.com
174.36.141.218 - - [01/Mar/2010:14:45:44 -0800] "GET /~daveh/logs//skin/ggambo7002_boardgallery/setup.php?dir=http://www.hubns.co.kr//data/list/heheh.txt??? HTTP/1.1" 404 331 /home/users/d/daveh/public_html/logs//skin "-" "Mozilla/5.0" 0 www.accesscom.com
174.36.141.218 - - [01/Mar/2010:14:45:44 -0800] "GET /~daveh//skin/ggambo7002_boardgallery/setup.php?dir=http://www.hubns.co.kr//data/list/heheh.txt??? HTTP/1.1" 404 326 /home/users/d/daveh/public_html/skin "-" "Mozilla/5.0" 0 www.accesscom.com
174.36.141.218 - - [01/Mar/2010:14:46:04 -0800] "GET /~daveh/logs/access.log.0//skin/ggambo7002_boardgallery/setup.php?dir=http://www.hubns.co.kr//data/list/heheh.txt??? HTTP/1.1" 404 344 /home/users/d/daveh/public_html/logs/access.log.0 "-" "Mozilla/5.0" 0 www.accesscom.com
24.141.118.238 - - [01/Mar/2010:14:46:29 -0800] "GET /~daveh/sean/song/pbsong0.html HTTP/1.1" 200 15827 /home/users/d/daveh/public_html/sean/song/pbsong0.html "http://www.google.ca/search?hl=en&client=firefox-a&hs=IvE&rls=org.mozilla:en-US:official&channel=s&ei=aUOMS4-SLMi0tgelmaX8Aw&sa=X&oi=spell&resnum=0&ct=result&cd=1&ved=0CAUQBSgA&q=Little+worm+song&spell=1" "Mozilla/5.0 (Windows; U; Windows NT 5.1; en-US; rv:1.9.2) Gecko/20100115 Firefox/3.6" 0 www
24.141.118.238 - - [01/Mar/2010:14:46:29 -0800] "GET /~daveh/sean/song/new.gif HTTP/1.1" 200 147 /home/users/d/daveh/public_html/sean/song/new.gif "http://www.accesscom.com/~daveh/sean/song/pbsong0.html" "Mozilla/5.0 (Windows; U; Windows NT 5.1; en-US; rv:1.9.2) Gecko/20100115 Firefox/3.6" 0 www.accesscom.com
24.141.118.238 - - [01/Mar/2010:14:46:42 -0800] "GET /~daveh/sean/song/pbsong4.html HTTP/1.1" 200 59712 /home/users/d/daveh/public_html/sean/song/pbsong4.html "http://www.accesscom.com/~daveh/sean/song/pbsong0.html" "Mozilla/5.0 (Windows; U; Windows NT 5.1; en-US; rv:1.9.2) Gecko/20100115 Firefox/3.6" 0 www.accesscom.com
24.141.118.238 - - [01/Mar/2010:14:48:29 -0800] "GET /~daveh/sean/song/index.html HTTP/1.1" 404 307 /home/users/d/daveh/public_html/sean/song/index.html "http://www.accesscom.com/~daveh/sean/song/pbsong0.html" "Mozilla/5.0 (Windows; U; Windows NT 5.1; en-US; rv:1.9.2) Gecko/20100115 Firefox/3.6" 0 www.accesscom.com
219.94.193.152 - - [01/Mar/2010:14:50:15 -0800] "GET /~daveh/logs/access.log//delete_all.php?board_skin_path=http://zerozon.co.kr/data/eeng/heheh.txt??? HTTP/1.1" 404 318 /home/users/d/daveh/public_html/logs/access.log "-" "Mozilla/5.0" 0 www.accesscom.com
219.94.193.152 - - [01/Mar/2010:14:51:10 -0800] "GET /~daveh/logs/access.log//delete_all.php?board_skin_path=http://zerozon.co.kr/data/eeng/heheh.txt??? HTTP/1.1" 404 318 /home/users/d/daveh/public_html/logs/access.log "-" "Mozilla/5.0" 0 www.accesscom.com
77.240.113.151 - - [01/Mar/2010:14:53:12 -0800] "GET /~daveh/logs///index.php?option=com_sef&Itemid=&mosConfig.absolute.path=http://woojinmc.com/board/data/ts????? HTTP/1.1" 404 303 /home/users/d/daveh/public_html/logs///index.php "-" "Mozilla/4.0 (compatible; MSIE 6.0; Windows NT 5.1; SV1; .NET CLR 1.1.4322)" 0 www.accesscom.com
72.37.171.164 - - [01/Mar/2010:14:54:01 -0800] "GET /~daveh/sean/song/pbsong2.html HTTP/1.0" 200 54080 /home/users/d/daveh/public_html/sean/song/pbsong2.html "http://www.google.com/search?hl=en&q=good+night+scouts+music&aq=f&aqi=&aql=&oq=" "Mozilla/4.0 (compatible; MSIE 7.0; Windows NT 5.1; .NET CLR 1.1.4322; .NET CLR 2.0.50727; InfoPath.1; .NET CLR 3.0.4506.2152; .NET CLR 3.5.30729)" 0 www.accesscom.com
200.93.147.154 - - [01/Mar/2010:14:57:21 -0800] "GET /~daveh/logs/access.log//delete_all.php?board_skin_path=http://zerozon.co.kr/data/eeng/heheh.txt??? HTTP/1.1" 404 318 /home/users/d/daveh/public_html/logs/access.log "-" "Mozilla/5.0" 0 www.accesscom.com
219.94.193.152 - - [01/Mar/2010:14:57:44 -0800] "GET /~daveh/logs/access.log//delete_all.php?board_skin_path=http://zerozon.co.kr/data/eeng/heheh.txt??? HTTP/1.1" 404 318 /home/users/d/daveh/public_html/logs/access.log "-" "Mozilla/5.0" 0 www.accesscom.com
76.115.235.237 - - [01/Mar/2010:14:58:57 -0800] "GET /~daveh/sean/song/songskit.html HTTP/1.1" 200 51136 /home/users/d/daveh/public_html/sean/song/songskit.html "http://www.google.com/search?q=boy+scout+yell+-+we+ve+got+spirit+yes+we+do&ie=utf-8&oe=utf-8&aq=t&rls=org.mozilla:en-US:official&client=firefox-a" "Mozilla/5.0 (Macintosh; U; Intel Mac OS X 10.4; en-US; rv:1.9.1.8) Gecko/20100202 Firefox/3.5.8" 0 www.accesscom.com
76.115.235.237 - - [01/Mar/2010:14:58:57 -0800] "GET /~daveh/sean/song/new.gif HTTP/1.1" 200 147 /home/users/d/daveh/public_html/sean/song/new.gif "http://www.accesscom.com/~daveh/sean/song/songskit.html" "Mozilla/5.0 (Macintosh; U; Intel Mac OS X 10.4; en-US; rv:1.9.1.8) Gecko/20100202 Firefox/3.5.8" 0 www.accesscom.com
76.115.235.237 - - [01/Mar/2010:14:58:57 -0800] "GET /~daveh/sean/song/Updated.gif HTTP/1.1" 200 1226 /home/users/d/daveh/public_html/sean/song/Updated.gif "http://www.accesscom.com/~daveh/sean/song/songskit.html" "Mozilla/5.0 (Macintosh; U; Intel Mac OS X 10.4; en-US; rv:1.9.1.8) Gecko/20100202 Firefox/3.5.8" 0 www.accesscom.com
174.36.141.218 - - [01/Mar/2010:15:00:34 -0800] "GET /~daveh/logs//components/com_moofaq/includes/file_includer.php?gzip=0&file=http://www.hubns.co.kr//data/list/heheh.txt??? HTTP/1.1" 404 341 /home/users/d/daveh/public_html/logs//components "-" "Mozilla/5.0" 0 www.accesscom.com
174.36.141.218 - - [01/Mar/2010:15:00:34 -0800] "GET /~daveh//components/com_moofaq/includes/file_includer.php?gzip=0&file=http://www.hubns.co.kr//data/list/heheh.txt??? HTTP/1.1" 404 336 /home/users/d/daveh/public_html/components "-" "Mozilla/5.0" 0 www.accesscom.com
174.36.141.218 - - [01/Mar/2010:15:00:34 -0800] "GET /~daveh/logs/access.log//components/com_moofaq/includes/file_includer.php?gzip=0&file=http://www.hubns.co.kr//data/list/heheh.txt??? HTTP/1.1" 404 352 /home/users/d/daveh/public_html/logs/access.log "-" "Mozilla/5.0" 0 www.accesscom.com
207.46.195.242 - - [01/Mar/2010:15:04:43 -0800] "GET /~daveh/labview/?S=A HTTP/1.1" 200 808 /home/users/d/daveh/public_html/labview/ "-" "msnbot/2.0b (+http://search.msn.com/msnbot.htm)" 0 www.accesscom.com
174.36.141.218 - - [01/Mar/2010:15:04:54 -0800] "GET /~daveh/logs/access.log%20%20//components/com_moofaq/includes/file_includer.php?gzip=0&file=http://www.hubns.co.kr//data/list/heheh.txt??? HTTP/1.1" 404 354 /home/users/d/daveh/public_html/logs/access.log "-" "Mozilla/5.0" 0 www.accesscom.com
207.46.195.239 - - [01/Mar/2010:15:06:43 -0800] "GET /~daveh/sean/song/songskit.html HTTP/1.1" 304 - /home/users/d/daveh/public_html/sean/song/songskit.html "-" "msnbot/2.0b (+http://search.msn.com/msnbot.htm)" 0 www.accesscom.com
200.93.147.154 - - [01/Mar/2010:15:19:25 -0800] "GET /~daveh//delete_all.php?DOCUMENT_ROOT=http://zerozon.co.kr/data/eeng/id1.txt?? HTTP/1.1" 404 302 /home/users/d/daveh/public_html/delete_all.php "-" "Mozilla/5.0" 0 www.accesscom.com
200.93.147.154 - - [01/Mar/2010:15:19:25 -0800] "GET /~daveh/logs/access.log%20%20//delete_all.php?DOCUMENT_ROOT=http://zerozon.co.kr/data/eeng/id1.txt?? HTTP/1.1" 404 320 /home/users/d/daveh/public_html/logs/access.log "-" "Mozilla/5.0" 0 www.accesscom.com
200.93.147.154 - - [01/Mar/2010:15:19:25 -0800] "GET /~daveh/logs//delete_all.php?DOCUMENT_ROOT=http://zerozon.co.kr/data/eeng/id1.txt?? HTTP/1.1" 404 307 /home/users/d/daveh/public_html/logs//delete_all.php "-" "Mozilla/5.0" 0 www.accesscom.com
66.235.124.14 - - [01/Mar/2010:15:19:44 -0800] "GET /%7Edaveh/sean/song/pbsong0.html HTTP/1.1" 200 15827 /home/users/d/daveh/public_html/sean/song/pbsong0.html "-" "Mozilla/5.0 (compatible; Ask Jeeves/Teoma; +http://about.ask.com/en/docs/about/webmasters.shtml)" 0 www.accesscom.com
219.94.193.152 - - [01/Mar/2010:15:21:55 -0800] "GET /~daveh/logs/access.log%20%20//delete_comment.php?DOCUMENT_ROOT=http://zerozon.co.kr/data/eeng/heheh.txt??? HTTP/1.1" 404 324 /home/users/d/daveh/public_html/logs/access.log "-" "Mozilla/5.0" 0 www.accesscom.com
219.94.193.152 - - [01/Mar/2010:15:21:55 -0800] "GET /~daveh/logs//delete_comment.php?DOCUMENT_ROOT=http://zerozon.co.kr/data/eeng/heheh.txt??? HTTP/1.1" 404 311 /home/users/d/daveh/public_html/logs//delete_comment.php "-" "Mozilla/5.0" 0 www.accesscom.com
219.94.193.152 - - [01/Mar/2010:15:21:55 -0800] "GET /~daveh//delete_comment.php?DOCUMENT_ROOT=http://zerozon.co.kr/data/eeng/heheh.txt??? HTTP/1.1" 404 306 /home/users/d/daveh/public_html/delete_comment.php "-" "Mozilla/5.0" 0 www.accesscom.com
200.93.147.154 - - [01/Mar/2010:15:22:27 -0800] "GET /~daveh/logs//delete_all.php?DOCUMENT_ROOT=http://zerozon.co.kr/data/eeng/id1.txt?? HTTP/1.1" 404 307 /home/users/d/daveh/public_html/logs//delete_all.php "-" "Mozilla/5.0" 0 www.accesscom.com
200.93.147.154 - - [01/Mar/2010:15:22:28 -0800] "GET /~daveh/logs/access.log%20%20//delete_all.php?DOCUMENT_ROOT=http://zerozon.co.kr/data/eeng/id1.txt?? HTTP/1.1" 404 320 /home/users/d/daveh/public_html/logs/access.log "-" "Mozilla/5.0" 0 www.accesscom.com
200.93.147.154 - - [01/Mar/2010:15:22:30 -0800] "GET /~daveh//delete_all.php?DOCUMENT_ROOT=http://zerozon.co.kr/data/eeng/id1.txt?? HTTP/1.1" 404 302 /home/users/d/daveh/public_html/delete_all.php "-" "Mozilla/5.0" 0 www.accesscom.com
71.176.106.192 - - [01/Mar/2010:15:28:18 -0800] "GET /~daveh/sean/song/pbsong0.html HTTP/1.1" 200 15827 /home/users/d/daveh/public_html/sean/song/pbsong0.html "http://www.google.com/search?hl=en&q=green+grow+song+scouts&aq=f&aqi=&aql=&oq=" "Mozilla/5.0 (Macintosh; U; Intel Mac OS X 10_6_2; en-us) AppleWebKit/531.21.8 (KHTML, like Gecko) Version/4.0.4 Safari/531.21.10" 0 www.accesscom.com
71.176.106.192 - - [01/Mar/2010:15:28:18 -0800] "GET /~daveh/sean/song/new.gif HTTP/1.1" 200 147 /home/users/d/daveh/public_html/sean/song/new.gif "http://www.accesscom.com/~daveh/sean/song/pbsong0.html" "Mozilla/5.0 (Macintosh; U; Intel Mac OS X 10_6_2; en-us) AppleWebKit/531.21.8 (KHTML, like Gecko) Version/4.0.4 Safari/531.21.10" 0 www.accesscom.com
71.176.106.192 - - [01/Mar/2010:15:28:28 -0800] "GET /~daveh/sean/song/pbsong1.html HTTP/1.1" 200 41905 /home/users/d/daveh/public_html/sean/song/pbsong1.html "http://www.accesscom.com/~daveh/sean/song/pbsong0.html" "Mozilla/5.0 (Macintosh; U; Intel Mac OS X 10_6_2; en-us) AppleWebKit/531.21.8 (KHTML, like Gecko) Version/4.0.4 Safari/531.21.10" 1 www.accesscom.com
69.132.94.223 - - [01/Mar/2010:15:28:56 -0800] "GET /~daveh/sean/song/pbsong0.html HTTP/1.1" 200 15827 /home/users/d/daveh/public_html/sean/song/pbsong0.html "http://www.google.com/search?hl=en&rlz=1R2ADSA_enUS360&q=scout+book&aq=f&aqi=g10&aql=&oq=" "Mozilla/4.0 (compatible; MSIE 7.0; Windows NT 6.1; WOW64; Trident/4.0; GTB6.4; SLCC2; .NET CLR 2.0.50727; .NET CLR 3.5.30729; .NET CLR 3.0.30729; Media Center PC 6.0; MDDC)" 0 www.accesscom.com
69.132.94.223 - - [01/Mar/2010:15:28:56 -0800] "GET /~daveh/sean/song/new.gif HTTP/1.1" 200 147 /home/users/d/daveh/public_html/sean/song/new.gif "http://www.accesscom.com/~daveh/sean/song/pbsong0.html" "Mozilla/4.0 (compatible; MSIE 8.0; Windows NT 6.1; WOW64; Trident/4.0; GTB6.4; SLCC2; .NET CLR 2.0.50727; .NET CLR 3.5.30729; .NET CLR 3.0.30729; Media Center PC 6.0; MDDC)" 0 www.accesscom.com
77.240.113.151 - - [01/Mar/2010:15:29:15 -0800] "GET /~daveh/logs///index.php?option=com_sef&Itemid=&mosConfig.absolute.path=http://woojinmc.com/board/data/ts????? HTTP/1.1" 404 303 /home/users/d/daveh/public_html/logs///index.php "-" "Mozilla/4.0 (compatible; MSIE 6.0; Windows NT 5.1; SV1; .NET CLR 1.1.4322)" 0 www.accesscom.com
165.132.30.11 - - [01/Mar/2010:15:29:49 -0800] "GET /~daveh/logs//delete_all.php?phpbb_root_path=http://zerozon.co.kr/data/eeng/heheh.txt??? HTTP/1.1" 404 307 /home/users/d/daveh/public_html/logs//delete_all.php "-" "Mozilla/5.0" 0 www.accesscom.com
165.132.30.11 - - [01/Mar/2010:15:29:49 -0800] "GET /~daveh/logs/access.log%20%20//delete_all.php?phpbb_root_path=http://zerozon.co.kr/data/eeng/heheh.txt??? HTTP/1.1" 404 320 /home/users/d/daveh/public_html/logs/access.log "-" "Mozilla/5.0" 0 www.accesscom.com
165.132.30.11 - - [01/Mar/2010:15:29:49 -0800] "GET /~daveh//delete_all.php?phpbb_root_path=http://zerozon.co.kr/data/eeng/heheh.txt??? HTTP/1.1" 404 302 /home/users/d/daveh/public_html/delete_all.php "-" "Mozilla/5.0" 0 www.accesscom.com
206.78.215.158 - - [01/Mar/2010:15:30:31 -0800] "GET /~daveh/sean/song/new.gif HTTP/1.1" 200 147 /home/users/d/daveh/public_html/sean/song/new.gif "http://www.accesscom.com/~daveh/sean/song/songskit.html" "Mozilla/4.0 (compatible; MSIE 7.0; Windows NT 5.1)" 0 www.accesscom.com
206.78.215.158 - - [01/Mar/2010:15:30:31 -0800] "GET /~daveh/sean/song/Updated.gif HTTP/1.1" 200 1226 /home/users/d/daveh/public_html/sean/song/Updated.gif "http://www.accesscom.com/~daveh/sean/song/songskit.html" "Mozilla/4.0 (compatible; MSIE 7.0; Windows NT 5.1)" 0 www.accesscom.com
206.78.215.158 - - [01/Mar/2010:15:30:31 -0800] "GET /~daveh/sean/song/songskit.html HTTP/1.1" 200 51136 /home/users/d/daveh/public_html/sean/song/songskit.html "http://www.google.com/search?hl=en&source=hp&q=short+spirit+skits&btnG=Google+Search&aq=f&aqi=&aql=&oq=" "Mozilla/4.0 (compatible; MSIE 7.0; Windows NT 5.1)" 0 www.accesscom.com
219.94.193.152 - - [01/Mar/2010:15:30:32 -0800] "GET /~daveh//delete_comment.php?DOCUMENT_ROOT=http://zerozon.co.kr/data/eeng/heheh.txt??? HTTP/1.1" 404 306 /home/users/d/daveh/public_html/delete_comment.php "-" "Mozilla/5.0" 0 www.accesscom.com
219.94.193.152 - - [01/Mar/2010:15:30:32 -0800] "GET /~daveh/logs//delete_comment.php?DOCUMENT_ROOT=http://zerozon.co.kr/data/eeng/heheh.txt??? HTTP/1.1" 404 311 /home/users/d/daveh/public_html/logs//delete_comment.php "-" "Mozilla/5.0" 0 www.accesscom.com
219.94.193.152 - - [01/Mar/2010:15:30:33 -0800] "GET /~daveh/logs/access.log%20%20//delete_comment.php?DOCUMENT_ROOT=http://zerozon.co.kr/data/eeng/heheh.txt??? HTTP/1.1" 404 324 /home/users/d/daveh/public_html/logs/access.log "-" "Mozilla/5.0" 0 www.accesscom.com
219.94.193.152 - - [01/Mar/2010:15:34:54 -0800] "GET /~daveh//delete_comment.php?DOCUMENT_ROOT=http://zerozon.co.kr/data/eeng/heheh.txt??? HTTP/1.1" 404 306 /home/users/d/daveh/public_html/delete_comment.php "-" "Mozilla/5.0" 0 www.accesscom.com
219.94.193.152 - - [01/Mar/2010:15:34:54 -0800] "GET /~daveh/logs//delete_comment.php?DOCUMENT_ROOT=http://zerozon.co.kr/data/eeng/heheh.txt??? HTTP/1.1" 404 311 /home/users/d/daveh/public_html/logs//delete_comment.php "-" "Mozilla/5.0" 0 www.accesscom.com
219.94.193.152 - - [01/Mar/2010:15:34:54 -0800] "GET /~daveh/logs/access.log%20%20//delete_comment.php?DOCUMENT_ROOT=http://zerozon.co.kr/data/eeng/heheh.txt??? HTTP/1.1" 404 324 /home/users/d/daveh/public_html/logs/access.log "-" "Mozilla/5.0" 0 www.accesscom.com
200.93.147.154 - - [01/Mar/2010:15:37:56 -0800] "GET /~daveh//delete_comment.php?DOCUMENT_ROOT=http://zerozon.co.kr/data/eeng/heheh.txt??? HTTP/1.1" 404 306 /home/users/d/daveh/public_html/delete_comment.php "-" "Mozilla/5.0" 0 www.accesscom.com
200.93.147.154 - - [01/Mar/2010:15:37:58 -0800] "GET /~daveh/logs//delete_comment.php?DOCUMENT_ROOT=http://zerozon.co.kr/data/eeng/heheh.txt??? HTTP/1.1" 404 311 /home/users/d/daveh/public_html/logs//delete_comment.php "-" "Mozilla/5.0" 0 www.accesscom.com
200.93.147.154 - - [01/Mar/2010:15:37:58 -0800] "GET /~daveh/logs/access.log%20%20//delete_comment.php?DOCUMENT_ROOT=http://zerozon.co.kr/data/eeng/heheh.txt??? HTTP/1.1" 404 324 /home/users/d/daveh/public_html/logs/access.log "-" "Mozilla/5.0" 0 www.accesscom.com
77.240.113.151 - - [01/Mar/2010:15:41:53 -0800] "GET /~daveh/logs///index.php?option=com_sef&Itemid=&mosConfig.absolute.path=http://woojinmc.com/board/data/ts????? HTTP/1.1" 404 303 /home/users/d/daveh/public_html/logs///index.php "-" "Mozilla/4.0 (compatible; MSIE 6.0; Windows NT 5.1; SV1; .NET CLR 1.1.4322)" 0 www.accesscom.com
68.28.138.232 - - [01/Mar/2010:15:44:15 -0800] "GET /~daveh/sunset-pink-big.jpg HTTP/1.1" 200 758233 /home/users/d/daveh/public_html/sunset-pink-big.jpg "http://www.myspace.com/250917036" "Mozilla/4.0 (compatible; MSIE 7.0; Windows NT 5.1; .NET CLR 1.1.4322; .NET CLR 2.0.50727; .NET CLR 3.0.04506.30; .NET CLR 3.0.4506.2152; .NET CLR 3.5.30729)" 1 www.accesscom.com
77.240.113.151 - - [01/Mar/2010:15:51:30 -0800] "GET /~daveh/logs/modules/Forums/admin/admin_users.php?phpbb_root_path=http://woojinmc.com/board/data/ts????? HTTP/1.1" 404 328 /home/users/d/daveh/public_html/logs/modules "-" "Mozilla/4.0 (compatible; MSIE 6.0; Windows NT 5.1; SV1; .NET CLR 1.1.4322)" 0 www.accesscom.com
219.94.193.152 - - [01/Mar/2010:16:00:05 -0800] "GET /~daveh/logs//delete_all.php?phpbb_root_path=http://zerozon.co.kr/data/eeng/heheh.txt??? HTTP/1.1" 404 307 /home/users/d/daveh/public_html/logs//delete_all.php "-" "Mozilla/5.0" 0 www.accesscom.com
219.94.193.152 - - [01/Mar/2010:16:00:05 -0800] "GET /~daveh/logs/access.log%20%20//delete_all.php?phpbb_root_path=http://zerozon.co.kr/data/eeng/heheh.txt??? HTTP/1.1" 404 320 /home/users/d/daveh/public_html/logs/access.log "-" "Mozilla/5.0" 0 www.accesscom.com
219.94.193.152 - - [01/Mar/2010:16:00:05 -0800] "GET /~daveh//delete_all.php?phpbb_root_path=http://zerozon.co.kr/data/eeng/heheh.txt??? HTTP/1.1" 404 302 /home/users/d/daveh/public_html/delete_all.php "-" "Mozilla/5.0" 0 www.accesscom.com
219.94.193.152 - - [01/Mar/2010:16:01:34 -0800] "GET /~daveh//delete_all.php?phpbb_root_path=http://zerozon.co.kr/data/eeng/heheh.txt??? HTTP/1.1" 404 302 /home/users/d/daveh/public_html/delete_all.php "-" "Mozilla/5.0" 0 www.accesscom.com
219.94.193.152 - - [01/Mar/2010:16:01:34 -0800] "GET /~daveh/logs/access.log%20%20//delete_all.php?phpbb_root_path=http://zerozon.co.kr/data/eeng/heheh.txt??? HTTP/1.1" 404 320 /home/users/d/daveh/public_html/logs/access.log "-" "Mozilla/5.0" 0 www.accesscom.com
219.94.193.152 - - [01/Mar/2010:16:01:34 -0800] "GET /~daveh/logs//delete_all.php?phpbb_root_path=http://zerozon.co.kr/data/eeng/heheh.txt??? HTTP/1.1" 404 307 /home/users/d/daveh/public_html/logs//delete_all.php "-" "Mozilla/5.0" 0 www.accesscom.com
77.240.113.151 - - [01/Mar/2010:16:02:42 -0800] "GET /~daveh/logs///index.php?option=com_sef&Itemid=&mosConfig.absolute.path=http://woojinmc.com/board/data/ts????? HTTP/1.1" 404 303 /home/users/d/daveh/public_html/logs///index.php "-" "Mozilla/4.0 (compatible; MSIE 6.0; Windows NT 5.1; SV1; .NET CLR 1.1.4322)" 0 www.accesscom.com
219.94.193.152 - - [01/Mar/2010:16:03:44 -0800] "GET /~daveh/logs/access.log%20%20//delete_all.php?phpbb_root_path=http://zerozon.co.kr/data/eeng/heheh.txt??? HTTP/1.1" 404 320 /home/users/d/daveh/public_html/logs/access.log "-" "Mozilla/5.0" 0 www.accesscom.com
219.94.193.152 - - [01/Mar/2010:16:03:44 -0800] "GET /~daveh/logs//delete_all.php?phpbb_root_path=http://zerozon.co.kr/data/eeng/heheh.txt??? HTTP/1.1" 404 307 /home/users/d/daveh/public_html/logs//delete_all.php "-" "Mozilla/5.0" 0 www.accesscom.com
219.94.193.152 - - [01/Mar/2010:16:03:44 -0800] "GET /~daveh//delete_all.php?phpbb_root_path=http://zerozon.co.kr/data/eeng/heheh.txt??? HTTP/1.1" 404 302 /home/users/d/daveh/public_html/delete_all.php "-" "Mozilla/5.0" 0 www.accesscom.com
67.195.115.58 - - [01/Mar/2010:16:11:09 -0800] "GET /~daveh/ebay/?N=D HTTP/1.0" 200 556 /home/users/d/daveh/public_html/ebay/ "-" "Mozilla/5.0 (compatible; Yahoo! Slurp/3.0; http://help.yahoo.com/help/us/ysearch/slurp)" 0 www.accesscom.com
207.46.204.181 - - [01/Mar/2010:16:13:45 -0800] "GET /~daveh/laser/?M=A HTTP/1.1" 200 2866 /home/users/d/daveh/public_html/laser/ "-" "msnbot/2.0b (+http://search.msn.com/msnbot.htm)" 0 www.accesscom.com
64.15.152.132 - - [01/Mar/2010:16:18:36 -0800] "GET /~daveh/logs//bbs/bbs/delete_all.php?board_skin_path=http://www.samer1.net/space/ray/1.txt? HTTP/1.1" 404 315 /home/users/d/daveh/public_html/logs//bbs "-" "Mozilla/5.0" 0 www.accesscom.com
64.15.152.132 - - [01/Mar/2010:16:18:36 -0800] "GET /~daveh/logs/access.log%20%20//bbs/bbs/delete_all.php?board_skin_path=http://www.samer1.net/space/ray/1.txt? HTTP/1.1" 404 328 /home/users/d/daveh/public_html/logs/access.log "-" "Mozilla/5.0" 0 www.accesscom.com
64.15.152.132 - - [01/Mar/2010:16:18:36 -0800] "GET /~daveh//bbs/bbs/delete_all.php?board_skin_path=http://www.samer1.net/space/ray/1.txt? HTTP/1.1" 404 310 /home/users/d/daveh/public_html/bbs "-" "Mozilla/5.0" 0 www.accesscom.com
64.15.152.132 - - [01/Mar/2010:16:18:44 -0800] "GET /~daveh//bbs/bbs/delete_all.php?board_skin_path=http://www.samer1.net/space/ray/1.txt? HTTP/1.1" 404 310 /home/users/d/daveh/public_html/bbs "-" "Mozilla/5.0" 0 www.accesscom.com
64.15.152.132 - - [01/Mar/2010:16:18:44 -0800] "GET /~daveh/logs/access.log%20%20//bbs/bbs/delete_all.php?board_skin_path=http://www.samer1.net/space/ray/1.txt? HTTP/1.1" 404 328 /home/users/d/daveh/public_html/logs/access.log "-" "Mozilla/5.0" 0 www.accesscom.com
64.15.152.132 - - [01/Mar/2010:16:18:44 -0800] "GET /~daveh/logs//bbs/bbs/delete_all.php?board_skin_path=http://www.samer1.net/space/ray/1.txt? HTTP/1.1" 404 315 /home/users/d/daveh/public_html/logs//bbs "-" "Mozilla/5.0" 0 www.accesscom.com
77.240.113.151 - - [01/Mar/2010:16:25:19 -0800] "GET /~daveh/logs///index.php?option=com_sef&Itemid=&mosConfig.absolute.path=http://woojinmc.com/board/data/ts????? HTTP/1.1" 404 303 /home/users/d/daveh/public_html/logs///index.php "-" "Mozilla/4.0 (compatible; MSIE 6.0; Windows NT 5.1; SV1; .NET CLR 1.1.4322)" 0 www.accesscom.com
62.140.23.24 - - [01/Mar/2010:16:26:54 -0800] "GET /~daveh////administrator/components/com_virtuemart/export.php?mosConfig.absolute.path=http://www.cienciacompartida.org////id1.txt??? HTTP/1.1" 404 340 /home/users/d/daveh/public_html/administrator "-" "Mozilla/5.0" 0 www.accesscom.com
62.140.23.24 - - [01/Mar/2010:16:26:55 -0800] "GET /~daveh/logs////administrator/components/com_virtuemart/export.php?mosConfig.absolute.path=http://www.cienciacompartida.org////id1.txt??? HTTP/1.1" 404 345 /home/users/d/daveh/public_html/logs////administrator "-" "Mozilla/5.0" 0 www.accesscom.com
62.140.23.24 - - [01/Mar/2010:16:26:56 -0800] "GET /~daveh/logs/access.log%20%20////administrator/components/com_virtuemart/export.php?mosConfig.absolute.path=http://www.cienciacompartida.org////id1.txt??? HTTP/1.1" 404 358 /home/users/d/daveh/public_html/logs/access.log "-" "Mozilla/5.0" 0 www.accesscom.com
62.140.23.24 - - [01/Mar/2010:16:27:06 -0800] "GET /~daveh////administrator/components/com_virtuemart/export.php?mosConfig.absolute.path=http://www.cienciacompartida.org////id1.txt??? HTTP/1.1" 404 340 /home/users/d/daveh/public_html/administrator "-" "Mozilla/5.0" 0 www.accesscom.com
62.140.23.24 - - [01/Mar/2010:16:27:07 -0800] "GET /~daveh/logs////administrator/components/com_virtuemart/export.php?mosConfig.absolute.path=http://www.cienciacompartida.org////id1.txt??? HTTP/1.1" 404 345 /home/users/d/daveh/public_html/logs////administrator "-" "Mozilla/5.0" 0 www.accesscom.com
62.140.23.24 - - [01/Mar/2010:16:27:07 -0800] "GET /~daveh/logs/access.log%20%20////administrator/components/com_virtuemart/export.php?mosConfig.absolute.path=http://www.cienciacompartida.org////id1.txt??? HTTP/1.1" 404 358 /home/users/d/daveh/public_html/logs/access.log "-" "Mozilla/5.0" 0 www.accesscom.com
77.240.113.151 - - [01/Mar/2010:16:31:25 -0800] "GET /~daveh/logs///index.php?option=com_sef&Itemid=&mosConfig.absolute.path=http://woojinmc.com/board/data/ts????? HTTP/1.1" 404 303 /home/users/d/daveh/public_html/logs///index.php "-" "Mozilla/4.0 (compatible; MSIE 6.0; Windows NT 5.1; SV1; .NET CLR 1.1.4322)" 0 www.accesscom.com
62.140.23.24 - - [01/Mar/2010:16:32:15 -0800] "GET /~daveh//delete_comment.php?DOCUMENT_ROOT=http://www.cienciacompartida.org////id1.txt??? HTTP/1.1" 404 306 /home/users/d/daveh/public_html/delete_comment.php "-" "Mozilla/5.0" 0 www.accesscom.com
62.140.23.24 - - [01/Mar/2010:16:32:16 -0800] "GET /~daveh/logs/access.log%20%20//delete_comment.php?DOCUMENT_ROOT=http://www.cienciacompartida.org////id1.txt??? HTTP/1.1" 404 324 /home/users/d/daveh/public_html/logs/access.log "-" "Mozilla/5.0" 0 www.accesscom.com
62.140.23.24 - - [01/Mar/2010:16:32:16 -0800] "GET /~daveh/logs//delete_comment.php?DOCUMENT_ROOT=http://www.cienciacompartida.org////id1.txt??? HTTP/1.1" 404 311 /home/users/d/daveh/public_html/logs//delete_comment.php "-" "Mozilla/5.0" 0 www.accesscom.com
71.170.100.246 - - [01/Mar/2010:16:35:02 -0800] "GET /~daveh/sean/song/pbsong0.html HTTP/1.1" 200 15827 /home/users/d/daveh/public_html/sean/song/pbsong0.html "http://www.google.com/search?hl=en&rlz=1I7SUNA_en&q=Scout+waiting+song&aq=f&aqi=&aql=&oq=" "Mozilla/4.0 (compatible; MSIE 7.0; Windows NT 5.1; .NET CLR 1.1.4322; .NET CLR 2.0.50727; .NET CLR 3.0.04506.30; .NET CLR 3.0.04506.648; .NET CLR 3.0.4506.2152; .NET CLR 3.5.30729)" 0 www.accesscom.com
71.170.100.246 - - [01/Mar/2010:16:35:02 -0800] "GET /~daveh/sean/song/new.gif HTTP/1.1" 200 147 /home/users/d/daveh/public_html/sean/song/new.gif "http://www.accesscom.com/~daveh/sean/song/pbsong0.html" "Mozilla/4.0 (compatible; MSIE 7.0; Windows NT 5.1; .NET CLR 1.1.4322; .NET CLR 2.0.50727; .NET CLR 3.0.04506.30; .NET CLR 3.0.04506.648; .NET CLR 3.0.4506.2152; .NET CLR 3.5.30729)" 0 www.accesscom.com
77.240.113.151 - - [01/Mar/2010:16:39:32 -0800] "GET /~daveh/logs///index.php?option=com_sef&Itemid=&mosConfig.absolute.path=http://woojinmc.com/board/data/ts????? HTTP/1.1" 404 303 /home/users/d/daveh/public_html/logs///index.php "-" "Mozilla/4.0 (compatible; MSIE 6.0; Windows NT 5.1; SV1; .NET CLR 1.1.4322)" 0 www.accesscom.com
62.140.23.24 - - [01/Mar/2010:16:42:26 -0800] "GET /~daveh/logs/access.log//delete_comment.php?DOCUMENT_ROOT=http://www.cienciacompartida.org////id1.txt??? HTTP/1.1" 404 322 /home/users/d/daveh/public_html/logs/access.log "-" "Mozilla/5.0" 0 www.accesscom.com
124.40.93.162 - - [01/Mar/2010:16:43:32 -0800] "GET /~daveh/sunset-glare.jpg HTTP/1.1" 200 206184 /home/users/d/daveh/public_html/sunset-glare.jpg "http://profiles.friendster.com/28192024" "Mozilla/4.0 (compatible; MSIE 7.0; Windows NT 5.1; Trident/4.0; YTB720; YJSG3)" 2 www.accesscom.com
67.195.115.58 - - [01/Mar/2010:16:51:03 -0800] "GET /~daveh/labview/?S=D HTTP/1.0" 200 796 /home/users/d/daveh/public_html/labview/ "-" "Mozilla/5.0 (compatible; Yahoo! Slurp/3.0; http://help.yahoo.com/help/us/ysearch/slurp)" 0 www.accesscom.com
64.15.152.132 - - [01/Mar/2010:16:55:18 -0800] "GET /~daveh/logs/access.log%20%20//site//index.php?_REQUEST=&_REQUEST[option]=com_content&_REQUEST[Itemid]=1&GLOBALS=&mosConfig_absolute_path=http://www.samer1.net/space/ray/1.txt? HTTP/1.1" 404 321 /home/users/d/daveh/public_html/logs/access.log "-" "Mozilla/5.0" 0 www.accesscom.com
64.15.152.132 - - [01/Mar/2010:16:55:18 -0800] "GET /~daveh//site//index.php?_REQUEST=&_REQUEST[option]=com_content&_REQUEST[Itemid]=1&GLOBALS=&mosConfig_absolute_path=http://www.samer1.net/space/ray/1.txt? HTTP/1.1" 404 303 /home/users/d/daveh/public_html/site "-" "Mozilla/5.0" 0 www.accesscom.com
64.15.152.132 - - [01/Mar/2010:16:55:18 -0800] "GET /~daveh/logs//site//index.php?_REQUEST=&_REQUEST[option]=com_content&_REQUEST[Itemid]=1&GLOBALS=&mosConfig_absolute_path=http://www.samer1.net/space/ray/1.txt? HTTP/1.1" 404 308 /home/users/d/daveh/public_html/logs//site "-" "Mozilla/5.0" 0 www.accesscom.com
77.240.113.151 - - [01/Mar/2010:16:55:40 -0800] "GET /~daveh/logs///index.php?option=com_sef&Itemid=&mosConfig.absolute.path=http://woojinmc.com/board/data/ts????? HTTP/1.1" 404 303 /home/users/d/daveh/public_html/logs///index.php "-" "Mozilla/4.0 (compatible; MSIE 6.0; Windows NT 5.1; SV1; .NET CLR 1.1.4322)" 0 www.accesscom.com
64.15.152.132 - - [01/Mar/2010:16:56:27 -0800] "GET /~daveh//site//index.php?_REQUEST=&_REQUEST[option]=com_content&_REQUEST[Itemid]=1&GLOBALS=&mosConfig_absolute_path=http://www.samer1.net/space/ray/1.txt? HTTP/1.1" 404 303 /home/users/d/daveh/public_html/site "-" "Mozilla/5.0" 0 www.accesscom.com
64.15.152.132 - - [01/Mar/2010:16:56:27 -0800] "GET /~daveh/logs//site//index.php?_REQUEST=&_REQUEST[option]=com_content&_REQUEST[Itemid]=1&GLOBALS=&mosConfig_absolute_path=http://www.samer1.net/space/ray/1.txt? HTTP/1.1" 404 308 /home/users/d/daveh/public_html/logs//site "-" "Mozilla/5.0" 0 www.accesscom.com
64.15.152.132 - - [01/Mar/2010:16:56:27 -0800] "GET /~daveh/logs/access.log%20%20//site//index.php?_REQUEST=&_REQUEST[option]=com_content&_REQUEST[Itemid]=1&GLOBALS=&mosConfig_absolute_path=http://www.samer1.net/space/ray/1.txt? HTTP/1.1" 404 321 /home/users/d/daveh/public_html/logs/access.log "-" "Mozilla/5.0" 0 www.accesscom.com
68.46.138.42 - - [01/Mar/2010:17:00:02 -0800] "GET /~daveh/sean/song/pbsong1.html HTTP/1.1" 200 41905 /home/users/d/daveh/public_html/sean/song/pbsong1.html "http://search.comcast.net/?cat=Web&con=homepage&q=oh+beautiful+for+cub+scouts+dreams" "Mozilla/4.0 (compatible; MSIE 7.0; Windows NT 5.1; .NET CLR 1.1.4322; .NET CLR 2.0.50727; .NET CLR 3.0.4506.2152; .NET CLR 3.5.30729)" 0 www.accesscom.com
68.46.138.42 - - [01/Mar/2010:17:00:18 -0800] "GET /~daveh/sean/song/pbsong2.html HTTP/1.1" 200 54080 /home/users/d/daveh/public_html/sean/song/pbsong2.html "http://www.accesscom.com/~daveh/sean/song/pbsong1.html" "Mozilla/4.0 (compatible; MSIE 7.0; Windows NT 5.1; .NET CLR 1.1.4322; .NET CLR 2.0.50727; .NET CLR 3.0.4506.2152; .NET CLR 3.5.30729)" 0 www.accesscom.com
67.195.115.58 - - [01/Mar/2010:17:00:58 -0800] "GET /~daveh/martin/pages/DSC00019.htm HTTP/1.0" 200 1097 /home/users/d/daveh/public_html/martin/pages/DSC00019.htm "-" "Mozilla/5.0 (compatible; Yahoo! Slurp/3.0; http://help.yahoo.com/help/us/ysearch/slurp)" 0 www.accesscom.com
207.46.204.233 - - [01/Mar/2010:17:05:44 -0800] "GET /~daveh/sean/song/pbsong1.html HTTP/1.1" 304 - /home/users/d/daveh/public_html/sean/song/pbsong1.html "-" "msnbot/2.0b (+http://search.msn.com/msnbot.htm)" 0 www.accesscom.com
