77.241.83.107 - - [02/Mar/2010:08:24:55 -0800] "GET /~daveh//administrator/components/com_dbquery/classes/DBQ/admin/common.class.php?mosConfig_absolute_path=http://www.respektlockswear.com/fx29id.txt???? HTTP/1.1" 404 359 /home/users/d/daveh/public_html/administrator "-" "Mozilla/5.0" 0 www.accesscom.com
216.201.77.2 - - [02/Mar/2010:08:27:40 -0800] "GET /~daveh?D=D HTTP/1.1" 301 326 /home/users/d/daveh/public_html "http://www.bing.com/images/search?q=sunset&FORM=BIFD&adlt=strict" "Mozilla/4.0 (compatible; MSIE 7.0; Windows NT 5.1; InfoPath.1; .NET CLR 1.1.4322; .NET CLR 2.0.50727; .NET CLR 3.0.4506.2152; .NET CLR 3.5.30729)" 0 www.accesscom.com
216.201.77.2 - - [02/Mar/2010:08:27:40 -0800] "GET /~daveh/?D=D HTTP/1.1" 200 2787 /home/users/d/daveh/public_html/ "http://www.bing.com/images/search?q=sunset&FORM=BIFD&adlt=strict" "Mozilla/4.0 (compatible; MSIE 7.0; Windows NT 5.1; InfoPath.1; .NET CLR 1.1.4322; .NET CLR 2.0.50727; .NET CLR 3.0.4506.2152; .NET CLR 3.5.30729)" 0 www.accesscom.com
174.126.74.34 - - [02/Mar/2010:08:28:08 -0800] "GET /~daveh/sunset-blue.jpg HTTP/1.1" 200 252003 /home/users/d/daveh/public_html/sunset-blue.jpg "http://www.bing.com/images/search?q=sunset&FORM=BIFD&adlt=strict" "Mozilla/4.0 (compatible; MSIE 7.0; Windows NT 5.1; InfoPath.1; .NET CLR 1.1.4322; .NET CLR 2.0.50727; .NET CLR 3.0.4506.2152; .NET CLR 3.5.30729)" 1 www.accesscom.com
202.156.13.10 - - [02/Mar/2010:08:32:45 -0800] "GET /~daveh/sean/song/new.gif HTTP/1.1" 200 147 /home/users/d/daveh/public_html/sean/song/new.gif "http://www.accesscom.com/~daveh/sean/song/songskit.html" "Mozilla/5.0 (Windows; U; Windows NT 5.1; en-US; rv:1.9.1.8) Gecko/20100202 YFF35 Firefox/3.5.8 (.NET CLR 3.5.30729) FBSMTWB" 0 www.accesscom.com
202.156.13.10 - - [02/Mar/2010:08:32:45 -0800] "GET /~daveh/sean/song/Updated.gif HTTP/1.1" 200 1226 /home/users/d/daveh/public_html/sean/song/Updated.gif "http://www.accesscom.com/~daveh/sean/song/songskit.html" "Mozilla/5.0 (Windows; U; Windows NT 5.1; en-US; rv:1.9.1.8) Gecko/20100202 YFF35 Firefox/3.5.8 (.NET CLR 3.5.30729) FBSMTWB" 0 www.accesscom.com
202.156.13.253 - - [02/Mar/2010:08:32:45 -0800] "GET /~daveh/sean/song/songskit.html HTTP/1.1" 200 51136 /home/users/d/daveh/public_html/sean/song/songskit.html "http://www.google.com.sg/url?sa=t&source=web&ct=res&cd=3&ved=0CA8QFjAC&url=http%3A%2F%2Fwww.accesscom.com%2F~daveh%2Fsean%2Fsong%2Fsongskit.html&rct=j&q=camp+cheers+and+songs&ei=vTyNS4nlKsK_rAf5htWVAg&usg=AFQjCNEezqVqzbNdeCH3cpG-kQagNKfmbA" "Mozilla/5.0 (Windows; U; Windows NT 5.1; en-US;
rv:1
140.142.228.6 - - [02/Mar/2010:08:34:29 -0800] "GET /~daveh/sean/song/pbsong0.html HTTP/1.1" 200 15827 /home/users/d/daveh/public_html/sean/song/pbsong0.html "http://www.google.com/search?hl=en&client=firefox-a&hs=rw&rls=org.mozilla:en-US:official&ei=Cj6NS675EZTwsQOOisi5Aw&sa=X&oi=spell&resnum=0&ct=result&cd=1&ved=0CAkQBSgA&q=Scout+Song+Books&spell=1" "Mozilla/5.0 (Windows; U; Windows NT 6.1; en-US; rv:1.9.2) Gecko/20100115 Firefox/3.6 (.NET CLR 3.5.307
140.142.228.6 - - [02/Mar/2010:08:34:29 -0800] "GET /~daveh/sean/song/new.gif HTTP/1.1" 200 147 /home/users/d/daveh/public_html/sean/song/new.gif "http://www.accesscom.com/~daveh/sean/song/pbsong0.html" "Mozilla/5.0 (Windows; U; Windows NT 6.1; en-US; rv:1.9.2) Gecko/20100115 Firefox/3.6 (.NET CLR 3.5.30729)" 0 www.accesscom.com
77.241.83.107 - - [02/Mar/2010:08:36:35 -0800] "GET /~daveh//?_SERVER[DOCUMENT_ROOT]=http://www.respektlockswear.com/fx29id.txt???? HTTP/1.1" 200 2794 /home/users/d/daveh/public_html/ "-" "Mozilla/5.0" 0 www.accesscom.com
77.241.83.107 - - [02/Mar/2010:08:36:35 -0800] "GET /~daveh/logs//?_SERVER[DOCUMENT_ROOT]=http://www.respektlockswear.com/fx29id.txt???? HTTP/1.1" 200 13287 /home/users/d/daveh/public_html/logs/ "-" "Mozilla/5.0" 0 www.accesscom.com
77.241.83.107 - - [02/Mar/2010:08:36:35 -0800] "GET /~daveh/logs/access.log%20%20//?_SERVER[DOCUMENT_ROOT]=http://www.respektlockswear.com/fx29id.txt???? HTTP/1.1" 404 306 /home/users/d/daveh/public_html/logs/access.log "-" "Mozilla/5.0" 0 www.accesscom.com
77.241.83.107 - - [02/Mar/2010:08:36:43 -0800] "GET /~daveh/logs/access.log%20%20//?_SERVER[DOCUMENT_ROOT]=http://www.respektlockswear.com/fx29id.txt???? HTTP/1.1" 404 306 /home/users/d/daveh/public_html/logs/access.log "-" "Mozilla/5.0" 0 www.accesscom.com
77.241.83.107 - - [02/Mar/2010:08:36:43 -0800] "GET /~daveh/logs//?_SERVER[DOCUMENT_ROOT]=http://www.respektlockswear.com/fx29id.txt???? HTTP/1.1" 200 13287 /home/users/d/daveh/public_html/logs/ "-" "Mozilla/5.0" 0 www.accesscom.com
77.241.83.107 - - [02/Mar/2010:08:36:43 -0800] "GET /~daveh//?_SERVER[DOCUMENT_ROOT]=http://www.respektlockswear.com/fx29id.txt???? HTTP/1.1" 200 2794 /home/users/d/daveh/public_html/ "-" "Mozilla/5.0" 0 www.accesscom.com
67.195.37.176 - - [02/Mar/2010:08:46:30 -0800] "GET /~daveh/martin/pages/DSC00033.htm HTTP/1.0" 200 1097 /home/users/d/daveh/public_html/martin/pages/DSC00033.htm "-" "Mozilla/5.0 (compatible; Yahoo! Slurp/3.0; http://help.yahoo.com/help/us/ysearch/slurp)" 0 www.accesscom.com
62.182.63.46 - - [02/Mar/2010:08:46:41 -0800] "GET /~daveh/wp//wp-content/plugins/mygallery/myfunctions/mygallerybrowser.php?myPath=http://chainat.nfe.go.th//appserv/x? HTTP/1.1" 404 352 /home/users/d/daveh/public_html/wp "-" "Mozilla/5.0" 0 www.accesscom.com
62.182.63.46 - - [02/Mar/2010:08:46:41 -0800] "GET /~daveh/logs/access.log/wp//wp-content/plugins/mygallery/myfunctions/mygallerybrowser.php?myPath=http://chainat.nfe.go.th//appserv/x? HTTP/1.1" 404 368 /home/users/d/daveh/public_html/logs/access.log "-" "Mozilla/5.0" 0 www.accesscom.com
62.182.63.46 - - [02/Mar/2010:08:46:41 -0800] "GET /~daveh/logs/wp//wp-content/plugins/mygallery/myfunctions/mygallerybrowser.php?myPath=http://chainat.nfe.go.th//appserv/x? HTTP/1.1" 404 357 /home/users/d/daveh/public_html/logs/wp "-" "Mozilla/5.0" 0 www.accesscom.com
62.140.23.24 - - [02/Mar/2010:08:47:09 -0800] "GET /~daveh///components/com_virtuemart/show_image_in_imgtag.php?mosConfig_absolute_path=http://www.cienciacompartida.org////id1.txt??? HTTP/1.1" 404 339 /home/users/d/daveh/public_html/components "-" "Mozilla/5.0" 0 www.accesscom.com
62.140.23.24 - - [02/Mar/2010:08:47:09 -0800] "GET /~daveh/logs///components/com_virtuemart/show_image_in_imgtag.php?mosConfig_absolute_path=http://www.cienciacompartida.org////id1.txt??? HTTP/1.1" 404 344 /home/users/d/daveh/public_html/logs///components "-" "Mozilla/5.0" 0 www.accesscom.com
62.140.23.24 - - [02/Mar/2010:08:47:09 -0800] "GET /~daveh/logs/access.log%20%20///components/com_virtuemart/show_image_in_imgtag.php?mosConfig_absolute_path=http://www.cienciacompartida.org////id1.txt??? HTTP/1.1" 404 357 /home/users/d/daveh/public_html/logs/access.log "-" "Mozilla/5.0" 0 www.accesscom.com
62.140.23.24 - - [02/Mar/2010:08:47:32 -0800] "GET /~daveh////skin/ggambo7002_board/comment_modify.php?dir=http://www.cienciacompartida.org////id1.txt??? HTTP/1.1" 404 330 /home/users/d/daveh/public_html/skin "-" "Mozilla/5.0" 0 www.accesscom.com
62.140.23.24 - - [02/Mar/2010:08:47:32 -0800] "GET /~daveh/logs////skin/ggambo7002_board/comment_modify.php?dir=http://www.cienciacompartida.org////id1.txt??? HTTP/1.1" 404 335 /home/users/d/daveh/public_html/logs////skin "-" "Mozilla/5.0" 0 www.accesscom.com
62.140.23.24 - - [02/Mar/2010:08:47:32 -0800] "GET /~daveh/logs/access.log%20%20////skin/ggambo7002_board/comment_modify.php?dir=http://www.cienciacompartida.org////id1.txt??? HTTP/1.1" 404 348 /home/users/d/daveh/public_html/logs/access.log "-" "Mozilla/5.0" 0 www.accesscom.com
62.140.23.24 - - [02/Mar/2010:08:47:36 -0800] "GET /~daveh/logs////skin/ggambo7002_board/comment_modify.php?dir=http://www.cienciacompartida.org////id1.txt??? HTTP/1.1" 404 335 /home/users/d/daveh/public_html/logs////skin "-" "Mozilla/5.0" 0 www.accesscom.com
62.140.23.24 - - [02/Mar/2010:08:47:36 -0800] "GET /~daveh////skin/ggambo7002_board/comment_modify.php?dir=http://www.cienciacompartida.org////id1.txt??? HTTP/1.1" 404 330 /home/users/d/daveh/public_html/skin "-" "Mozilla/5.0" 0 www.accesscom.com
62.140.23.24 - - [02/Mar/2010:08:47:36 -0800] "GET /~daveh/logs/access.log%20%20////skin/ggambo7002_board/comment_modify.php?dir=http://www.cienciacompartida.org////id1.txt??? HTTP/1.1" 404 348 /home/users/d/daveh/public_html/logs/access.log "-" "Mozilla/5.0" 0 www.accesscom.com
62.182.63.46 - - [02/Mar/2010:08:47:42 -0800] "GET /~daveh/logs/wp//wp-content/plugins/mygallery/myfunctions/mygallerybrowser.php?myPath=http://chainat.nfe.go.th//appserv/x? HTTP/1.1" 404 357 /home/users/d/daveh/public_html/logs/wp "-" "Mozilla/5.0" 0 www.accesscom.com
62.182.63.46 - - [02/Mar/2010:08:47:42 -0800] "GET /~daveh/wp//wp-content/plugins/mygallery/myfunctions/mygallerybrowser.php?myPath=http://chainat.nfe.go.th//appserv/x? HTTP/1.1" 404 352 /home/users/d/daveh/public_html/wp "-" "Mozilla/5.0" 0 www.accesscom.com
62.182.63.46 - - [02/Mar/2010:08:47:42 -0800] "GET /~daveh/logs/access.log%20%20/wp//wp-content/plugins/mygallery/myfunctions/mygallerybrowser.php?myPath=http://chainat.nfe.go.th//appserv/x? HTTP/1.1" 404 370 /home/users/d/daveh/public_html/logs/access.log "-" "Mozilla/5.0" 0 www.accesscom.com
62.140.23.24 - - [02/Mar/2010:08:47:46 -0800] "GET /~daveh/logs///components/com_virtuemart/show_image_in_imgtag.php?mosConfig_absolute_path=http://www.cienciacompartida.org////id1.txt??? HTTP/1.1" 404 344 /home/users/d/daveh/public_html/logs///components "-" "Mozilla/5.0" 0 www.accesscom.com
62.140.23.24 - - [02/Mar/2010:08:47:46 -0800] "GET /~daveh///components/com_virtuemart/show_image_in_imgtag.php?mosConfig_absolute_path=http://www.cienciacompartida.org////id1.txt??? HTTP/1.1" 404 339 /home/users/d/daveh/public_html/components "-" "Mozilla/5.0" 0 www.accesscom.com
62.140.23.24 - - [02/Mar/2010:08:47:47 -0800] "GET /~daveh/logs/access.log%20%20///components/com_virtuemart/show_image_in_imgtag.php?mosConfig_absolute_path=http://www.cienciacompartida.org////id1.txt??? HTTP/1.1" 404 357 /home/users/d/daveh/public_html/logs/access.log "-" "Mozilla/5.0" 0 www.accesscom.com
211.230.148.90 - - [02/Mar/2010:08:48:00 -0800] "GET /~daveh//kboard.php?board=sightseeing&cid=1&PageNum=10//kboard/kboard.php?board=free&act=http://www.cienciacompartida.org////id1.txt??? HTTP/1.1" 404 298 /home/users/d/daveh/public_html/kboard.php "-" "Mozilla/5.0" 0 www.accesscom.com
211.230.148.90 - - [02/Mar/2010:08:48:00 -0800] "GET /~daveh/logs//kboard.php?board=sightseeing&cid=1&PageNum=10//kboard/kboard.php?board=free&act=http://www.cienciacompartida.org////id1.txt??? HTTP/1.1" 404 303 /home/users/d/daveh/public_html/logs//kboard.php "-" "Mozilla/5.0" 0 www.accesscom.com
211.230.148.90 - - [02/Mar/2010:08:48:00 -0800] "GET /~daveh/logs/access.log//kboard.php?board=sightseeing&cid=1&PageNum=10//kboard/kboard.php?board=free&act=http://www.cienciacompartida.org////id1.txt??? HTTP/1.1" 404 314 /home/users/d/daveh/public_html/logs/access.log "-" "Mozilla/5.0" 0 www.accesscom.com
211.230.148.90 - - [02/Mar/2010:08:49:36 -0800] "GET /~daveh/logs/access.log//kboard.php?board=sightseeing&cid=1&PageNum=10//kboard/kboard.php?board=free&act=http://www.cienciacompartida.org////id1.txt??? HTTP/1.1" 404 314 /home/users/d/daveh/public_html/logs/access.log "-" "Mozilla/5.0" 0 www.accesscom.com
211.230.148.90 - - [02/Mar/2010:08:49:36 -0800] "GET /~daveh//kboard.php?board=sightseeing&cid=1&PageNum=10//kboard/kboard.php?board=free&act=http://www.cienciacompartida.org////id1.txt??? HTTP/1.1" 404 298 /home/users/d/daveh/public_html/kboard.php "-" "Mozilla/5.0" 0 www.accesscom.com
211.230.148.90 - - [02/Mar/2010:08:49:37 -0800] "GET /~daveh/logs//kboard.php?board=sightseeing&cid=1&PageNum=10//kboard/kboard.php?board=free&act=http://www.cienciacompartida.org////id1.txt??? HTTP/1.1" 404 303 /home/users/d/daveh/public_html/logs//kboard.php "-" "Mozilla/5.0" 0 www.accesscom.com
200.157.211.204 - - [02/Mar/2010:08:50:36 -0800] "GET /~daveh/logs/wp//wp-content/plugins/mygallery/myfunctions/mygallerybrowser.php?myPath=http://chainat.nfe.go.th//appserv/x? HTTP/1.1" 404 357 /home/users/d/daveh/public_html/logs/wp "-" "Mozilla/5.0" 0 www.accesscom.com
200.157.211.204 - - [02/Mar/2010:08:50:36 -0800] "GET /~daveh/logs/access.log%20%20/wp//wp-content/plugins/mygallery/myfunctions/mygallerybrowser.php?myPath=http://chainat.nfe.go.th//appserv/x? HTTP/1.1" 404 370 /home/users/d/daveh/public_html/logs/access.log "-" "Mozilla/5.0" 0 www.accesscom.com
200.157.211.204 - - [02/Mar/2010:08:50:36 -0800] "GET /~daveh/wp//wp-content/plugins/mygallery/myfunctions/mygallerybrowser.php?myPath=http://chainat.nfe.go.th//appserv/x? HTTP/1.1" 404 352 /home/users/d/daveh/public_html/wp "-" "Mozilla/5.0" 0 www.accesscom.com
140.142.228.6 - - [02/Mar/2010:08:56:39 -0800] "GET /~daveh/sean/song/pbsong1.html HTTP/1.1" 200 41905 /home/users/d/daveh/public_html/sean/song/pbsong1.html "http://www.accesscom.com/~daveh/sean/song/pbsong0.html" "Mozilla/5.0 (Windows; U; Windows NT 6.1; en-US; rv:1.9.2) Gecko/20100115 Firefox/3.6 (.NET CLR 3.5.30729)" 0 www.accesscom.com
140.142.228.6 - - [02/Mar/2010:08:58:21 -0800] "GET /~daveh/sean/song/pbsong2.html HTTP/1.1" 200 54080 /home/users/d/daveh/public_html/sean/song/pbsong2.html "http://www.accesscom.com/~daveh/sean/song/pbsong1.html" "Mozilla/5.0 (Windows; U; Windows NT 6.1; en-US; rv:1.9.2) Gecko/20100115 Firefox/3.6 (.NET CLR 3.5.30729)" 0 www.accesscom.com
140.142.228.6 - - [02/Mar/2010:08:58:57 -0800] "GET /~daveh/sean/song/pbsong3.html HTTP/1.1" 200 65639 /home/users/d/daveh/public_html/sean/song/pbsong3.html "http://www.accesscom.com/~daveh/sean/song/pbsong2.html" "Mozilla/5.0 (Windows; U; Windows NT 6.1; en-US; rv:1.9.2) Gecko/20100115 Firefox/3.6 (.NET CLR 3.5.30729)" 0 www.accesscom.com
140.142.228.6 - - [02/Mar/2010:08:59:33 -0800] "GET /~daveh/sean/song/pbsong4.html HTTP/1.1" 200 59712 /home/users/d/daveh/public_html/sean/song/pbsong4.html "http://www.accesscom.com/~daveh/sean/song/pbsong3.html" "Mozilla/5.0 (Windows; U; Windows NT 6.1; en-US; rv:1.9.2) Gecko/20100115 Firefox/3.6 (.NET CLR 3.5.30729)" 0 www.accesscom.com
140.142.228.6 - - [02/Mar/2010:09:00:08 -0800] "GET /~daveh/sean/song/pbsong5.html HTTP/1.1" 200 13272 /home/users/d/daveh/public_html/sean/song/pbsong5.html "http://www.accesscom.com/~daveh/sean/song/pbsong4.html" "Mozilla/5.0 (Windows; U; Windows NT 6.1; en-US; rv:1.9.2) Gecko/20100115 Firefox/3.6 (.NET CLR 3.5.30729)" 0 www.accesscom.com
140.142.228.6 - - [02/Mar/2010:09:00:37 -0800] "GET /~daveh/sean/song/Updated.gif HTTP/1.1" 200 1226 /home/users/d/daveh/public_html/sean/song/Updated.gif "http://www.accesscom.com/~daveh/sean/song/songskit.html" "Mozilla/5.0 (Windows; U; Windows NT 6.1; en-US; rv:1.9.2) Gecko/20100115 Firefox/3.6 (.NET CLR 3.5.30729)" 0 www.accesscom.com
140.142.228.6 - - [02/Mar/2010:09:00:37 -0800] "GET /~daveh/sean/song/songskit.html HTTP/1.1" 200 51136 /home/users/d/daveh/public_html/sean/song/songskit.html "http://www.accesscom.com/~daveh/sean/song/pbsong0.html" "Mozilla/5.0 (Windows; U; Windows NT 6.1; en-US; rv:1.9.2) Gecko/20100115 Firefox/3.6 (.NET CLR 3.5.30729)" 0 www.accesscom.com
207.46.204.239 - - [02/Mar/2010:09:07:12 -0800] "GET /~daveh/web/?M=D HTTP/1.1" 200 566 /home/users/d/daveh/public_html/web/ "-" "msnbot/2.0b (+http://search.msn.com/msnbot.htm)" 0 www.accesscom.com
192.149.93.63 - - [02/Mar/2010:09:08:52 -0800] "GET /~daveh/sean/song/new.gif HTTP/1.1" 200 147 /home/users/d/daveh/public_html/sean/song/new.gif "http://www.accesscom.com/~daveh/sean/song/songskit.html" "Mozilla/4.0 (compatible; MSIE 7.0; Windows NT 5.1; .NET CLR 2.0.50727; .NET CLR 3.0.4506.2152; .NET CLR 3.5.30729)" 0 www.accesscom.com
192.149.93.63 - - [02/Mar/2010:09:08:52 -0800] "GET /~daveh/sean/song/songskit.html HTTP/1.1" 200 51136 /home/users/d/daveh/public_html/sean/song/songskit.html "http://www.google.com/search?hl=en&source=hp&q=tiger+cub+skits&aq=f&aqi=&aql=&oq=" "Mozilla/4.0 (compatible; MSIE 7.0; Windows NT 5.1; .NET CLR 2.0.50727; .NET CLR 3.0.4506.2152; .NET CLR 3.5.30729)" 0 www.accesscom.com
192.149.93.63 - - [02/Mar/2010:09:08:52 -0800] "GET /~daveh/sean/song/Updated.gif HTTP/1.1" 200 1226 /home/users/d/daveh/public_html/sean/song/Updated.gif "http://www.accesscom.com/~daveh/sean/song/songskit.html" "Mozilla/4.0 (compatible; MSIE 7.0; Windows NT 5.1; .NET CLR 2.0.50727; .NET CLR 3.0.4506.2152; .NET CLR 3.5.30729)" 0 www.accesscom.com
68.28.138.232 - - [02/Mar/2010:09:09:14 -0800] "GET /~daveh/sean/song/pbsong0.html HTTP/1.1" 200 15827 /home/users/d/daveh/public_html/sean/song/pbsong0.html "http://www.google.com/url?sa=t&source=web&ct=res&cd=9&ved=0CCUQFjAI&url=http%3A%2F%2Fwww.accesscom.com%2F~daveh%2Fsean%2Fsong%2Fpbsong0.html&rct=j&q=boyscout+skits&ei=e0SNS_-QD828lAfdyvB4&usg=AFQjCNHgP_ZfZ8RDWfQrUYY2iGKek6ZZ3w" "Mozilla/4.0 (compatible; MSIE 8.0; Windows NT 6.0; Trident/4.0; GTB6.
68.28.138.232 - - [02/Mar/2010:09:09:14 -0800] "GET /~daveh/sean/song/new.gif HTTP/1.1" 200 147 /home/users/d/daveh/public_html/sean/song/new.gif "http://www.accesscom.com/~daveh/sean/song/pbsong0.html" "Mozilla/4.0 (compatible; MSIE 8.0; Windows NT 6.0; Trident/4.0; GTB6.4; SLCC1; .NET CLR 2.0.50727; Media Center PC 5.0; InfoPath.2; .NET CLR 3.5.30729; .NET CLR 3.0.30729)" 0 www.accesscom.com
68.28.138.232 - - [02/Mar/2010:09:09:34 -0800] "GET /~daveh/sean/song/pbsong4.html HTTP/1.1" 200 59712 /home/users/d/daveh/public_html/sean/song/pbsong4.html "http://www.accesscom.com/~daveh/sean/song/pbsong0.html" "Mozilla/4.0 (compatible; MSIE 8.0; Windows NT 6.0; Trident/4.0; GTB6.4; SLCC1; .NET CLR 2.0.50727; Media Center PC 5.0; InfoPath.2; .NET CLR 3.5.30729; .NET CLR 3.0.30729)" 0 www.accesscom.com
68.28.138.232 - - [02/Mar/2010:09:09:47 -0800] "GET /~daveh/sean/song/index.html HTTP/1.1" 404 307 /home/users/d/daveh/public_html/sean/song/index.html "http://www.accesscom.com/~daveh/sean/song/pbsong4.html" "Mozilla/4.0 (compatible; MSIE 8.0; Windows NT 6.0; Trident/4.0; GTB6.4; SLCC1; .NET CLR 2.0.50727; Media Center PC 5.0; InfoPath.2; .NET CLR 3.5.30729; .NET CLR 3.0.30729)" 0 www.accesscom.com
163.6.254.135 - - [02/Mar/2010:09:13:14 -0800] "GET /~daveh/sean/song/songskit.html HTTP/1.0" 200 51136 /home/users/d/daveh/public_html/sean/song/songskit.html "http://www.google.com/search?client=firefox-a&rls=org.mozilla%3Aen-US%3Aofficial&channel=s&hl=en&source=hp&q=pencil+selling+skit&btnG=Google+Search&safe=active" "Mozilla/5.0 (Windows; U; Windows NT 5.1; en-US; rv:1.9.0.6) Gecko/2009011913 Firefox/3.0.6" 0 www.accesscom.com
163.6.254.135 - - [02/Mar/2010:09:13:14 -0800] "GET /~daveh/sean/song/new.gif HTTP/1.0" 200 147 /home/users/d/daveh/public_html/sean/song/new.gif "http://www.accesscom.com/~daveh/sean/song/songskit.html" "Mozilla/5.0 (Windows; U; Windows NT 5.1; en-US; rv:1.9.0.6) Gecko/2009011913 Firefox/3.0.6" 0 www.accesscom.com
163.6.254.135 - - [02/Mar/2010:09:13:14 -0800] "GET /~daveh/sean/song/Updated.gif HTTP/1.0" 200 1226 /home/users/d/daveh/public_html/sean/song/Updated.gif "http://www.accesscom.com/~daveh/sean/song/songskit.html" "Mozilla/5.0 (Windows; U; Windows NT 5.1; en-US; rv:1.9.0.6) Gecko/2009011913 Firefox/3.0.6" 0 www.accesscom.com
67.195.37.176 - - [02/Mar/2010:09:16:31 -0800] "GET /~daveh/?S=D HTTP/1.0" 200 2775 /home/users/d/daveh/public_html/ "-" "Mozilla/5.0 (compatible; Yahoo! Slurp/3.0; http://help.yahoo.com/help/us/ysearch/slurp)" 0 www.accesscom.com
88.131.106.30 - - [02/Mar/2010:09:31:47 -0800] "GET /~daveh/sean/song/pbsong1.html HTTP/1.0" 304 - /home/users/d/daveh/public_html/sean/song/pbsong1.html "-" "Speedy Spider (http://www.entireweb.com/about/search_tech/speedy_spider/)" 0 www.accesscom.com
88.131.106.32 - - [02/Mar/2010:09:47:47 -0800] "GET /~daveh/sean/song/pbsong2.html HTTP/1.0" 304 - /home/users/d/daveh/public_html/sean/song/pbsong2.html "-" "Speedy Spider (http://www.entireweb.com/about/search_tech/speedy_spider/)" 0 www.accesscom.com
85.233.162.101 - - [02/Mar/2010:09:49:24 -0800] "GET /~daveh///write_comment_update.php?board_skin_path=http://210.205.6.168/~shop/zfxid1.txt? HTTP/1.1" 404 313 /home/users/d/daveh/public_html/write_comment_update.php "-" "Mozilla/5.0" 0 www.accesscom.com
85.233.162.101 - - [02/Mar/2010:09:49:24 -0800] "GET /~daveh/logs///write_comment_update.php?board_skin_path=http://210.205.6.168/~shop/zfxid1.txt? HTTP/1.1" 404 318 /home/users/d/daveh/public_html/logs///write_comment_update.php "-" "Mozilla/5.0" 0 www.accesscom.com
85.233.162.101 - - [02/Mar/2010:09:49:24 -0800] "GET /~daveh/logs/access.log%20%20///write_comment_update.php?board_skin_path=http://210.205.6.168/~shop/zfxid1.txt? HTTP/1.1" 404 331 /home/users/d/daveh/public_html/logs/access.log "-" "Mozilla/5.0" 0 www.accesscom.com
85.233.162.101 - - [02/Mar/2010:09:49:49 -0800] "GET /~daveh///write_comment_update.php?board_skin_path=http://210.205.6.168/~shop/zfxid1.txt? HTTP/1.1" 404 313 /home/users/d/daveh/public_html/write_comment_update.php "-" "Mozilla/5.0" 0 www.accesscom.com
85.233.162.101 - - [02/Mar/2010:09:49:49 -0800] "GET /~daveh/logs///write_comment_update.php?board_skin_path=http://210.205.6.168/~shop/zfxid1.txt? HTTP/1.1" 404 318 /home/users/d/daveh/public_html/logs///write_comment_update.php "-" "Mozilla/5.0" 0 www.accesscom.com
85.233.162.101 - - [02/Mar/2010:09:49:49 -0800] "GET /~daveh/logs/access.log%20%20///write_comment_update.php?board_skin_path=http://210.205.6.168/~shop/zfxid1.txt? HTTP/1.1" 404 331 /home/users/d/daveh/public_html/logs/access.log "-" "Mozilla/5.0" 0 www.accesscom.com
203.59.136.42 - - [02/Mar/2010:09:55:04 -0800] "GET /~daveh/logs///write_comment_update.php?board_skin_path=http://210.205.6.168/~shop/zfxid1.txt? HTTP/1.1" 404 318 /home/users/d/daveh/public_html/logs///write_comment_update.php "-" "Mozilla/5.0" 0 www.accesscom.com
203.59.136.42 - - [02/Mar/2010:09:55:04 -0800] "GET /~daveh/logs/access.log%20%20///write_comment_update.php?board_skin_path=http://210.205.6.168/~shop/zfxid1.txt? HTTP/1.1" 404 331 /home/users/d/daveh/public_html/logs/access.log "-" "Mozilla/5.0" 0 www.accesscom.com
203.59.136.42 - - [02/Mar/2010:09:55:06 -0800] "GET /~daveh///write_comment_update.php?board_skin_path=http://210.205.6.168/~shop/zfxid1.txt? HTTP/1.1" 404 313 /home/users/d/daveh/public_html/write_comment_update.php "-" "Mozilla/5.0" 0 www.accesscom.com
85.233.162.101 - - [02/Mar/2010:09:57:54 -0800] "GET /~daveh//bbs//write_comment_update.php?board_skin_path=http://210.205.6.168/~shop/zfxid1.txt? HTTP/1.1" 404 317 /home/users/d/daveh/public_html/bbs "-" "Mozilla/5.0" 0 www.accesscom.com
85.233.162.101 - - [02/Mar/2010:09:57:59 -0800] "GET /~daveh/logs//bbs//write_comment_update.php?board_skin_path=http://210.205.6.168/~shop/zfxid1.txt? HTTP/1.1" 404 322 /home/users/d/daveh/public_html/logs//bbs "-" "Mozilla/5.0" 0 www.accesscom.com
85.233.162.101 - - [02/Mar/2010:09:57:59 -0800] "GET /~daveh/logs/access.log%20%20//bbs//write_comment_update.php?board_skin_path=http://210.205.6.168/~shop/zfxid1.txt? HTTP/1.1" 404 335 /home/users/d/daveh/public_html/logs/access.log "-" "Mozilla/5.0" 0 www.accesscom.com
88.131.106.30 - - [02/Mar/2010:09:58:15 -0800] "GET /~daveh/sean/song/pbsong0.html HTTP/1.0" 304 - /home/users/d/daveh/public_html/sean/song/pbsong0.html "-" "Speedy Spider (http://www.entireweb.com/about/search_tech/speedy_spider/)" 0 www.accesscom.com
85.233.162.101 - - [02/Mar/2010:09:59:09 -0800] "GET /~daveh//bbs//write_comment_update.php?board_skin_path=http://210.205.6.168/~shop/zfxid1.txt? HTTP/1.1" 404 317 /home/users/d/daveh/public_html/bbs "-" "Mozilla/5.0" 0 www.accesscom.com
85.233.162.101 - - [02/Mar/2010:09:59:09 -0800] "GET /~daveh/logs/access.log%20%20//bbs//write_comment_update.php?board_skin_path=http://210.205.6.168/~shop/zfxid1.txt? HTTP/1.1" 404 335 /home/users/d/daveh/public_html/logs/access.log "-" "Mozilla/5.0" 0 www.accesscom.com
70.63.137.144 - - [02/Mar/2010:09:59:11 -0800] "GET /~daveh/sean/song/pbsong0.html HTTP/1.1" 200 15827 /home/users/d/daveh/public_html/sean/song/pbsong0.html "http://www.google.com/search?q=cub+scout+version+of+home+on+the+range&rlz=1I7SUNA_en&ie=UTF-8&oe=UTF-8&sourceid=ie7" "Mozilla/4.0 (compatible; MSIE 8.0; Windows NT 5.1; Trident/4.0; GTB6.4; .NET CLR 1.1.4322; .NET CLR 2.0.50727; .NET CLR 3.0.4506.2152; .NET CLR 3.5.30729)" 0 www.accesscom.com
70.63.137.144 - - [02/Mar/2010:09:59:11 -0800] "GET /~daveh/sean/song/new.gif HTTP/1.1" 200 147 /home/users/d/daveh/public_html/sean/song/new.gif "http://www.accesscom.com/~daveh/sean/song/pbsong0.html" "Mozilla/4.0 (compatible; MSIE 8.0; Windows NT 5.1; Trident/4.0; GTB6.4; .NET CLR 1.1.4322; .NET CLR 2.0.50727; .NET CLR 3.0.4506.2152; .NET CLR 3.5.30729)" 0 www.accesscom.com
85.233.162.101 - - [02/Mar/2010:09:59:12 -0800] "GET /~daveh/logs//bbs//write_comment_update.php?board_skin_path=http://210.205.6.168/~shop/zfxid1.txt? HTTP/1.1" 404 322 /home/users/d/daveh/public_html/logs//bbs "-" "Mozilla/5.0" 0 www.accesscom.com
70.63.137.144 - - [02/Mar/2010:09:59:25 -0800] "GET /~daveh/sean/song/pbsong1.html HTTP/1.1" 200 41905 /home/users/d/daveh/public_html/sean/song/pbsong1.html "http://www.accesscom.com/~daveh/sean/song/pbsong0.html" "Mozilla/4.0 (compatible; MSIE 8.0; Windows NT 5.1; Trident/4.0; GTB6.4; .NET CLR 1.1.4322; .NET CLR 2.0.50727; .NET CLR 3.0.4506.2152; .NET CLR 3.5.30729)" 0 www.accesscom.com
70.63.137.144 - - [02/Mar/2010:10:00:26 -0800] "GET /~daveh/sean/song/Updated.gif HTTP/1.1" 200 1226 /home/users/d/daveh/public_html/sean/song/Updated.gif "http://www.accesscom.com/~daveh/sean/song/songskit.html" "Mozilla/4.0 (compatible; MSIE 8.0; Windows NT 5.1; Trident/4.0; GTB6.4; .NET CLR 1.1.4322; .NET CLR 2.0.50727; .NET CLR 3.0.4506.2152; .NET CLR 3.5.30729)" 0 www.accesscom.com
70.63.137.144 - - [02/Mar/2010:10:00:26 -0800] "GET /~daveh/sean/song/songskit.html HTTP/1.1" 200 51136 /home/users/d/daveh/public_html/sean/song/songskit.html "http://www.accesscom.com/~daveh/sean/song/pbsong0.html" "Mozilla/4.0 (compatible; MSIE 8.0; Windows NT 5.1; Trident/4.0; GTB6.4; .NET CLR 1.1.4322; .NET CLR 2.0.50727; .NET CLR 3.0.4506.2152; .NET CLR 3.5.30729)" 1 www.accesscom.com
203.59.136.42 - - [02/Mar/2010:10:00:36 -0800] "GET /~daveh//bbs//write_comment_update.php?board_skin_path=http://210.205.6.168/~shop/zfxid1.txt? HTTP/1.1" 404 317 /home/users/d/daveh/public_html/bbs "-" "Mozilla/5.0" 0 www.accesscom.com
203.59.136.42 - - [02/Mar/2010:10:00:36 -0800] "GET /~daveh/logs/access.log%20%20//bbs//write_comment_update.php?board_skin_path=http://210.205.6.168/~shop/zfxid1.txt? HTTP/1.1" 404 335 /home/users/d/daveh/public_html/logs/access.log "-" "Mozilla/5.0" 0 www.accesscom.com
203.59.136.42 - - [02/Mar/2010:10:00:37 -0800] "GET /~daveh/logs//bbs//write_comment_update.php?board_skin_path=http://210.205.6.168/~shop/zfxid1.txt? HTTP/1.1" 404 322 /home/users/d/daveh/public_html/logs//bbs "-" "Mozilla/5.0" 0 www.accesscom.com
85.233.162.101 - - [02/Mar/2010:10:00:57 -0800] "GET /~daveh//bbs//write_comment_update.php?board_skin_path=http://210.205.6.168/~shop/zfxid1.txt? HTTP/1.1" 404 317 /home/users/d/daveh/public_html/bbs "-" "Mozilla/5.0" 0 www.accesscom.com
85.233.162.101 - - [02/Mar/2010:10:00:57 -0800] "GET /~daveh/logs//bbs//write_comment_update.php?board_skin_path=http://210.205.6.168/~shop/zfxid1.txt? HTTP/1.1" 404 322 /home/users/d/daveh/public_html/logs//bbs "-" "Mozilla/5.0" 0 www.accesscom.com
85.233.162.101 - - [02/Mar/2010:10:00:57 -0800] "GET /~daveh/logs/access.log%20%20//bbs//write_comment_update.php?board_skin_path=http://210.205.6.168/~shop/zfxid1.txt? HTTP/1.1" 404 335 /home/users/d/daveh/public_html/logs/access.log "-" "Mozilla/5.0" 0 www.accesscom.com
88.131.106.32 - - [02/Mar/2010:10:14:17 -0800] "GET /~daveh/sean/song/pbsong0.html HTTP/1.0" 304 - /home/users/d/daveh/public_html/sean/song/pbsong0.html "-" "Speedy Spider (http://www.entireweb.com/about/search_tech/speedy_spider/)" 0 www.accesscom.com
71.87.175.2 - - [02/Mar/2010:10:16:09 -0800] "GET /~daveh/sunset-pink-big.jpg HTTP/1.1" 200 758233 /home/users/d/daveh/public_html/sunset-pink-big.jpg "http://www.myspace.com/250917036" "Mozilla/4.0 (compatible; MSIE 8.0; Windows NT 5.1; Trident/4.0; GTB6; .NET CLR 1.0.3705; .NET CLR 1.1.4322; Media Center PC 4.0; .NET CLR 2.0.50727; .NET CLR 3.0.4506.2152; .NET CLR 3.5.30729)" 2 www.accesscom.com
77.241.83.107 - - [02/Mar/2010:10:18:43 -0800] "GET /~daveh///index.php?DOCUMENT_ROOT=http://www.respektlockswear.com/fx29id.txt???? HTTP/1.1" 404 298 /home/users/d/daveh/public_html/index.php "-" "Mozilla/5.0" 0 www.accesscom.com
77.241.83.107 - - [02/Mar/2010:10:18:43 -0800] "GET /~daveh/logs///index.php?DOCUMENT_ROOT=http://www.respektlockswear.com/fx29id.txt???? HTTP/1.1" 404 303 /home/users/d/daveh/public_html/logs///index.php "-" "Mozilla/5.0" 0 www.accesscom.com
77.241.83.107 - - [02/Mar/2010:10:18:43 -0800] "GET /~daveh/logs/access.log%20%20///index.php?DOCUMENT_ROOT=http://www.respektlockswear.com/fx29id.txt???? HTTP/1.1" 404 316 /home/users/d/daveh/public_html/logs/access.log "-" "Mozilla/5.0" 0 www.accesscom.com
77.241.83.107 - - [02/Mar/2010:10:19:01 -0800] "GET /~daveh///index.php?DOCUMENT_ROOT=http://www.respektlockswear.com/fx29id.txt???? HTTP/1.1" 404 298 /home/users/d/daveh/public_html/index.php "-" "Mozilla/5.0" 0 www.accesscom.com
77.241.83.107 - - [02/Mar/2010:10:19:01 -0800] "GET /~daveh/logs///index.php?DOCUMENT_ROOT=http://www.respektlockswear.com/fx29id.txt???? HTTP/1.1" 404 303 /home/users/d/daveh/public_html/logs///index.php "-" "Mozilla/5.0" 0 www.accesscom.com
77.241.83.107 - - [02/Mar/2010:10:19:01 -0800] "GET /~daveh/logs/access.log%20%20///index.php?DOCUMENT_ROOT=http://www.respektlockswear.com/fx29id.txt???? HTTP/1.1" 404 316 /home/users/d/daveh/public_html/logs/access.log "-" "Mozilla/5.0" 0 www.accesscom.com
207.46.204.180 - - [02/Mar/2010:10:28:43 -0800] "GET /~daveh/logs/Jan03.html HTTP/1.1" 304 - /home/users/d/daveh/public_html/logs/Jan03.html "-" "msnbot/2.0b (+http://search.msn.com/msnbot.htm)" 0 www.accesscom.com
211.63.219.132 - - [02/Mar/2010:10:38:59 -0800] "GET /~daveh/write_comment_update.php?board_skin_path=http://www.gogos.kr/bbs/id1.txt??? HTTP/1.1" 404 311 /home/users/d/daveh/public_html/write_comment_update.php "-" "Mozilla/5.0" 0 www.accesscom.com
211.63.219.132 - - [02/Mar/2010:10:38:59 -0800] "GET /~daveh/logs/access.log%20%20/write_comment_update.php?board_skin_path=http://www.gogos.kr/bbs/id1.txt??? HTTP/1.1" 404 329 /home/users/d/daveh/public_html/logs/access.log "-" "Mozilla/5.0" 0 www.accesscom.com
211.63.219.132 - - [02/Mar/2010:10:38:59 -0800] "GET /~daveh/logs/write_comment_update.php?board_skin_path=http://www.gogos.kr/bbs/id1.txt??? HTTP/1.1" 404 316 /home/users/d/daveh/public_html/logs/write_comment_update.php "-" "Mozilla/5.0" 0 www.accesscom.com
67.195.37.176 - - [02/Mar/2010:10:39:42 -0800] "GET /~daveh/logs/awstats.daveh.urlentry.html HTTP/1.0" 404 307 /home/users/d/daveh/public_html/logs/awstats.daveh.urlentry.html "-" "Mozilla/5.0 (compatible; Yahoo! Slurp/3.0; http://help.yahoo.com/help/us/ysearch/slurp)" 0 www.accesscom.com
207.46.204.184 - - [02/Mar/2010:10:43:44 -0800] "GET /~daveh/sean/song/pbsong3.html HTTP/1.1" 304 - /home/users/d/daveh/public_html/sean/song/pbsong3.html "-" "msnbot/2.0b (+http://search.msn.com/msnbot.htm)" 0 www.accesscom.com
207.46.199.52 - - [02/Mar/2010:10:46:15 -0800] "GET /~daveh/logs/Mar02.html HTTP/1.1" 304 - /home/users/d/daveh/public_html/logs/Mar02.html "-" "msnbot/2.0b (+http://search.msn.com/msnbot.htm)" 0 www.accesscom.com
222.237.78.176 - - [02/Mar/2010:10:47:11 -0800] "GET /~daveh/logs/access.log///bbs//write_update.php?board_skin_path=http://www.noin9191.com/ams/ammember/fx29id1.txt?? HTTP/1.1" 404 326 /home/users/d/daveh/public_html/logs/access.log "-" "Mozilla/5.0" 0 www.accesscom.com
222.237.78.176 - - [02/Mar/2010:10:47:11 -0800] "GET /~daveh///bbs//write_update.php?board_skin_path=http://www.noin9191.com/ams/ammember/fx29id1.txt?? HTTP/1.1" 404 310 /home/users/d/daveh/public_html/bbs "-" "Mozilla/5.0" 0 www.accesscom.com
222.237.78.176 - - [02/Mar/2010:10:47:11 -0800] "GET /~daveh/logs///bbs//write_update.php?board_skin_path=http://www.noin9191.com/ams/ammember/fx29id1.txt?? HTTP/1.1" 404 315 /home/users/d/daveh/public_html/logs///bbs "-" "Mozilla/5.0" 0 www.accesscom.com
222.237.78.176 - - [02/Mar/2010:10:47:33 -0800] "GET /~daveh/logs///bbs//write_update.php?board_skin_path=http://www.noin9191.com/ams/ammember/fx29id1.txt?? HTTP/1.1" 404 315 /home/users/d/daveh/public_html/logs///bbs "-" "Mozilla/5.0" 0 www.accesscom.com
222.237.78.176 - - [02/Mar/2010:10:47:33 -0800] "GET /~daveh///bbs//write_update.php?board_skin_path=http://www.noin9191.com/ams/ammember/fx29id1.txt?? HTTP/1.1" 404 310 /home/users/d/daveh/public_html/bbs "-" "Mozilla/5.0" 0 www.accesscom.com
222.237.78.176 - - [02/Mar/2010:10:47:33 -0800] "GET /~daveh/logs/access.log///bbs//write_update.php?board_skin_path=http://www.noin9191.com/ams/ammember/fx29id1.txt?? HTTP/1.1" 404 326 /home/users/d/daveh/public_html/logs/access.log "-" "Mozilla/5.0" 0 www.accesscom.com
219.240.39.222 - - [02/Mar/2010:10:50:46 -0800] "GET /~daveh/logs/access.log//download.php?board_skin_path=http://trouvaillecosmeticos.com.br/components/com_migrator/vsh/index1.txt??? HTTP/1.1" 404 316 /home/users/d/daveh/public_html/logs/access.log "-" "Mozilla/5.0" 0 www.accesscom.com
219.240.39.222 - - [02/Mar/2010:10:50:46 -0800] "GET /~daveh//download.php?board_skin_path=http://trouvaillecosmeticos.com.br/components/com_migrator/vsh/index1.txt??? HTTP/1.1" 404 300 /home/users/d/daveh/public_html/download.php "-" "Mozilla/5.0" 0 www.accesscom.com
219.240.39.222 - - [02/Mar/2010:10:50:46 -0800] "GET /~daveh/logs//download.php?board_skin_path=http://trouvaillecosmeticos.com.br/components/com_migrator/vsh/index1.txt??? HTTP/1.1" 404 305 /home/users/d/daveh/public_html/logs//download.php "-" "Mozilla/5.0" 0 www.accesscom.com
83.133.64.184 - - [02/Mar/2010:10:52:55 -0800] "GET /~daveh/logs/access.log//board//board/include/bbs.lib.inc.php=http://crocifissonegro.hellospace.net/A51/id.txt???? HTTP/1.1" 404 389 /home/users/d/daveh/public_html/logs/access.log "-" "libwww-perl/5.805" 0 www.accesscom.com
83.133.64.184 - - [02/Mar/2010:10:52:56 -0800] "GET /~daveh/logs//board//board/include/bbs.lib.inc.php=http://crocifissonegro.hellospace.net/A51/id.txt???? HTTP/1.1" 404 378 /home/users/d/daveh/public_html/logs//board "-" "libwww-perl/5.805" 0 www.accesscom.com
207.46.204.188 - - [02/Mar/2010:11:00:43 -0800] "GET /%7Edaveh/sean/song/songskit.html HTTP/1.1" 304 - /home/users/d/daveh/public_html/sean/song/songskit.html "-" "msnbot/2.0b (+http://search.msn.com/msnbot.htm)" 0 www.accesscom.com
65.23.57.162 - - [02/Mar/2010:11:12:54 -0800] "GET /~daveh/sean/song/pbsong0.html HTTP/1.1" 304 - /home/users/d/daveh/public_html/sean/song/pbsong0.html "http://www.google.com/search?sourceid=navclient&aq=5h&oq=&ie=UTF-8&rlz=1T4HPNN_enUS347US347&q=boy+scout+songs" "Mozilla/4.0 (compatible; MSIE 7.0; Windows NT 5.1; Trident/4.0; GTB6.4; .NET CLR 1.1.4322; .NET CLR 2.0.50727; .NET CLR 3.0.04506.648; .NET CLR 3.5.21022; .NET CLR 3.0.4506.2152; .NET CLR 3.5
65.23.57.162 - - [02/Mar/2010:11:12:54 -0800] "GET /~daveh/sean/song/new.gif HTTP/1.1" 304 - /home/users/d/daveh/public_html/sean/song/new.gif "http://www.accesscom.com/~daveh/sean/song/pbsong0.html" "Mozilla/4.0 (compatible; MSIE 8.0; Windows NT 5.1; Trident/4.0; GTB6.4; .NET CLR 1.1.4322; .NET CLR 2.0.50727; .NET CLR 3.0.04506.648; .NET CLR 3.5.21022; .NET CLR 3.0.4506.2152; .NET CLR 3.5.30729; AskTB5.6)" 0 www.accesscom.com
65.23.57.162 - - [02/Mar/2010:11:12:59 -0800] "GET /~daveh/sean/song/pbsong1.html HTTP/1.1" 304 - /home/users/d/daveh/public_html/sean/song/pbsong1.html "http://www.accesscom.com/~daveh/sean/song/pbsong0.html" "Mozilla/4.0 (compatible; MSIE 8.0; Windows NT 5.1; Trident/4.0; GTB6.4; .NET CLR 1.1.4322; .NET CLR 2.0.50727; .NET CLR 3.0.04506.648; .NET CLR 3.5.21022; .NET CLR 3.0.4506.2152; .NET CLR 3.5.30729; AskTB5.6)" 0 www.accesscom.com
81.52.143.26 - - [02/Mar/2010:11:15:53 -0800] "GET /~daveh/sean/song/pbsong5.html HTTP/1.1" 200 13272 /home/users/d/daveh/public_html/sean/song/pbsong5.html "-" "Mozilla/5.0 (Windows; U; Windows NT 5.1; fr; rv:1.8.1) VoilaBot BETA 1.2 (support.voilabot@orange-ftgroup.com)" 0 www.accesscom.com
65.55.51.112 - - [02/Mar/2010:11:17:13 -0800] "GET /~daveh/logs/Mar03.html HTTP/1.1" 304 - /home/users/d/daveh/public_html/logs/Mar03.html "-" "msnbot/2.0b (+http://search.msn.com/msnbot.htm)" 0 www.accesscom.com
83.133.64.184 - - [02/Mar/2010:11:21:16 -0800] "GET /~daveh/logs/access.log//board//board/include/bbs.lib.inc.php=http://crocifissonegro.hellospace.net/A51/id.txt???? HTTP/1.1" 404 389 /home/users/d/daveh/public_html/logs/access.log "-" "libwww-perl/5.805" 0 www.accesscom.com
83.133.64.184 - - [02/Mar/2010:11:21:18 -0800] "GET /~daveh/logs//board//board/include/bbs.lib.inc.php=http://crocifissonegro.hellospace.net/A51/id.txt???? HTTP/1.1" 404 378 /home/users/d/daveh/public_html/logs//board "-" "libwww-perl/5.805" 0 www.accesscom.com
219.240.39.222 - - [02/Mar/2010:11:21:56 -0800] "GET /~daveh//export.php?mosConfig.absolute.path=http://mycomputerdaddy.com/momma/id1.txt???? HTTP/1.1" 404 298 /home/users/d/daveh/public_html/export.php "-" "Mozilla/5.0" 0 www.accesscom.com
219.240.39.222 - - [02/Mar/2010:11:21:57 -0800] "GET /~daveh/logs/access.log//export.php?mosConfig.absolute.path=http://mycomputerdaddy.com/momma/id1.txt???? HTTP/1.1" 404 314 /home/users/d/daveh/public_html/logs/access.log "-" "Mozilla/5.0" 0 www.accesscom.com
219.240.39.222 - - [02/Mar/2010:11:21:57 -0800] "GET /~daveh/logs//export.php?mosConfig.absolute.path=http://mycomputerdaddy.com/momma/id1.txt???? HTTP/1.1" 404 303 /home/users/d/daveh/public_html/logs//export.php "-" "Mozilla/5.0" 0 www.accesscom.com
211.47.237.17 - - [02/Mar/2010:11:34:15 -0800] "GET /~daveh/logs/access.log//?path=http://www.hubns.co.kr//data/list/heheh.txt??? HTTP/1.1" 404 304 /home/users/d/daveh/public_html/logs/access.log "-" "Mozilla/5.0" 0 www.accesscom.com
211.47.237.17 - - [02/Mar/2010:11:34:15 -0800] "GET /~daveh/logs//?path=http://www.hubns.co.kr//data/list/heheh.txt??? HTTP/1.1" 200 13287 /home/users/d/daveh/public_html/logs/ "-" "Mozilla/5.0" 0 www.accesscom.com
211.47.237.17 - - [02/Mar/2010:11:34:15 -0800] "GET /~daveh//?path=http://www.hubns.co.kr//data/list/heheh.txt??? HTTP/1.1" 200 2794 /home/users/d/daveh/public_html/ "-" "Mozilla/5.0" 0 www.accesscom.com
211.230.148.90 - - [02/Mar/2010:11:37:04 -0800] "GET /~daveh/logs//download.php?board_skin_path=http://www.cienciacompartida.org////id1.txt??? HTTP/1.1" 404 305 /home/users/d/daveh/public_html/logs//download.php "-" "Mozilla/5.0" 0 www.accesscom.com
211.230.148.90 - - [02/Mar/2010:11:37:04 -0800] "GET /~daveh//download.php?board_skin_path=http://www.cienciacompartida.org////id1.txt??? HTTP/1.1" 404 300 /home/users/d/daveh/public_html/download.php "-" "Mozilla/5.0" 0 www.accesscom.com
211.230.148.90 - - [02/Mar/2010:11:37:04 -0800] "GET /~daveh/logs/access.log//download.php?board_skin_path=http://www.cienciacompartida.org////id1.txt??? HTTP/1.1" 404 316 /home/users/d/daveh/public_html/logs/access.log "-" "Mozilla/5.0" 0 www.accesscom.com
85.233.162.101 - - [02/Mar/2010:11:37:19 -0800] "GET /~daveh/logs//kboard.php?board=notice&act=write&no=3&page=&cid=&mode=reply&act=http://210.205.6.168/~shop/zfxid1.txt? HTTP/1.1" 404 303 /home/users/d/daveh/public_html/logs//kboard.php "-" "Mozilla/5.0" 0 www.accesscom.com
85.233.162.101 - - [02/Mar/2010:11:37:19 -0800] "GET /~daveh/logs/access.log%20%20//kboard.php?board=notice&act=write&no=3&page=&cid=&mode=reply&act=http://210.205.6.168/~shop/zfxid1.txt? HTTP/1.1" 404 316 /home/users/d/daveh/public_html/logs/access.log "-" "Mozilla/5.0" 0 www.accesscom.com
85.233.162.101 - - [02/Mar/2010:11:37:22 -0800] "GET /~daveh//kboard.php?board=notice&act=write&no=3&page=&cid=&mode=reply&act=http://210.205.6.168/~shop/zfxid1.txt? HTTP/1.1" 404 298 /home/users/d/daveh/public_html/kboard.php "-" "Mozilla/5.0" 0 www.accesscom.com
85.233.162.101 - - [02/Mar/2010:11:38:57 -0800] "GET /~daveh//kboard.php?board=notice&act=write&no=3&page=&cid=&mode=reply&act=http://210.205.6.168/~shop/zfxid1.txt? HTTP/1.1" 404 298 /home/users/d/daveh/public_html/kboard.php "-" "Mozilla/5.0" 0 www.accesscom.com
85.233.162.101 - - [02/Mar/2010:11:38:57 -0800] "GET /~daveh/logs/access.log%20%20//kboard.php?board=notice&act=write&no=3&page=&cid=&mode=reply&act=http://210.205.6.168/~shop/zfxid1.txt? HTTP/1.1" 404 316 /home/users/d/daveh/public_html/logs/access.log "-" "Mozilla/5.0" 0 www.accesscom.com
85.233.162.101 - - [02/Mar/2010:11:38:57 -0800] "GET /~daveh/logs//kboard.php?board=notice&act=write&no=3&page=&cid=&mode=reply&act=http://210.205.6.168/~shop/zfxid1.txt? HTTP/1.1" 404 303 /home/users/d/daveh/public_html/logs//kboard.php "-" "Mozilla/5.0" 0 www.accesscom.com
207.46.204.230 - - [02/Mar/2010:11:40:44 -0800] "GET /~daveh/sean/song/pbsong5.html HTTP/1.1" 304 - /home/users/d/daveh/public_html/sean/song/pbsong5.html "-" "msnbot/2.0b (+http://search.msn.com/msnbot.htm)" 0 www.accesscom.com
193.252.118.175 - - [02/Mar/2010:11:44:45 -0800] "GET /~daveh/sean/song/songskit.html HTTP/1.1" 200 51136 /home/users/d/daveh/public_html/sean/song/songskit.html "-" "Mozilla/5.0 (Windows; U; Windows NT 5.1; fr; rv:1.8.1) VoilaBot BETA 1.2 (support.voilabot@orange-ftgroup.com)" 1 www.accesscom.com
203.59.136.42 - - [02/Mar/2010:11:56:06 -0800] "GET /~daveh/logs/access.log%20%20//kboard.php?board=notice&act=write&no=3&page=&cid=&mode=reply&act=http://210.205.6.168/~shop/zfxid1.txt? HTTP/1.1" 404 316 /home/users/d/daveh/public_html/logs/access.log "-" "Mozilla/5.0" 0 www.accesscom.com
203.59.136.42 - - [02/Mar/2010:11:56:06 -0800] "GET /~daveh//kboard.php?board=notice&act=write&no=3&page=&cid=&mode=reply&act=http://210.205.6.168/~shop/zfxid1.txt? HTTP/1.1" 404 298 /home/users/d/daveh/public_html/kboard.php "-" "Mozilla/5.0" 0 www.accesscom.com
203.59.136.42 - - [02/Mar/2010:11:56:06 -0800] "GET /~daveh/logs//kboard.php?board=notice&act=write&no=3&page=&cid=&mode=reply&act=http://210.205.6.168/~shop/zfxid1.txt? HTTP/1.1" 404 303 /home/users/d/daveh/public_html/logs//kboard.php "-" "Mozilla/5.0" 0 www.accesscom.com
173.64.149.108 - - [02/Mar/2010:11:58:53 -0800] "GET /~daveh/sean/song/pbsong0.html HTTP/1.1" 200 15827 /home/users/d/daveh/public_html/sean/song/pbsong0.html "http://www.bing.com/search?q=cub+scout+songs&mkt=en-us&FORM=SOLTLB&PC=SUN1" "Mozilla/4.0 (compatible; MSIE 8.0; Windows NT 6.0; Trident/4.0; GTB6.4; SLCC1; .NET CLR 2.0.50727; Media Center PC 5.0; .NET CLR 1.1.4322; InfoPath.2; .NET CLR 3.5.30729; .NET CLR 3.0.30729; OfficeLiveConnector.1.4; Offi
173.64.149.108 - - [02/Mar/2010:11:58:53 -0800] "GET /~daveh/sean/song/new.gif HTTP/1.1" 200 147 /home/users/d/daveh/public_html/sean/song/new.gif "http://www.accesscom.com/~daveh/sean/song/pbsong0.html" "Mozilla/4.0 (compatible; MSIE 8.0; Windows NT 6.0; Trident/4.0; GTB6.4; SLCC1; .NET CLR 2.0.50727; Media Center PC 5.0; .NET CLR 1.1.4322; InfoPath.2; .NET CLR 3.5.30729; .NET CLR 3.0.30729; OfficeLiveConnector.1.4; OfficeLivePatch.1.3; MSN Optimized;US)" 0
173.64.149.108 - - [02/Mar/2010:11:59:04 -0800] "GET /~daveh/sean/song/pbsong4.html HTTP/1.1" 200 59712 /home/users/d/daveh/public_html/sean/song/pbsong4.html "http://www.accesscom.com/~daveh/sean/song/pbsong0.html" "Mozilla/4.0 (compatible; MSIE 8.0; Windows NT 6.0; Trident/4.0; GTB6.4; SLCC1; .NET CLR 2.0.50727; Media Center PC 5.0; .NET CLR 1.1.4322; InfoPath.2; .NET CLR 3.5.30729; .NET CLR 3.0.30729; OfficeLiveConnector.1.4; OfficeLivePatch.1.3; MSN
173.64.149.108 - - [02/Mar/2010:11:59:12 -0800] "GET /~daveh/sean/song/index.html HTTP/1.1" 404 307 /home/users/d/daveh/public_html/sean/song/index.html "http://www.accesscom.com/~daveh/sean/song/pbsong4.html" "Mozilla/4.0 (compatible; MSIE 8.0; Windows NT 6.0; Trident/4.0; GTB6.4; SLCC1; .NET CLR 2.0.50727; Media Center PC 5.0; .NET CLR 1.1.4322; InfoPath.2; .NET CLR 3.5.30729; .NET CLR 3.0.30729; OfficeLiveConnector.1.4; OfficeLivePatch.1.3; MSN Optimiz
173.64.149.108 - - [02/Mar/2010:11:59:25 -0800] "GET /~daveh/sean/song/pbsong5.html HTTP/1.1" 200 13272 /home/users/d/daveh/public_html/sean/song/pbsong5.html "http://www.accesscom.com/~daveh/sean/song/pbsong0.html" "Mozilla/4.0 (compatible; MSIE 8.0; Windows NT 6.0; Trident/4.0; GTB6.4; SLCC1; .NET CLR 2.0.50727; Media Center PC 5.0; .NET CLR 1.1.4322; InfoPath.2; .NET CLR 3.5.30729; .NET CLR 3.0.30729; OfficeLiveConnector.1.4; OfficeLivePatch.1.3; MSN
173.64.149.108 - - [02/Mar/2010:11:59:45 -0800] "GET /~daveh/sean/song/pbsong1.html HTTP/1.1" 200 41905 /home/users/d/daveh/public_html/sean/song/pbsong1.html "http://www.accesscom.com/~daveh/sean/song/pbsong5.html" "Mozilla/4.0 (compatible; MSIE 8.0; Windows NT 6.0; Trident/4.0; GTB6.4; SLCC1; .NET CLR 2.0.50727; Media Center PC 5.0; .NET CLR 1.1.4322; InfoPath.2; .NET CLR 3.5.30729; .NET CLR 3.0.30729; OfficeLiveConnector.1.4; OfficeLivePatch.1.3; MSN
220.80.108.81 - - [02/Mar/2010:12:02:57 -0800] "GET /~daveh//bbs///////good.php?board_skin_path=http://www.gogos.kr/bbs/id1.txt?? HTTP/1.1" 404 306 /home/users/d/daveh/public_html/bbs "-" "Mozilla/5.0" 0 www.accesscom.com
220.80.108.81 - - [02/Mar/2010:12:02:57 -0800] "GET /~daveh/logs/access.log//bbs///////good.php?board_skin_path=http://www.gogos.kr/bbs/id1.txt?? HTTP/1.1" 404 322 /home/users/d/daveh/public_html/logs/access.log "-" "Mozilla/5.0" 0 www.accesscom.com
220.80.108.81 - - [02/Mar/2010:12:02:58 -0800] "GET /~daveh/logs//bbs///////good.php?board_skin_path=http://www.gogos.kr/bbs/id1.txt?? HTTP/1.1" 404 311 /home/users/d/daveh/public_html/logs//bbs "-" "Mozilla/5.0" 0 www.accesscom.com
96.242.4.250 - - [02/Mar/2010:12:04:37 -0800] "GET /~daveh/sean/song/songskit.html HTTP/1.1" 200 51136 /home/users/d/daveh/public_html/sean/song/songskit.html "http://www.bing.com/search?q=boy+scout+traveling+salesman+skit&mkt=en-us&FORM=MSNTLB&PC=MSNTDF" "Mozilla/4.0 (compatible; MSIE 8.0; Windows NT 6.1; WOW64; Trident/4.0; SLCC2; .NET CLR 2.0.50727; .NET CLR 3.5.30729; .NET CLR 3.0.30729; Media Center PC 6.0; MDDC; InfoPath.1; OfficeLiveConnector.1.
96.242.4.250 - - [02/Mar/2010:12:04:38 -0800] "GET /~daveh/sean/song/Updated.gif HTTP/1.1" 200 1226 /home/users/d/daveh/public_html/sean/song/Updated.gif "http://www.accesscom.com/~daveh/sean/song/songskit.html" "Mozilla/4.0 (compatible; MSIE 8.0; Windows NT 6.1; WOW64; Trident/4.0; SLCC2; .NET CLR 2.0.50727; .NET CLR 3.5.30729; .NET CLR 3.0.30729; Media Center PC 6.0; MDDC; InfoPath.1; OfficeLiveConnector.1.4; OfficeLivePatch.1.3; msn OptimizedIE8;ENUS)
96.242.4.250 - - [02/Mar/2010:12:04:38 -0800] "GET /~daveh/sean/song/new.gif HTTP/1.1" 200 147 /home/users/d/daveh/public_html/sean/song/new.gif "http://www.accesscom.com/~daveh/sean/song/songskit.html" "Mozilla/4.0 (compatible; MSIE 8.0; Windows NT 6.1; WOW64; Trident/4.0; SLCC2; .NET CLR 2.0.50727; .NET CLR 3.5.30729; .NET CLR 3.0.30729; Media Center PC 6.0; MDDC; InfoPath.1; OfficeLiveConnector.1.4; OfficeLivePatch.1.3; msn OptimizedIE8;ENUS)" 0 www.acces
207.46.204.242 - - [02/Mar/2010:12:12:43 -0800] "GET /~daveh/martin/pages/DSC00025.htm HTTP/1.1" 304 - /home/users/d/daveh/public_html/martin/pages/DSC00025.htm "-" "msnbot/2.0b (+http://search.msn.com/msnbot.htm)" 0 www.accesscom.com
75.86.173.193 - - [02/Mar/2010:12:13:24 -0800] "GET /~daveh/sean/song/new.gif HTTP/1.1" 200 147 /home/users/d/daveh/public_html/sean/song/new.gif "http://www.accesscom.com/~daveh/sean/song/songskit.html" "Mozilla/5.0 (Macintosh; U; Intel Mac OS X 10_6_2; en-us) AppleWebKit/531.21.8 (KHTML, like Gecko) Version/4.0.4 Safari/531.21.10" 0 www.accesscom.com
75.86.173.193 - - [02/Mar/2010:12:13:24 -0800] "GET /~daveh/sean/song/Updated.gif HTTP/1.1" 200 1226 /home/users/d/daveh/public_html/sean/song/Updated.gif "http://www.accesscom.com/~daveh/sean/song/songskit.html" "Mozilla/5.0 (Macintosh; U; Intel Mac OS X 10_6_2; en-us) AppleWebKit/531.21.8 (KHTML, like Gecko) Version/4.0.4 Safari/531.21.10" 0 www.accesscom.com
75.86.173.193 - - [02/Mar/2010:12:13:25 -0800] "GET /~daveh/sean/song/songskit.html HTTP/1.1" 200 51136 /home/users/d/daveh/public_html/sean/song/songskit.html "http://www.google.com/search?client=safari&rls=en&q=cub+scout+den+cheers&ie=UTF-8&oe=UTF-8" "Mozilla/5.0 (Macintosh; U; Intel Mac OS X 10_6_2; en-us) AppleWebKit/531.21.8 (KHTML, like Gecko) Version/4.0.4 Safari/531.21.10" 1 www.accesscom.com
67.195.37.176 - - [02/Mar/2010:12:14:10 -0800] "GET /~daveh/logs/Apr02.html HTTP/1.0" 200 120941 /home/users/d/daveh/public_html/logs/Apr02.html "-" "Mozilla/5.0 (compatible; Yahoo! Slurp/3.0; http://help.yahoo.com/help/us/ysearch/slurp)" 0 www.accesscom.com
99.73.35.234 - - [02/Mar/2010:12:15:37 -0800] "GET /~daveh/sean/song/pbsong0.html HTTP/1.1" 200 15827 /home/users/d/daveh/public_html/sean/song/pbsong0.html "http://www.177air.com/rws.300r/" "Mozilla/5.0 (iPhone; U; CPU iPhone OS 3_0 like Mac OS X; en-us) MonkeyBirdBrowser/420.1 (KHTML, like Gecko) Version/3.0 Mobile/1A542a Safari/419.7" 0 www.accesscom.com
67.195.37.176 - - [02/Mar/2010:12:17:46 -0800] "GET /~daveh/martin/pages/DSC00029.htm HTTP/1.0" 200 1097 /home/users/d/daveh/public_html/martin/pages/DSC00029.htm "-" "Mozilla/5.0 (compatible; Yahoo! Slurp/3.0; http://help.yahoo.com/help/us/ysearch/slurp)" 0 www.accesscom.com
84.190.177.152 - - [02/Mar/2010:12:18:01 -0800] "GET /~daveh/sean/song/pbsong3.html HTTP/1.1" 200 65639 /home/users/d/daveh/public_html/sean/song/pbsong3.html "http://www.google.de/url?sa=t&source=web&ct=res&cd=1&ved=0CAkQFjAA&url=http%3A%2F%2Fwww.accesscom.com%2F~daveh%2Fsean%2Fsong%2Fpbsong3.html&rct=j&q=British+Scout+Songs+%2B+CD+&ei=6HGNS6jUIJuqnQPypYy1BA&usg=AFQjCNGVwO_06SyqFLTWrvGzweIn2DXF3A" "Mozilla/5.0 (Windows; U; Windows NT 5.0; de; rv:1.9.1.
