71.67.170.67 - - [01/Feb/2010:14:24:46 -0800] "GET /~daveh/sean/song/new.gif HTTP/1.1" 200 147 /home/users/d/daveh/public_html/sean/song/new.gif "http://www.accesscom.com/~daveh/sean/song/pbsong0.html" "Mozilla/4.0 (compatible; MSIE 8.0; Windows NT 5.1; Trident/4.0; .NET CLR 1.0.3705; .NET CLR 1.1.4322; Media Center PC 4.0; IEMB3; IEMB3)" 0 www.accesscom.com
71.67.170.67 - - [01/Feb/2010:14:25:03 -0800] "GET /~daveh/sean/song/pbsong1.html HTTP/1.1" 200 41905 /home/users/d/daveh/public_html/sean/song/pbsong1.html "http://www.accesscom.com/~daveh/sean/song/pbsong0.html" "Mozilla/4.0 (compatible; MSIE 8.0; Windows NT 5.1; Trident/4.0; .NET CLR 1.0.3705; .NET CLR 1.1.4322; Media Center PC 4.0; IEMB3; IEMB3)" 0 www.accesscom.com
71.67.170.67 - - [01/Feb/2010:14:25:40 -0800] "GET /~daveh/sean/song/pbsong4.html HTTP/1.1" 200 59712 /home/users/d/daveh/public_html/sean/song/pbsong4.html "http://www.accesscom.com/~daveh/sean/song/pbsong0.html" "Mozilla/4.0 (compatible; MSIE 8.0; Windows NT 5.1; Trident/4.0; .NET CLR 1.0.3705; .NET CLR 1.1.4322; Media Center PC 4.0; IEMB3; IEMB3)" 1 www.accesscom.com
79.170.45.126 - - [01/Feb/2010:14:28:55 -0800] "GET /~daveh/logs/access.log%20%20///kboard/kboard.php?board=notice&act=vote&no=20&page=&search_mode=&search_word=&cid=//kboard/kboard.php?board=notice&act=write&no=3&page=&cid=&mode=reply&act=http://musicadelibreria.net/footer?? HTTP/1.1" 404 324 /home/users/d/daveh/public_html/logs/access.log "-" "Mozilla/5.0" 0 www.accesscom.com
67.177.100.79 - - [01/Feb/2010:14:29:02 -0800] "GET /~daveh/sean/song/pbsong1.html HTTP/1.1" 200 41905 /home/users/d/daveh/public_html/sean/song/pbsong1.html "http://www.google.com/search?sourceid=navclient&ie=UTF-8&rlz=1T4GPEA_enUS310US310&q=boy+scout+song+%22+i+saw+a+bear%22" "Mozilla/4.0 (compatible; MSIE 7.0; Windows NT 6.0; GTB6.4; SLCC1; .NET CLR 2.0.50727; Media Center PC 5.0; .NET CLR 3.5.30729; InfoPath.2; .NET CLR 3.0.30729; OfficeLiveConnecto
79.170.45.126 - - [01/Feb/2010:14:29:35 -0800] "GET /~daveh/logs/access.log%20%20///kboard/kboard.php?board=notice&act=vote&no=20&page=&search_mode=&search_word=&cid=//kboard/kboard.php?board=notice&act=write&no=3&page=&cid=&mode=reply&act=http://musicadelibreria.net/footer?? HTTP/1.1" 404 324 /home/users/d/daveh/public_html/logs/access.log "-" "Mozilla/5.0" 0 www.accesscom.com
79.170.45.126 - - [01/Feb/2010:14:30:38 -0800] "GET /~daveh/logs/access.log%20%20///kboard/kboard.php?board=notice&act=vote&no=20&page=&search_mode=&search_word=&cid=//kboard/kboard.php?board=notice&act=write&no=3&page=&cid=&mode=reply&act=http://musicadelibreria.net/footer?? HTTP/1.1" 404 324 /home/users/d/daveh/public_html/logs/access.log "-" "Mozilla/5.0" 0 www.accesscom.com
67.195.114.224 - - [01/Feb/2010:14:42:54 -0800] "GET /~daveh/logs/current.html HTTP/1.0" 200 12390 /home/users/d/daveh/public_html/logs/current.html "-" "Mozilla/5.0 (compatible; Yahoo! Slurp/3.0; http://help.yahoo.com/help/us/ysearch/slurp)" 0 www.accesscom.com
65.55.207.131 - - [01/Feb/2010:14:56:33 -0800] "GET /~daveh/?D=A HTTP/1.1" 200 2787 /home/users/d/daveh/public_html/ "-" "msnbot/2.0b (+http://search.msn.com/msnbot.htm)" 0 www.accesscom.com
67.195.114.224 - - [01/Feb/2010:15:01:51 -0800] "GET /~daveh/logs/?N=D HTTP/1.0" 200 13125 /home/users/d/daveh/public_html/logs/ "-" "Mozilla/5.0 (compatible; Yahoo! Slurp/3.0; http://help.yahoo.com/help/us/ysearch/slurp)" 0 www.accesscom.com
65.55.216.32 - - [01/Feb/2010:15:10:34 -0800] "GET /~daveh/?N=D HTTP/1.1" 200 2787 /home/users/d/daveh/public_html/ "-" "msnbot/2.0b (+http://search.msn.com/msnbot.htm)" 0 www.accesscom.com
75.187.138.108 - - [01/Feb/2010:15:27:23 -0800] "GET /~daveh/sean/song/new.gif HTTP/1.1" 200 147 /home/users/d/daveh/public_html/sean/song/new.gif "http://www.accesscom.com/~daveh/sean/song/songskit.html" "Mozilla/5.0 (Windows; U; Windows NT 5.1; en-US; rv:1.9.1.7) Gecko/20091221 Firefox/3.5.7" 0 www.accesscom.com
75.187.138.108 - - [01/Feb/2010:15:27:23 -0800] "GET /~daveh/sean/song/songskit.html HTTP/1.1" 200 51136 /home/users/d/daveh/public_html/sean/song/songskit.html "http://search.mywebsearch.com/mywebsearch/GGmain.jhtml?searchfor=cub+scout+cheers&si=48072&ptnrS=ZJxdm431WXUS&st=kwd&ptb=1o3qD8lNdlqWfQekXS0S4A" "Mozilla/5.0 (Windows; U; Windows NT 5.1; en-US; rv:1.9.1.7) Gecko/20091221 Firefox/3.5.7" 0 www.accesscom.com
68.102.43.33 - - [01/Feb/2010:15:31:10 -0800] "GET /~daveh/sean/song/pbsong0.html HTTP/1.1" 200 15827 /home/users/d/daveh/public_html/sean/song/pbsong0.html "http://www.google.com/search?q=boy+scout+songs&rls=com.microsoft:en-us:IE-SearchBox&ie=UTF-8&oe=UTF-8&sourceid=ie7&rlz=1I7GCNV_en" "Mozilla/4.0 (compatible; MSIE 8.0; Windows NT 5.1; Trident/4.0; GTB6.4; .NET CLR 1.0.3705; .NET CLR 1.1.4322; .NET CLR 2.0.50727; Media Center PC 4.0; .NET CLR 3.0.045
68.102.43.33 - - [01/Feb/2010:15:31:10 -0800] "GET /~daveh/sean/song/new.gif HTTP/1.1" 200 147 /home/users/d/daveh/public_html/sean/song/new.gif "http://www.accesscom.com/~daveh/sean/song/pbsong0.html" "Mozilla/4.0 (compatible; MSIE 8.0; Windows NT 5.1; Trident/4.0; GTB6.4; .NET CLR 1.0.3705; .NET CLR 1.1.4322; .NET CLR 2.0.50727; Media Center PC 4.0; .NET CLR 3.0.04506.30; .NET CLR 3.0.04506.648; .NET CLR 3.5.21022; .NET CLR 3.0.4506.2152; .NET CLR 3.5.3072
68.102.43.33 - - [01/Feb/2010:15:31:18 -0800] "GET /~daveh/sean/song/pbsong5.html HTTP/1.1" 200 13272 /home/users/d/daveh/public_html/sean/song/pbsong5.html "http://www.accesscom.com/~daveh/sean/song/pbsong0.html" "Mozilla/4.0 (compatible; MSIE 8.0; Windows NT 5.1; Trident/4.0; GTB6.4; .NET CLR 1.0.3705; .NET CLR 1.1.4322; .NET CLR 2.0.50727; Media Center PC 4.0; .NET CLR 3.0.04506.30; .NET CLR 3.0.04506.648; .NET CLR 3.5.21022; .NET CLR 3.0.4506.2152;
68.102.43.33 - - [01/Feb/2010:15:31:44 -0800] "GET /~daveh/sean/song/pbsong3.html HTTP/1.1" 200 65639 /home/users/d/daveh/public_html/sean/song/pbsong3.html "http://www.accesscom.com/~daveh/sean/song/pbsong0.html" "Mozilla/4.0 (compatible; MSIE 8.0; Windows NT 5.1; Trident/4.0; GTB6.4; .NET CLR 1.0.3705; .NET CLR 1.1.4322; .NET CLR 2.0.50727; Media Center PC 4.0; .NET CLR 3.0.04506.30; .NET CLR 3.0.04506.648; .NET CLR 3.5.21022; .NET CLR 3.0.4506.2152;
59.188.106.242 - - [01/Feb/2010:15:32:12 -0800] "GET /~daveh/sean/song/pbsong4.html HTTP/1.1" 200 59712 /home/users/d/daveh/public_html/sean/song/pbsong4.html "-" "Mozilla/5.0 (Windows; U; Windows NT 5.1; en-US; rv:1.8.1) Gecko/20061010 Firefox/2.0" 0 www.accesscom.com
75.187.138.108 - - [01/Feb/2010:15:38:03 -0800] "GET /~daveh/sean/song/index.html HTTP/1.1" 404 307 /home/users/d/daveh/public_html/sean/song/index.html "http://www.accesscom.com/~daveh/sean/song/songskit.html" "Mozilla/5.0 (Windows; U; Windows NT 5.1; en-US; rv:1.9.1.7) Gecko/20091221 Firefox/3.5.7" 0 www.accesscom.com
79.98.23.9 - - [01/Feb/2010:15:39:03 -0800] "GET /~daveh/logs/access.log////index.php?_REQUEST=&_REQUEST%5boption%5d=com_content&_REQUEST%5bItemid%5d=1&GLOBALS=&mosConfig_absolute_path=http://www.manpoints.net/ei/11.txt???? HTTP/1.1" 404 315 /home/users/d/daveh/public_html/logs/access.log "-" "Mozilla/5.0" 0 www.accesscom.com
79.98.23.9 - - [01/Feb/2010:15:39:03 -0800] "GET /~daveh/logs////index.php?_REQUEST=&_REQUEST%5boption%5d=com_content&_REQUEST%5bItemid%5d=1&GLOBALS=&mosConfig_absolute_path=http://www.manpoints.net/ei/11.txt???? HTTP/1.1" 404 304 /home/users/d/daveh/public_html/logs////index.php "-" "Mozilla/5.0" 0 www.accesscom.com
79.98.23.9 - - [01/Feb/2010:15:39:03 -0800] "GET /~daveh////index.php?_REQUEST=&_REQUEST%5boption%5d=com_content&_REQUEST%5bItemid%5d=1&GLOBALS=&mosConfig_absolute_path=http://www.manpoints.net/ei/11.txt???? HTTP/1.1" 404 299 /home/users/d/daveh/public_html/index.php "-" "Mozilla/5.0" 0 www.accesscom.com
64.185.41.143 - - [01/Feb/2010:15:39:26 -0800] "GET /~daveh/sean/song/new.gif HTTP/1.1" 200 147 /home/users/d/daveh/public_html/sean/song/new.gif "http://www.accesscom.com/~daveh/sean/song/songskit.html" "Mozilla/5.0 (Macintosh; U; Intel Mac OS X 10_5_8; en-us) AppleWebKit/531.21.8 (KHTML, like Gecko) Version/4.0.4 Safari/531.21.10" 0 www.accesscom.com
64.185.41.143 - - [01/Feb/2010:15:39:26 -0800] "GET /~daveh/sean/song/Updated.gif HTTP/1.1" 200 1226 /home/users/d/daveh/public_html/sean/song/Updated.gif "http://www.accesscom.com/~daveh/sean/song/songskit.html" "Mozilla/5.0 (Macintosh; U; Intel Mac OS X 10_5_8; en-us) AppleWebKit/531.21.8 (KHTML, like Gecko) Version/4.0.4 Safari/531.21.10" 0 www.accesscom.com
64.185.41.143 - - [01/Feb/2010:15:39:27 -0800] "GET /~daveh/sean/song/songskit.html HTTP/1.1" 200 51136 /home/users/d/daveh/public_html/sean/song/songskit.html "http://www.google.com/search?hl=en&q=Cub+scout+cheer&aq=f&aqi=g10&oq=" "Mozilla/5.0 (Macintosh; U; Intel Mac OS X 10_5_8; en-us) AppleWebKit/531.21.8 (KHTML, like Gecko) Version/4.0.4 Safari/531.21.10" 1 www.accesscom.com
67.195.112.61 - - [01/Feb/2010:15:41:20 -0800] "GET /~daveh/sean/song/pbsong4.html HTTP/1.0" 200 59712 /home/users/d/daveh/public_html/sean/song/pbsong4.html "-" "Mozilla/5.0 (compatible; Yahoo! Slurp/3.0; http://help.yahoo.com/help/us/ysearch/slurp)" 0 www.accesscom.com
66.235.124.14 - - [01/Feb/2010:15:44:17 -0800] "GET /%7Edaveh/sean/song/pbsong0.html HTTP/1.1" 200 15827 /home/users/d/daveh/public_html/sean/song/pbsong0.html "-" "Mozilla/5.0 (compatible; Ask Jeeves/Teoma; +http://about.ask.com/en/docs/about/webmasters.shtml)" 0 www.accesscom.com
59.188.106.242 - - [01/Feb/2010:15:44:41 -0800] "GET /~daveh/sean/song/pbsong4.html HTTP/1.1" 200 59712 /home/users/d/daveh/public_html/sean/song/pbsong4.html "-" "Mozilla/5.0 (Windows; U; Windows NT 5.1; en-US; rv:1.8.1) Gecko/20061010 Firefox/2.0" 1 www.accesscom.com
68.102.43.33 - - [01/Feb/2010:15:45:18 -0800] "GET /~daveh/sean/song/pbsong1.html HTTP/1.1" 200 41905 /home/users/d/daveh/public_html/sean/song/pbsong1.html "http://www.google.com/search?q=funny+boy+scout+songs&rls=com.microsoft:en-us:IE-SearchBox&ie=UTF-8&oe=UTF-8&sourceid=ie7&rlz=1I7GCNV_en" "Mozilla/4.0 (compatible; MSIE 8.0; Windows NT 5.1; Trident/4.0; GTB6.4; .NET CLR 1.0.3705; .NET CLR 1.1.4322; .NET CLR 2.0.50727; Media Center PC 4.0; .NET CLR 3
65.185.67.8 - - [01/Feb/2010:15:54:31 -0800] "GET /~daveh/sean/song/new.gif HTTP/1.1" 200 147 /home/users/d/daveh/public_html/sean/song/new.gif "http://www.accesscom.com/~daveh/sean/song/songskit.html" "Mozilla/5.0 (Windows; U; Windows NT 5.1; en-US; rv:1.9.1.7) Gecko/20091221 Firefox/3.5.7 (.NET CLR 3.5.30729)" 0 www.accesscom.com
65.185.67.8 - - [01/Feb/2010:15:54:31 -0800] "GET /~daveh/sean/song/Updated.gif HTTP/1.1" 200 1226 /home/users/d/daveh/public_html/sean/song/Updated.gif "http://www.accesscom.com/~daveh/sean/song/songskit.html" "Mozilla/5.0 (Windows; U; Windows NT 5.1; en-US; rv:1.9.1.7) Gecko/20091221 Firefox/3.5.7 (.NET CLR 3.5.30729)" 0 www.accesscom.com
65.185.67.8 - - [01/Feb/2010:15:54:31 -0800] "GET /~daveh/sean/song/songskit.html HTTP/1.1" 200 51136 /home/users/d/daveh/public_html/sean/song/songskit.html "http://www.google.com/url?sa=t&source=web&ct=res&cd=65&ved=0CBIQFjAEODw&url=http%3A%2F%2Fwww.accesscom.com%2F~daveh%2Fsean%2Fsong%2Fsongskit.html&rct=j&q=skits+about+shoe+store&ei=nGlnS6nvJIPl8Qaz95SeAw&usg=AFQjCNEezqVqzbNdeCH3cpG-kQagNKfmbA" "Mozilla/5.0 (Windows; U; Windows NT 5.1; en-US; rv:1.
79.98.23.9 - - [01/Feb/2010:15:54:46 -0800] "GET /~daveh/logs/access.log%20%20////index.php?_REQUEST=&_REQUEST%5boption%5d=com_content&_REQUEST%5bItemid%5d=1&GLOBALS=&mosConfig_absolute_path=http://www.manpoints.net/ei/11.txt???? HTTP/1.1" 404 317 /home/users/d/daveh/public_html/logs/access.log "-" "Mozilla/5.0" 0 www.accesscom.com
88.131.106.10 - - [01/Feb/2010:15:58:24 -0800] "GET /~daveh/sean/song/pbsong4.html HTTP/1.0" 200 59712 /home/users/d/daveh/public_html/sean/song/pbsong4.html "-" "Speedy Spider (http://www.entireweb.com/about/search_tech/speedy_spider/)" 0 www.accesscom.com
67.195.114.224 - - [01/Feb/2010:15:58:33 -0800] "GET /~daveh/logs/Apr03.html HTTP/1.0" 200 12901 /home/users/d/daveh/public_html/logs/Apr03.html "-" "Mozilla/5.0 (compatible; Yahoo! Slurp/3.0; http://help.yahoo.com/help/us/ysearch/slurp)" 0 www.accesscom.com
209.237.4.210 - - [01/Feb/2010:16:01:14 -0800] "GET /~daveh/sean/song/pbsong1.html HTTP/1.1" 200 41905 /home/users/d/daveh/public_html/sean/song/pbsong1.html "http://www.google.com/search?q=fell+into+the+deep+dark+well" "Mozilla/5.0 (Windows; U; Windows NT 5.1; en-US; rv:1.9.1.6) Gecko/20091201 Firefox/3.5.6 GTB6 FBSMTWB" 0 www.accesscom.com
96.13.234.53 - - [01/Feb/2010:16:02:36 -0800] "GET /~daveh/sean/song/songskit.html HTTP/1.1" 200 51136 /home/users/d/daveh/public_html/sean/song/songskit.html "http://www.google.com/search?client=safari&rls=en&q=skit+bakery&ie=UTF-8&oe=UTF-8" "Mozilla/5.0 (Macintosh; U; Intel Mac OS X 10_6; en-us) AppleWebKit/531.9 (KHTML, like Gecko) Version/4.0.3 Safari/531.9" 0 www.accesscom.com
96.13.234.53 - - [01/Feb/2010:16:02:37 -0800] "GET /~daveh/sean/song/new.gif HTTP/1.1" 200 147 /home/users/d/daveh/public_html/sean/song/new.gif "http://www.accesscom.com/~daveh/sean/song/songskit.html" "Mozilla/5.0 (Macintosh; U; Intel Mac OS X 10_6; en-us) AppleWebKit/531.9 (KHTML, like Gecko) Version/4.0.3 Safari/531.9" 0 www.accesscom.com
96.13.234.53 - - [01/Feb/2010:16:02:37 -0800] "GET /~daveh/sean/song/Updated.gif HTTP/1.1" 200 1226 /home/users/d/daveh/public_html/sean/song/Updated.gif "http://www.accesscom.com/~daveh/sean/song/songskit.html" "Mozilla/5.0 (Macintosh; U; Intel Mac OS X 10_6; en-us) AppleWebKit/531.9 (KHTML, like Gecko) Version/4.0.3 Safari/531.9" 0 www.accesscom.com
222.73.17.7 - - [01/Feb/2010:16:06:48 -0800] "GET /~daveh////index.php?_REQUEST=&_REQUEST%5boption%5d=com_content&_REQUEST%5bItemid%5d=1&GLOBALS=&mosConfig_absolute_path=http://www.infocleaner.com/bbs///skin/ggambo7002_board/sc1? HTTP/1.1" 404 299 /home/users/d/daveh/public_html/index.php "-" "Mozilla/5.0" 0 www.accesscom.com
222.73.17.7 - - [01/Feb/2010:16:06:49 -0800] "GET /~daveh/logs/access.log%20%20////index.php?_REQUEST=&_REQUEST%5boption%5d=com_content&_REQUEST%5bItemid%5d=1&GLOBALS=&mosConfig_absolute_path=http://www.infocleaner.com/bbs///skin/ggambo7002_board/sc1? HTTP/1.1" 404 317 /home/users/d/daveh/public_html/logs/access.log "-" "Mozilla/5.0" 0 www.accesscom.com
222.73.17.7 - - [01/Feb/2010:16:06:53 -0800] "GET /~daveh/logs////index.php?_REQUEST=&_REQUEST%5boption%5d=com_content&_REQUEST%5bItemid%5d=1&GLOBALS=&mosConfig_absolute_path=http://www.infocleaner.com/bbs///skin/ggambo7002_board/sc1? HTTP/1.1" 404 304 /home/users/d/daveh/public_html/logs////index.php "-" "Mozilla/5.0" 0 www.accesscom.com
219.94.194.248 - - [01/Feb/2010:16:08:45 -0800] "GET /~daveh/logs////index.php?_REQUEST=&_REQUEST%5boption%5d=com_content&_REQUEST%5bItemid%5d=1&GLOBALS=&mosConfig_absolute_path=http://www.infocleaner.com/bbs///skin/ggambo7002_board/sc1? HTTP/1.1" 404 304 /home/users/d/daveh/public_html/logs////index.php "-" "Mozilla/5.0" 0 www.accesscom.com
219.94.194.248 - - [01/Feb/2010:16:08:45 -0800] "GET /~daveh/logs/access.log%20%20////index.php?_REQUEST=&_REQUEST%5boption%5d=com_content&_REQUEST%5bItemid%5d=1&GLOBALS=&mosConfig_absolute_path=http://www.infocleaner.com/bbs///skin/ggambo7002_board/sc1? HTTP/1.1" 404 317 /home/users/d/daveh/public_html/logs/access.log "-" "Mozilla/5.0" 0 www.accesscom.com
219.94.194.248 - - [01/Feb/2010:16:08:45 -0800] "GET /~daveh////index.php?_REQUEST=&_REQUEST%5boption%5d=com_content&_REQUEST%5bItemid%5d=1&GLOBALS=&mosConfig_absolute_path=http://www.infocleaner.com/bbs///skin/ggambo7002_board/sc1? HTTP/1.1" 404 299 /home/users/d/daveh/public_html/index.php "-" "Mozilla/5.0" 0 www.accesscom.com
200.234.200.155 - - [01/Feb/2010:16:11:56 -0800] "GET /~daveh/logs/access.log//parse/parser.php?WN_BASEDIR=../../../../../../../../../../../../../../../../../../../../../../../../proc/self/environ%00 HTTP/1.1" 404 320 /home/users/d/daveh/public_html/logs/access.log "-" "Mozilla/5.0 (X11; U; Linux i686; en-US; rv:1.9.0.16) Gecko/2009121601 Ubuntu/8.10 (intrepid) Firefox/3.0.16" 0 www.accesscom.com
200.234.200.155 - - [01/Feb/2010:16:11:57 -0800] "GET /~daveh/logs/access.log//parse/parser.php?WN_BASEDIR=../../../../../../../../../../../../../../../../../../../../../../../../proc/self/environ HTTP/1.1" 404 320 /home/users/d/daveh/public_html/logs/access.log "-" "Mozilla/5.0 (X11; U; Linux i686; en-US; rv:1.9.0.16) Gecko/2009121601 Ubuntu/8.10 (intrepid) Firefox/3.0.16" 0 www.accesscom.com
69.205.93.218 - - [01/Feb/2010:16:14:25 -0800] "GET /~daveh/sean/song/pbsong0.html HTTP/1.1" 200 15827 /home/users/d/daveh/public_html/sean/song/pbsong0.html "http://www.google.com/search?q=Boy+Scout+Hymns&ie=utf-8&oe=utf-8&aq=t&rls=org.mozilla:en-US:official&client=firefox-a" "Mozilla/5.0 (Macintosh; U; Intel Mac OS X 10.4; en-US; rv:1.9.1.7) Gecko/20091221 Firefox/3.5.7" 0 www.accesscom.com
69.205.93.218 - - [01/Feb/2010:16:14:25 -0800] "GET /~daveh/sean/song/new.gif HTTP/1.1" 200 147 /home/users/d/daveh/public_html/sean/song/new.gif "http://www.accesscom.com/~daveh/sean/song/pbsong0.html" "Mozilla/5.0 (Macintosh; U; Intel Mac OS X 10.4; en-US; rv:1.9.1.7) Gecko/20091221 Firefox/3.5.7" 0 www.accesscom.com
97.113.247.50 - - [01/Feb/2010:16:16:39 -0800] "GET /~daveh/sunset-blue.jpg HTTP/1.1" 304 - /home/users/d/daveh/public_html/sunset-blue.jpg "http://chatango.com/fpix?keisedia" "Mozilla/4.0 (compatible; MSIE 7.0; Windows NT 5.1; GTB6.3; .NET CLR 1.1.4322; .NET CLR 2.0.50727; Qwest 1.0; .NET CLR 3.0.4506.2152; .NET CLR 3.5.30729; Qwest 1.0)" 0 www.accesscom.com
222.73.17.7 - - [01/Feb/2010:16:27:45 -0800] "GET /~daveh/logs/access.log////index.php?_REQUEST=&_REQUEST%5boption%5d=com_content&_REQUEST%5bItemid%5d=1&GLOBALS=&mosConfig_absolute_path=http://www.infocleaner.com/bbs///skin/ggambo7002_board/sc1? HTTP/1.1" 404 315 /home/users/d/daveh/public_html/logs/access.log "-" "Mozilla/5.0" 0 www.accesscom.com
66.31.88.6 - - [01/Feb/2010:16:27:55 -0800] "GET /~daveh/sean/song/new.gif HTTP/1.1" 200 147 /home/users/d/daveh/public_html/sean/song/new.gif "http://www.accesscom.com/~daveh/sean/song/songskit.html" "Mozilla/4.0 (compatible; MSIE 8.0; Windows NT 5.1; Trident/4.0; GTB6.4)" 0 www.accesscom.com
66.31.88.6 - - [01/Feb/2010:16:27:55 -0800] "GET /~daveh/sean/song/songskit.html HTTP/1.1" 200 51136 /home/users/d/daveh/public_html/sean/song/songskit.html "http://www.google.com/search?hl=en&rls=com.microsoft:en-us:IE-SearchBox&rlz=1I7GGLL_en&q=webelos+scout+skits&revid=1034320163&ei=YXFnS5m3HqTFmQfbr_iaAQ&sa=X&oi=revisions_inline&resnum=0&ct=broad-revision&cd=2&ved=0CCMQ1QIoAQ" "Mozilla/4.0 (compatible; MSIE 8.0; Windows NT 5.1; Trident/4.0; GTB6.4)
66.31.88.6 - - [01/Feb/2010:16:27:55 -0800] "GET /~daveh/sean/song/Updated.gif HTTP/1.1" 200 1226 /home/users/d/daveh/public_html/sean/song/Updated.gif "http://www.accesscom.com/~daveh/sean/song/songskit.html" "Mozilla/4.0 (compatible; MSIE 8.0; Windows NT 5.1; Trident/4.0; GTB6.4)" 0 www.accesscom.com
219.94.194.248 - - [01/Feb/2010:16:28:48 -0800] "GET /~daveh/logs/access.log////index.php?_REQUEST=&_REQUEST%5boption%5d=com_content&_REQUEST%5bItemid%5d=1&GLOBALS=&mosConfig_absolute_path=http://www.infocleaner.com/bbs///skin/ggambo7002_board/sc1? HTTP/1.1" 404 315 /home/users/d/daveh/public_html/logs/access.log "-" "Mozilla/5.0" 0 www.accesscom.com
98.172.156.145 - - [01/Feb/2010:16:29:25 -0800] "GET /~daveh/sean/song/pbsong0.html HTTP/1.1" 200 15827 /home/users/d/daveh/public_html/sean/song/pbsong0.html "http://www.google.com/search?hl=en&rlz=1W1ADBF_en&q=the+hole+song+Home+on+the+range+played+numberC+by+hermonica&start=20&sa=N" "Mozilla/4.0 (compatible; MSIE 8.0; Windows NT 6.0; Trident/4.0; GTB6; SLCC1; .NET CLR 2.0.50727; .NET CLR 3.5.30729; .NET CLR 3.0.30618)" 0 www.accesscom.com
98.172.156.145 - - [01/Feb/2010:16:29:25 -0800] "GET /~daveh/sean/song/new.gif HTTP/1.1" 200 147 /home/users/d/daveh/public_html/sean/song/new.gif "http://www.accesscom.com/~daveh/sean/song/pbsong0.html" "Mozilla/4.0 (compatible; MSIE 8.0; Windows NT 6.0; Trident/4.0; GTB6; SLCC1; .NET CLR 2.0.50727; .NET CLR 3.5.30729; .NET CLR 3.0.30618)" 0 www.accesscom.com
98.172.156.145 - - [01/Feb/2010:16:29:58 -0800] "GET /~daveh/sean/song/Updated.gif HTTP/1.1" 200 1226 /home/users/d/daveh/public_html/sean/song/Updated.gif "http://www.accesscom.com/~daveh/sean/song/songskit.html" "Mozilla/4.0 (compatible; MSIE 8.0; Windows NT 6.0; Trident/4.0; GTB6; SLCC1; .NET CLR 2.0.50727; .NET CLR 3.5.30729; .NET CLR 3.0.30618)" 0 www.accesscom.com
98.172.156.145 - - [01/Feb/2010:16:29:58 -0800] "GET /~daveh/sean/song/songskit.html HTTP/1.1" 200 51136 /home/users/d/daveh/public_html/sean/song/songskit.html "http://www.accesscom.com/~daveh/sean/song/pbsong0.html" "Mozilla/4.0 (compatible; MSIE 8.0; Windows NT 6.0; Trident/4.0; GTB6; SLCC1; .NET CLR 2.0.50727; .NET CLR 3.5.30729; .NET CLR 3.0.30618)" 0 www.accesscom.com
200.234.200.155 - - [01/Feb/2010:16:37:37 -0800] "GET /~daveh/logs/access.log//assets/snippets/reflect/snippet.reflect.php?reflect_base=../../../../../../../../../../../../../../../../../../../../../../../../proc/self/environ%00 HTTP/1.1" 404 347 /home/users/d/daveh/public_html/logs/access.log "-" "Mozilla/5.0 (X11; U; Linux i686; en-US; rv:1.9.0.16) Gecko/2009121601 Ubuntu/8.10 (intrepid) Firefox/3.0.16" 0 www.accesscom.com
200.234.200.155 - - [01/Feb/2010:16:37:38 -0800] "GET /~daveh/logs/access.log//assets/snippets/reflect/snippet.reflect.php?reflect_base=../../../../../../../../../../../../../../../../../../../../../../../../proc/self/environ HTTP/1.1" 404 347 /home/users/d/daveh/public_html/logs/access.log "-" "Mozilla/5.0 (X11; U; Linux i686; en-US; rv:1.9.0.16) Gecko/2009121601 Ubuntu/8.10 (intrepid) Firefox/3.0.16" 0 www.accesscom.com
207.218.200.0 - - [01/Feb/2010:16:49:07 -0800] "GET /~daveh/logs//technote7/skin_shop/standard/3_plugin_twindow/twindow_notice.php?shop_this_skin_path=http://www.hanchungyo.com/cgi/files/mainbanner/1.jpg? HTTP/1.1" 404 357 /home/users/d/daveh/public_html/logs//technote7 "-" "Mozilla/5.0" 0 www.accesscom.com
207.218.200.0 - - [01/Feb/2010:16:49:07 -0800] "GET /~daveh/logs/access.log//technote7/skin_shop/standard/3_plugin_twindow/twindow_notice.php?shop_this_skin_path=http://www.hanchungyo.com/cgi/files/mainbanner/1.jpg? HTTP/1.1" 404 368 /home/users/d/daveh/public_html/logs/access.log "-" "Mozilla/5.0" 0 www.accesscom.com
207.218.200.0 - - [01/Feb/2010:16:49:07 -0800] "GET /~daveh//technote7/skin_shop/standard/3_plugin_twindow/twindow_notice.php?shop_this_skin_path=http://www.hanchungyo.com/cgi/files/mainbanner/1.jpg? HTTP/1.1" 404 352 /home/users/d/daveh/public_html/technote7 "-" "Mozilla/5.0" 0 www.accesscom.com
207.218.200.0 - - [01/Feb/2010:16:52:16 -0800] "GET /~daveh/logs/access.log%20%20//technote7/skin_shop/standard/3_plugin_twindow/twindow_notice.php?shop_this_skin_path=http://www.hanchungyo.com/cgi/files/mainbanner/1.jpg? HTTP/1.1" 404 370 /home/users/d/daveh/public_html/logs/access.log "-" "Mozilla/5.0" 0 www.accesscom.com
83.149.110.210 - - [01/Feb/2010:16:57:35 -0800] "GET /~daveh/logs//technote7/skin_shop/standard/3_plugin_twindow/twindow_notice.php?shop_this_skin_path=http://www.nanumsoft.com/gnuboard4/data/geditor/id1.txt?? HTTP/1.1" 404 357 /home/users/d/daveh/public_html/logs//technote7 "-" "Mozilla/5.0" 0 www.accesscom.com
83.149.110.210 - - [01/Feb/2010:16:57:35 -0800] "GET /~daveh//technote7/skin_shop/standard/3_plugin_twindow/twindow_notice.php?shop_this_skin_path=http://www.nanumsoft.com/gnuboard4/data/geditor/id1.txt?? HTTP/1.1" 404 352 /home/users/d/daveh/public_html/technote7 "-" "Mozilla/5.0" 0 www.accesscom.com
83.149.110.210 - - [01/Feb/2010:16:57:35 -0800] "GET /~daveh/logs/access.log%20%20//technote7/skin_shop/standard/3_plugin_twindow/twindow_notice.php?shop_this_skin_path=http://www.nanumsoft.com/gnuboard4/data/geditor/id1.txt?? HTTP/1.1" 404 370 /home/users/d/daveh/public_html/logs/access.log "-" "Mozilla/5.0" 0 www.accesscom.com
75.14.217.97 - - [01/Feb/2010:17:07:24 -0800] "GET /~daveh/sean/song/pbsong0.html HTTP/1.1" 200 15827 /home/users/d/daveh/public_html/sean/song/pbsong0.html "http://search.yahoo.com/search;_ylt=Aj6dE7qnY.ODQtLA0s7.Me6mN3wV?p=boy+scout+songs&fr=att-portal-s&toggle=1&cop=&ei=UTF-8" "Mozilla/4.0 (compatible; MSIE 6.0; Windows NT 5.1; FunWebProducts; .NET CLR 1.1.4322)" 0 www.accesscom.com
75.14.217.97 - - [01/Feb/2010:17:07:24 -0800] "GET /~daveh/sean/song/new.gif HTTP/1.1" 200 147 /home/users/d/daveh/public_html/sean/song/new.gif "http://www.accesscom.com/~daveh/sean/song/pbsong0.html" "Mozilla/4.0 (compatible; MSIE 6.0; Windows NT 5.1; FunWebProducts; .NET CLR 1.1.4322)" 0 www.accesscom.com
75.14.217.97 - - [01/Feb/2010:17:08:35 -0800] "GET /~daveh/sean/song/pbsong5.html HTTP/1.1" 200 13272 /home/users/d/daveh/public_html/sean/song/pbsong5.html "http://www.accesscom.com/~daveh/sean/song/pbsong0.html" "Mozilla/4.0 (compatible; MSIE 6.0; Windows NT 5.1; FunWebProducts; .NET CLR 1.1.4322)" 0 www.accesscom.com
75.14.217.97 - - [01/Feb/2010:17:08:58 -0800] "GET /~daveh/sean/song/songskit.html HTTP/1.1" 200 51136 /home/users/d/daveh/public_html/sean/song/songskit.html "http://www.accesscom.com/~daveh/sean/song/pbsong5.html" "Mozilla/4.0 (compatible; MSIE 6.0; Windows NT 5.1; FunWebProducts; .NET CLR 1.1.4322)" 0 www.accesscom.com
75.14.217.97 - - [01/Feb/2010:17:08:58 -0800] "GET /~daveh/sean/song/Updated.gif HTTP/1.1" 200 1226 /home/users/d/daveh/public_html/sean/song/Updated.gif "http://www.accesscom.com/~daveh/sean/song/songskit.html" "Mozilla/4.0 (compatible; MSIE 6.0; Windows NT 5.1; FunWebProducts; .NET CLR 1.1.4322)" 0 www.accesscom.com
71.79.44.57 - - [01/Feb/2010:17:10:26 -0800] "GET /~daveh/sean/song/pbsong0.html HTTP/1.1" 200 15827 /home/users/d/daveh/public_html/sean/song/pbsong0.html "http://www.google.com/search?sourceid=ie7&q=cub+scout+pirate+song&rls=com.microsoft:en-us:IE-SearchBox&ie=UTF-8&oe=UTF-8&rlz=1I7SNNT_enUS358US359" "Mozilla/4.0 (compatible; MSIE 8.0; Windows NT 6.1; WOW64; Trident/4.0; GTB6.3; SLCC2; .NET CLR 2.0.50727; .NET CLR 3.5.30729; .NET CLR 3.0.30729; Media
71.79.44.57 - - [01/Feb/2010:17:10:26 -0800] "GET /~daveh/sean/song/new.gif HTTP/1.1" 200 147 /home/users/d/daveh/public_html/sean/song/new.gif "http://www.accesscom.com/~daveh/sean/song/pbsong0.html" "Mozilla/4.0 (compatible; MSIE 8.0; Windows NT 6.1; WOW64; Trident/4.0; GTB6.3; SLCC2; .NET CLR 2.0.50727; .NET CLR 3.5.30729; .NET CLR 3.0.30729; Media Center PC 6.0; OfficeLiveConnector.1.4; OfficeLivePatch.1.3)" 0 www.accesscom.com
166.227.133.17 - - [01/Feb/2010:17:11:26 -0800] "GET /~daveh/sean/song/pbsong0.html HTTP/1.1" 200 15827 /home/users/d/daveh/public_html/sean/song/pbsong0.html "http://www.google.com/m?q=boy+scout+songbook" "Mozilla/4.0 (compatible; MSIE 6.0; Windows CE; IEMobile 7.11) USCCHTC6850" 0 www.accesscom.com
166.227.133.17 - - [01/Feb/2010:17:11:32 -0800] "GET /~daveh/sean/song/new.gif HTTP/1.1" 200 147 /home/users/d/daveh/public_html/sean/song/new.gif "http://www.accesscom.com/~daveh/sean/song/pbsong0.html" "Mozilla/4.0 (compatible; MSIE 6.0; Windows CE; IEMobile 7.11) USCCHTC6850" 0 www.accesscom.com
166.227.133.17 - - [01/Feb/2010:17:12:02 -0800] "GET /~daveh/sean/song/pbsong1.html HTTP/1.1" 200 41905 /home/users/d/daveh/public_html/sean/song/pbsong1.html "http://www.accesscom.com/~daveh/sean/song/pbsong0.html" "Mozilla/4.0 (compatible; MSIE 6.0; Windows CE; IEMobile 7.11) USCCHTC6850" 0 www.accesscom.com
83.149.110.210 - - [01/Feb/2010:17:12:59 -0800] "GET /~daveh/logs/access.log//technote7/skin_shop/standard/3_plugin_twindow/twindow_notice.php?shop_this_skin_path=http://www.nanumsoft.com/gnuboard4/data/geditor/id1.txt?? HTTP/1.1" 404 368 /home/users/d/daveh/public_html/logs/access.log "-" "Mozilla/5.0" 0 www.accesscom.com
166.227.133.17 - - [01/Feb/2010:17:13:57 -0800] "GET /~daveh/sean/song/pbsong1.html HTTP/1.1" 304 - /home/users/d/daveh/public_html/sean/song/pbsong1.html "http://www.accesscom.com/~daveh/sean/song/pbsong0.html" "Mozilla/4.0 (compatible; MSIE 6.0; Windows CE; IEMobile 7.11) USCCHTC6850" 0 www.accesscom.com
203.251.225.152 - - [01/Feb/2010:17:17:29 -0800] "GET /~daveh/logs/access.log//technote7/skin_shop/standard/3_plugin_twindow/twindow_notice.php?shop_this_skin_path=http://kidosuh.or.kr/zb41pl8/bbs/skin/buzzard_espoon/.../id?? HTTP/1.1" 404 368 /home/users/d/daveh/public_html/logs/access.log "-" "libwww-perl/5.65" 0 www.accesscom.com
203.251.225.152 - - [01/Feb/2010:17:17:30 -0800] "GET /~daveh/logs//technote7/skin_shop/standard/3_plugin_twindow/twindow_notice.php?shop_this_skin_path=http://kidosuh.or.kr/zb41pl8/bbs/skin/buzzard_espoon/.../id?? HTTP/1.1" 404 357 /home/users/d/daveh/public_html/logs//technote7 "-" "libwww-perl/5.65" 0 www.accesscom.com
75.230.156.16 - - [01/Feb/2010:17:35:45 -0800] "GET /~daveh/sean/song/pbsong4.html HTTP/1.1" 200 59712 /home/users/d/daveh/public_html/sean/song/pbsong4.html "http://www.google.com/search?hl=en&q=boy+scout+songs+lyrics&start=30&sa=N" "Mozilla/4.0 (compatible; MSIE 7.0; Windows NT 5.1; .NET CLR 1.1.4322; InfoPath.2)" 0 www.accesscom.com
76.212.229.217 - - [01/Feb/2010:17:50:05 -0800] "GET /~daveh/sean/song/pbsong0.html HTTP/1.1" 200 15827 /home/users/d/daveh/public_html/sean/song/pbsong0.html "http://www.google.com/url?sa=t&source=web&ct=res&cd=2&ved=0CAsQFjAB&url=http%3A%2F%2Fwww.accesscom.com%2F~daveh%2Fsean%2Fsong%2Fpbsong0.html&rct=j&q=cub+scout+pirate+songs&ei=f3hnS96eHo3ANrGdlZUG&usg=AFQjCNHgP_ZfZ8RDWfQrUYY2iGKek6ZZ3w&sig2=3-NIJyVHzYLJ8l1qWa--2w" "Mozilla/5.0 (Macintosh; U; Intel
76.212.229.217 - - [01/Feb/2010:17:50:05 -0800] "GET /~daveh/sean/song/new.gif HTTP/1.1" 200 147 /home/users/d/daveh/public_html/sean/song/new.gif "http://www.accesscom.com/~daveh/sean/song/pbsong0.html" "Mozilla/5.0 (Macintosh; U; Intel Mac OS X 10.6; en-GB; rv:1.9.2) Gecko/20100115 Firefox/3.6" 0 www.accesscom.com
76.212.229.217 - - [01/Feb/2010:17:50:40 -0800] "GET /~daveh/sean/song/pbsong4.html HTTP/1.1" 200 59712 /home/users/d/daveh/public_html/sean/song/pbsong4.html "http://www.accesscom.com/~daveh/sean/song/pbsong0.html" "Mozilla/5.0 (Macintosh; U; Intel Mac OS X 10.6; en-GB; rv:1.9.2) Gecko/20100115 Firefox/3.6" 1 www.accesscom.com
98.30.38.137 - - [01/Feb/2010:17:56:34 -0800] "GET /~daveh/sunset-pink-big.jpg HTTP/1.1" 200 758233 /home/users/d/daveh/public_html/sunset-pink-big.jpg "http://www.myspace.com/imnotbitchyimthebitch" "Mozilla/4.0 (compatible; MSIE 7.0; Windows NT 6.0; SLCC1; .NET CLR 2.0.50727; Media Center PC 5.0; .NET CLR 3.5.30729; .NET CLR 3.0.30618)" 4 www.accesscom.com
66.235.124.14 - - [01/Feb/2010:17:58:03 -0800] "GET /%7Edaveh/sean/song/pbsong2.html HTTP/1.1" 200 54080 /home/users/d/daveh/public_html/sean/song/pbsong2.html "-" "Mozilla/5.0 (compatible; Ask Jeeves/Teoma; +http://about.ask.com/en/docs/about/webmasters.shtml)" 0 www.accesscom.com
79.170.45.126 - - [01/Feb/2010:18:14:12 -0800] "GET /~daveh/logs/access.log%20%20////skin/ggambo7002_board/comment_modify.php?dir=http://musicadelibreria.net/footer?? HTTP/1.1" 404 348 /home/users/d/daveh/public_html/logs/access.log "-" "Mozilla/5.0" 0 www.accesscom.com
79.170.45.126 - - [01/Feb/2010:18:14:12 -0800] "GET /~daveh////skin/ggambo7002_board/comment_modify.php?dir=http://musicadelibreria.net/footer?? HTTP/1.1" 404 330 /home/users/d/daveh/public_html/skin "-" "Mozilla/5.0" 0 www.accesscom.com /home/users/d/daveh/public_html/logs////skin79.170.45.126 - - [01/Feb/2010:18:14:12 -0800] "GET /~daveh/logs////skin/ggambo7002_board/comment_modify.php?dir=http://musicadelibreria.net/footer?? HTTP/1.1" 404 335 /home/users/d/daveh/publ
79.170.45.126 - - [01/Feb/2010:18:14:12 -0800] "GET /~daveh/logs/access.log%20%20////skin/ggambo7002_board/comment_modify.php?dir=http://musicadelibreria.net/footer?? HTTP/1.1" 404 348 /home/users/d/daveh/public_html/logs/access.log "-" "Mozilla/5.0" 0 www.accesscom.com
79.170.45.126 - - [01/Feb/2010:18:14:12 -0800] "GET /~daveh/logs////skin/ggambo7002_board/comment_modify.php?dir=http://musicadelibreria.net/footer?? HTTP/1.1" 404 335 /home/users/d/daveh/public_html/logs////skin "-" "Mozilla/5.0" 0 www.accesscom.com
79.170.45.126 - - [01/Feb/2010:18:14:12 -0800] "GET /~daveh////skin/ggambo7002_board/comment_modify.php?dir=http://musicadelibreria.net/footer?? HTTP/1.1" 404 330 /home/users/d/daveh/public_html/skin "-" "Mozilla/5.0" 0 www.accesscom.com
79.170.45.126 - - [01/Feb/2010:18:14:19 -0800] "GET /~daveh////skin/ggambo7002_board/comment_modify.php?dir=http://musicadelibreria.net/footer?? HTTP/1.1" 404 330 /home/users/d/daveh/public_html/skin "-" "Mozilla/5.0" 0 www.accesscom.com
79.170.45.126 - - [01/Feb/2010:18:14:19 -0800] "GET /~daveh/logs////skin/ggambo7002_board/comment_modify.php?dir=http://musicadelibreria.net/footer?? HTTP/1.1" 404 335 /home/users/d/daveh/public_html/logs////skin "-" "Mozilla/5.0" 0 www.accesscom.com
79.170.45.126 - - [01/Feb/2010:18:14:19 -0800] "GET /~daveh/logs/access.log%20%20////skin/ggambo7002_board/comment_modify.php?dir=http://musicadelibreria.net/footer?? HTTP/1.1" 404 348 /home/users/d/daveh/public_html/logs/access.log "-" "Mozilla/5.0" 0 www.accesscom.com
79.170.45.126 - - [01/Feb/2010:18:14:21 -0800] "GET /~daveh/logs////skin/ggambo7002_board/comment_modify.php?dir=http://musicadelibreria.net/footer?? HTTP/1.1" 404 335 /home/users/d/daveh/public_html/logs////skin "-" "Mozilla/5.0" 0 www.accesscom.com
79.170.45.126 - - [01/Feb/2010:18:14:21 -0800] "GET /~daveh////skin/ggambo7002_board/comment_modify.php?dir=http://musicadelibreria.net/footer?? HTTP/1.1" 404 330 /home/users/d/daveh/public_html/skin "-" "Mozilla/5.0" 0 www.accesscom.com
79.170.45.126 - - [01/Feb/2010:18:14:21 -0800] "GET /~daveh/logs/access.log%20%20////skin/ggambo7002_board/comment_modify.php?dir=http://musicadelibreria.net/footer?? HTTP/1.1" 404 348 /home/users/d/daveh/public_html/logs/access.log "-" "Mozilla/5.0" 0 www.accesscom.com
79.170.45.126 - - [01/Feb/2010:18:15:29 -0800] "GET /~daveh////skin/ggambo7002_board/comment_modify.php?dir=http://musicadelibreria.net/footer?? HTTP/1.1" 404 330 /home/users/d/daveh/public_html/skin "-" "Mozilla/5.0" 0 www.accesscom.com
79.170.45.126 - - [01/Feb/2010:18:15:29 -0800] "GET /~daveh/logs////skin/ggambo7002_board/comment_modify.php?dir=http://musicadelibreria.net/footer?? HTTP/1.1" 404 335 /home/users/d/daveh/public_html/logs////skin "-" "Mozilla/5.0" 0 www.accesscom.com
79.170.45.126 - - [01/Feb/2010:18:15:29 -0800] "GET /~daveh/logs/access.log%20%20////skin/ggambo7002_board/comment_modify.php?dir=http://musicadelibreria.net/footer?? HTTP/1.1" 404 348 /home/users/d/daveh/public_html/logs/access.log "-" "Mozilla/5.0" 0 www.accesscom.com
79.170.45.126 - - [01/Feb/2010:18:16:01 -0800] "GET /~daveh////skin/ggambo7002_board/comment_modify.php?dir=http://musicadelibreria.net/footer?? HTTP/1.1" 404 330 /home/users/d/daveh/public_html/skin "-" "Mozilla/5.0" 0 www.accesscom.com
79.170.45.126 - - [01/Feb/2010:18:16:01 -0800] "GET /~daveh/logs////skin/ggambo7002_board/comment_modify.php?dir=http://musicadelibreria.net/footer?? HTTP/1.1" 404 335 /home/users/d/daveh/public_html/logs////skin "-" "Mozilla/5.0" 0 www.accesscom.com
79.170.45.126 - - [01/Feb/2010:18:16:01 -0800] "GET /~daveh/logs/access.log%20%20////skin/ggambo7002_board/comment_modify.php?dir=http://musicadelibreria.net/footer?? HTTP/1.1" 404 348 /home/users/d/daveh/public_html/logs/access.log "-" "Mozilla/5.0" 0 www.accesscom.com
79.170.45.126 - - [01/Feb/2010:18:16:21 -0800] "GET /~daveh/logs////skin/ggambo7002_board/comment_modify.php?dir=http://musicadelibreria.net/footer?? HTTP/1.1" 404 335 /home/users/d/daveh/public_html/logs////skin "-" "Mozilla/5.0" 0 www.accesscom.com
79.170.45.126 - - [01/Feb/2010:18:16:21 -0800] "GET /~daveh////skin/ggambo7002_board/comment_modify.php?dir=http://musicadelibreria.net/footer?? HTTP/1.1" 404 330 /home/users/d/daveh/public_html/skin "-" "Mozilla/5.0" 0 www.accesscom.com
79.170.45.126 - - [01/Feb/2010:18:16:21 -0800] "GET /~daveh/logs/access.log%20%20////skin/ggambo7002_board/comment_modify.php?dir=http://musicadelibreria.net/footer?? HTTP/1.1" 404 348 /home/users/d/daveh/public_html/logs/access.log "-" "Mozilla/5.0" 0 www.accesscom.com
79.170.45.126 - - [01/Feb/2010:18:18:13 -0800] "GET /~daveh/logs////skin/ggambo7002_board/comment_modify.php?dir=http://musicadelibreria.net/footer?? HTTP/1.1" 404 335 /home/users/d/daveh/public_html/logs////skin "-" "Mozilla/5.0" 0 www.accesscom.com
79.170.45.126 - - [01/Feb/2010:18:18:13 -0800] "GET /~daveh/logs/access.log%20%20////skin/ggambo7002_board/comment_modify.php?dir=http://musicadelibreria.net/footer?? HTTP/1.1" 404 348 /home/users/d/daveh/public_html/logs/access.log "-" "Mozilla/5.0" 0 www.accesscom.com
79.170.45.126 - - [01/Feb/2010:18:18:13 -0800] "GET /~daveh////skin/ggambo7002_board/comment_modify.php?dir=http://musicadelibreria.net/footer?? HTTP/1.1" 404 330 /home/users/d/daveh/public_html/skin "-" "Mozilla/5.0" 0 www.accesscom.com
219.93.36.90 - - [01/Feb/2010:18:18:21 -0800] "GET /~daveh/logs/access.log////skin/ggambo7002_board/comment_modify.php?dir=http://musicadelibreria.net/footer?? HTTP/1.1" 404 346 /home/users/d/daveh/public_html/logs/access.log "-" "Mozilla/5.0" 0 www.accesscom.com
219.93.36.90 - - [01/Feb/2010:18:18:21 -0800] "GET /~daveh/logs////skin/ggambo7002_board/comment_modify.php?dir=http://musicadelibreria.net/footer?? HTTP/1.1" 404 335 /home/users/d/daveh/public_html/logs////skin "-" "Mozilla/5.0" 0 www.accesscom.com
219.93.36.90 - - [01/Feb/2010:18:18:21 -0800] "GET /~daveh////skin/ggambo7002_board/comment_modify.php?dir=http://musicadelibreria.net/footer?? HTTP/1.1" 404 330 /home/users/d/daveh/public_html/skin "-" "Mozilla/5.0" 0 www.accesscom.com
219.93.36.90 - - [01/Feb/2010:18:20:11 -0800] "GET /~daveh/logs////skin/ggambo7002_board/comment_modify.php?dir=http://musicadelibreria.net/footer?? HTTP/1.1" 404 335 /home/users/d/daveh/public_html/logs////skin "-" "Mozilla/5.0" 0 www.accesscom.com
219.93.36.90 - - [01/Feb/2010:18:20:11 -0800] "GET /~daveh/logs/access.log////skin/ggambo7002_board/comment_modify.php?dir=http://musicadelibreria.net/footer?? HTTP/1.1" 404 346 /home/users/d/daveh/public_html/logs/access.log "-" "Mozilla/5.0" 0 www.accesscom.com
219.93.36.90 - - [01/Feb/2010:18:20:11 -0800] "GET /~daveh////skin/ggambo7002_board/comment_modify.php?dir=http://musicadelibreria.net/footer?? HTTP/1.1" 404 330 /home/users/d/daveh/public_html/skin "-" "Mozilla/5.0" 0 www.accesscom.com
84.40.23.86 - - [01/Feb/2010:18:23:01 -0800] "GET /~daveh/logs/skin_shop/standard/3_plugin_twindow/twindow_notice.php?shop_this_skin_path=http://musicadelibreria.net/footer?? HTTP/1.1" 404 346 /home/users/d/daveh/public_html/logs/skin_shop "-" "Mozilla/5.0" 0 www.accesscom.com
84.40.23.86 - - [01/Feb/2010:18:23:01 -0800] "GET /~daveh/logs/access.log%20%20/skin_shop/standard/3_plugin_twindow/twindow_notice.php?shop_this_skin_path=http://musicadelibreria.net/footer?? HTTP/1.1" 404 359 /home/users/d/daveh/public_html/logs/access.log "-" "Mozilla/5.0" 0 www.accesscom.com
84.40.23.86 - - [01/Feb/2010:18:23:01 -0800] "GET /~daveh/skin_shop/standard/3_plugin_twindow/twindow_notice.php?shop_this_skin_path=http://musicadelibreria.net/footer?? HTTP/1.1" 404 341 /home/users/d/daveh/public_html/skin_shop "-" "Mozilla/5.0" 0 www.accesscom.com
84.40.23.86 - - [01/Feb/2010:18:23:13 -0800] "GET /~daveh/logs/access.log%20%20/skin_shop/standard/3_plugin_twindow/twindow_notice.php?shop_this_skin_path=http://musicadelibreria.net/footer?? HTTP/1.1" 404 359 /home/users/d/daveh/public_html/logs/access.log "-" "Mozilla/5.0" 0 www.accesscom.com
84.40.23.86 - - [01/Feb/2010:18:23:13 -0800] "GET /~daveh/logs/skin_shop/standard/3_plugin_twindow/twindow_notice.php?shop_this_skin_path=http://musicadelibreria.net/footer?? HTTP/1.1" 404 346 /home/users/d/daveh/public_html/logs/skin_shop "-" "Mozilla/5.0" 0 www.accesscom.com
84.40.23.86 - - [01/Feb/2010:18:23:13 -0800] "GET /~daveh/skin_shop/standard/3_plugin_twindow/twindow_notice.php?shop_this_skin_path=http://musicadelibreria.net/footer?? HTTP/1.1" 404 341 /home/users/d/daveh/public_html/skin_shop "-" "Mozilla/5.0" 0 www.accesscom.com
79.170.45.126 - - [01/Feb/2010:18:26:10 -0800] "GET /~daveh/logs/access.log////skin/ggambo7002_board/comment_modify.php?dir=http://musicadelibreria.net/footer?? HTTP/1.1" 404 346 /home/users/d/daveh/public_html/logs/access.log "-" "Mozilla/5.0" 0 www.accesscom.com
79.170.45.126 - - [01/Feb/2010:18:26:37 -0800] "GET /~daveh/logs/access.log////skin/ggambo7002_board/comment_modify.php?dir=http://musicadelibreria.net/footer?? HTTP/1.1" 404 346 /home/users/d/daveh/public_html/logs/access.log "-" "Mozilla/5.0" 0 www.accesscom.com
79.170.45.126 - - [01/Feb/2010:18:27:02 -0800] "GET /~daveh/logs/access.log////skin/ggambo7002_board/comment_modify.php?dir=http://musicadelibreria.net/footer?? HTTP/1.1" 404 346 /home/users/d/daveh/public_html/logs/access.log "-" "Mozilla/5.0" 0 www.accesscom.com
200.234.200.155 - - [01/Feb/2010:18:28:33 -0800] "GET /~daveh/logs/access.log//include/scripts/export_batch.inc.php?DIR=../../../../../../../../../../../../../../../../../../../../../../../../proc/self/environ%00 HTTP/1.1" 404 340 /home/users/d/daveh/public_html/logs/access.log "-" "Mozilla/5.0 (X11; U; Linux i686; en-US; rv:1.9.0.16) Gecko/2009121601 Ubuntu/8.10 (intrepid) Firefox/3.0.16" 0 www.accesscom.com
200.234.200.155 - - [01/Feb/2010:18:28:34 -0800] "GET /~daveh/logs/access.log//include/scripts/export_batch.inc.php?DIR=../../../../../../../../../../../../../../../../../../../../../../../../proc/self/environ HTTP/1.1" 404 340 /home/users/d/daveh/public_html/logs/access.log "-" "Mozilla/5.0 (X11; U; Linux i686; en-US; rv:1.9.0.16) Gecko/2009121601 Ubuntu/8.10 (intrepid) Firefox/3.0.16" 0 www.accesscom.com
123.143.29.250 - - [01/Feb/2010:18:28:51 -0800] "GET /~daveh//delete_all.php?board_skin_path=http://www.manpoints.net/ei/11.txt??? HTTP/1.1" 404 302 /home/users/d/daveh/public_html/delete_all.php "-" "Mozilla/5.0" 0 www.accesscom.com
123.143.29.250 - - [01/Feb/2010:18:28:51 -0800] "GET /~daveh/logs//delete_all.php?board_skin_path=http://www.manpoints.net/ei/11.txt??? HTTP/1.1" 404 307 /home/users/d/daveh/public_html/logs//delete_all.php "-" "Mozilla/5.0" 0 www.accesscom.com
123.143.29.250 - - [01/Feb/2010:18:28:51 -0800] "GET /~daveh/logs/access.log//delete_all.php?board_skin_path=http://www.manpoints.net/ei/11.txt??? HTTP/1.1" 404 318 /home/users/d/daveh/public_html/logs/access.log "-" "Mozilla/5.0" 0 www.accesscom.com
79.170.45.126 - - [01/Feb/2010:18:28:58 -0800] "GET /~daveh/logs/access.log////skin/ggambo7002_board/comment_modify.php?dir=http://musicadelibreria.net/footer?? HTTP/1.1" 404 346 /home/users/d/daveh/public_html/logs/access.log "-" "Mozilla/5.0" 0 www.accesscom.com
79.170.45.126 - - [01/Feb/2010:18:28:59 -0800] "GET /~daveh/logs/access.log////skin/ggambo7002_board/comment_modify.php?dir=http://musicadelibreria.net/footer?? HTTP/1.1" 404 346 /home/users/d/daveh/public_html/logs/access.log "-" "Mozilla/5.0" 0 www.accesscom.com
79.170.45.126 - - [01/Feb/2010:18:29:18 -0800] "GET /~daveh/logs/access.log////skin/ggambo7002_board/comment_modify.php?dir=http://musicadelibreria.net/footer?? HTTP/1.1" 404 346 /home/users/d/daveh/public_html/logs/access.log "-" "Mozilla/5.0" 0 www.accesscom.com
123.143.29.250 - - [01/Feb/2010:18:29:22 -0800] "GET /~daveh/logs//delete_all.php?board_skin_path=http://www.manpoints.net/ei/11.txt??? HTTP/1.1" 404 307 /home/users/d/daveh/public_html/logs//delete_all.php "-" "Mozilla/5.0" 0 www.accesscom.com
123.143.29.250 - - [01/Feb/2010:18:29:22 -0800] "GET /~daveh//delete_all.php?board_skin_path=http://www.manpoints.net/ei/11.txt??? HTTP/1.1" 404 302 /home/users/d/daveh/public_html/delete_all.php "-" "Mozilla/5.0" 0 www.accesscom.com
123.143.29.250 - - [01/Feb/2010:18:29:27 -0800] "GET /~daveh/logs/access.log//delete_all.php?board_skin_path=http://www.manpoints.net/ei/11.txt??? HTTP/1.1" 404 318 /home/users/d/daveh/public_html/logs/access.log "-" "Mozilla/5.0" 0 www.accesscom.com
79.170.45.126 - - [01/Feb/2010:18:31:07 -0800] "GET /~daveh/logs/access.log////skin/ggambo7002_board/comment_modify.php?dir=http://musicadelibreria.net/footer?? HTTP/1.1" 404 346 /home/users/d/daveh/public_html/logs/access.log "-" "Mozilla/5.0" 0 www.accesscom.com
123.143.29.250 - - [01/Feb/2010:18:35:07 -0800] "GET /~daveh/logs/access.log//delete_all.php?board_skin_path=http://www.manpoints.net/ei/11.txt??? HTTP/1.1" 404 318 /home/users/d/daveh/public_html/logs/access.log "-" "Mozilla/5.0" 0 www.accesscom.com
123.143.29.250 - - [01/Feb/2010:18:35:07 -0800] "GET /~daveh//delete_all.php?board_skin_path=http://www.manpoints.net/ei/11.txt??? HTTP/1.1" 404 302 /home/users/d/daveh/public_html/delete_all.php "-" "Mozilla/5.0" 0 www.accesscom.com
123.143.29.250 - - [01/Feb/2010:18:36:00 -0800] "GET /~daveh//delete_all.php?board_skin_path=http://www.manpoints.net/ei/11.txt??? HTTP/1.1" 404 302 /home/users/d/daveh/public_html/delete_all.php "-" "Mozilla/5.0" 0 www.accesscom.com
123.143.29.250 - - [01/Feb/2010:18:36:10 -0800] "GET /~daveh/logs//delete_all.php?board_skin_path=http://www.manpoints.net/ei/11.txt??? HTTP/1.1" 404 307 /home/users/d/daveh/public_html/logs//delete_all.php "-" "Mozilla/5.0" 0 www.accesscom.com
123.143.29.250 - - [01/Feb/2010:18:36:10 -0800] "GET /~daveh/logs/access.log//delete_all.php?board_skin_path=http://www.manpoints.net/ei/11.txt??? HTTP/1.1" 404 318 /home/users/d/daveh/public_html/logs/access.log "-" "Mozilla/5.0" 0 www.accesscom.com
59.188.106.242 - - [01/Feb/2010:18:59:50 -0800] "GET /~daveh/sean/song/pbsong4.html HTTP/1.1" 200 59712 /home/users/d/daveh/public_html/sean/song/pbsong4.html "-" "Mozilla/5.0 (Windows; U; Windows NT 5.1; en-US; rv:1.8.1) Gecko/20061010 Firefox/2.0" 0 www.accesscom.com
219.93.36.90 - - [01/Feb/2010:19:04:55 -0800] "GET /~daveh/logs/access.log////skin/ggambo7002_board/comment_modify.php?dir=http://www.hankooknano.com/bbs//id.txt??? HTTP/1.1" 404 346 /home/users/d/daveh/public_html/logs/access.log "-" "libwww-perl/5.805" 0 www.accesscom.com
219.93.36.90 - - [01/Feb/2010:19:04:56 -0800] "GET /~daveh/logs////skin/ggambo7002_board/comment_modify.php?dir=http://www.hankooknano.com/bbs//id.txt??? HTTP/1.1" 404 335 /home/users/d/daveh/public_html/logs////skin "-" "libwww-perl/5.805" 0 www.accesscom.com
219.93.36.90 - - [01/Feb/2010:19:06:58 -0800] "GET /~daveh/logs/access.log%20%20////skin/ggambo7002_board/comment_modify.php?dir=http://musicadelibreria.net/footer?? HTTP/1.1" 404 348 /home/users/d/daveh/public_html/logs/access.log "-" "Mozilla/5.0" 0 www.accesscom.com
98.165.178.114 - - [01/Feb/2010:19:07:43 -0800] "GET /~daveh/sunset-glare.jpg HTTP/1.1" 200 206184 /home/users/d/daveh/public_html/sunset-glare.jpg "-" "Mozilla/4.0 (compatible; MSIE 7.0; Windows NT 5.1; .NET CLR 1.1.4322)" 3 www.accesscom.com
219.93.36.90 - - [01/Feb/2010:19:10:09 -0800] "GET /~daveh/logs/access.log%20%20////skin/ggambo7002_board/comment_modify.php?dir=http://musicadelibreria.net/footer?? HTTP/1.1" 404 348 /home/users/d/daveh/public_html/logs/access.log "-" "Mozilla/5.0" 0 www.accesscom.com
74.128.184.92 - - [01/Feb/2010:19:19:27 -0800] "GET /~daveh/sean/song/pbsong0.html HTTP/1.1" 200 15827 /home/users/d/daveh/public_html/sean/song/pbsong0.html "http://www.bing.com/search?q=Boy+Scout+hymn&src=IE-SearchBox" "Mozilla/4.0 (compatible; MSIE 7.0; Windows NT 5.1; .NET CLR 1.1.4322)" 0 www.accesscom.com
74.128.184.92 - - [01/Feb/2010:19:19:27 -0800] "GET /~daveh/sean/song/new.gif HTTP/1.1" 200 147 /home/users/d/daveh/public_html/sean/song/new.gif "http://www.accesscom.com/~daveh/sean/song/pbsong0.html" "Mozilla/4.0 (compatible; MSIE 7.0; Windows NT 5.1; .NET CLR 1.1.4322)" 0 www.accesscom.com
74.128.184.92 - - [01/Feb/2010:19:20:50 -0800] "GET /~daveh/sean/song/pbsong2.html HTTP/1.1" 200 54080 /home/users/d/daveh/public_html/sean/song/pbsong2.html "http://www.accesscom.com/~daveh/sean/song/pbsong0.html" "Mozilla/4.0 (compatible; MSIE 7.0; Windows NT 5.1; .NET CLR 1.1.4322)" 0 www.accesscom.com
97.81.241.211 - - [01/Feb/2010:19:25:53 -0800] "GET /~daveh/sean/song/pbsong0.html HTTP/1.1" 200 15827 /home/users/d/daveh/public_html/sean/song/pbsong0.html "http://www.google.com/search?q=boy+scout+hymn&rls=com.microsoft:en-us&ie=UTF-8&oe=UTF-8&startIndex=&startPage=1" "Mozilla/4.0 (compatible; MSIE 8.0; Windows NT 6.0; Trident/4.0; SLCC1; .NET CLR 2.0.50727; Media Center PC 5.0; .NET CLR 3.5.30729; .NET CLR 3.0.30729; OfficeLiveConnector.1.4; OfficeL
97.81.241.211 - - [01/Feb/2010:19:25:54 -0800] "GET /~daveh/sean/song/new.gif HTTP/1.1" 200 147 /home/users/d/daveh/public_html/sean/song/new.gif "http://www.accesscom.com/~daveh/sean/song/pbsong0.html" "Mozilla/4.0 (compatible; MSIE 8.0; Windows NT 6.0; Trident/4.0; SLCC1; .NET CLR 2.0.50727; Media Center PC 5.0; .NET CLR 3.5.30729; .NET CLR 3.0.30729; OfficeLiveConnector.1.4; OfficeLivePatch.1.3)" 0 www.accesscom.com
97.81.241.211 - - [01/Feb/2010:19:26:21 -0800] "GET /~daveh/sean/song/pbsong2.html HTTP/1.1" 200 54080 /home/users/d/daveh/public_html/sean/song/pbsong2.html "http://www.accesscom.com/~daveh/sean/song/pbsong0.html" "Mozilla/4.0 (compatible; MSIE 8.0; Windows NT 6.0; Trident/4.0; SLCC1; .NET CLR 2.0.50727; Media Center PC 5.0; .NET CLR 3.5.30729; .NET CLR 3.0.30729; OfficeLiveConnector.1.4; OfficeLivePatch.1.3)" 1 www.accesscom.com
97.81.241.211 - - [01/Feb/2010:19:27:16 -0800] "GET /~daveh/sean/song/pbsong3.html HTTP/1.1" 200 65639 /home/users/d/daveh/public_html/sean/song/pbsong3.html "http://www.accesscom.com/~daveh/sean/song/pbsong0.html" "Mozilla/4.0 (compatible; MSIE 8.0; Windows NT 6.0; Trident/4.0; SLCC1; .NET CLR 2.0.50727; Media Center PC 5.0; .NET CLR 3.5.30729; .NET CLR 3.0.30729; OfficeLiveConnector.1.4; OfficeLivePatch.1.3)" 1 www.accesscom.com
66.235.124.132 - - [01/Feb/2010:19:27:26 -0800] "GET /~daveh/sean/song/pbsong3.html HTTP/1.1" 200 65639 /home/users/d/daveh/public_html/sean/song/pbsong3.html "-" "Mozilla/5.0 (X11; U; Linux i686; en-US; rv:1.9.0.11) Gecko GranParadiso/3.0.11" 1 www.accesscom.com
