115.135.28.94 - - [14/Mar/2024:08:19:15 -0700] "GET /~daveh/logs/access.log HTTP/1.1" 200 299389 /home/users/d/daveh/public_html/logs/access.log "http://www.accesscom.com/" "Mozilla/5.0 (Windows NT 10.0; Win64; x64; Xbox; Xbox One) AppleWebKit/537.36 (KHTML, like Gecko) Chrome/114.0.0.0 Safari/537.36 Edge/44.18363.8131" 0 www.accesscom.com
115.135.28.94 - - [14/Mar/2024:08:19:18 -0700] "GET /~daveh/logs/tiki-register.php HTTP/1.1" 404 227 /home/users/d/daveh/public_html/logs/tiki-register.php "http://www.accesscom.com/" "Mozilla/5.0 (Windows NT 10.0; Win64; x64; Xbox; Xbox One) AppleWebKit/537.36 (KHTML, like Gecko) Chrome/114.0.0.0 Safari/537.36 Edge/44.18363.8131" 0 www.accesscom.com
95.166.9.226 - - [14/Mar/2024:09:05:34 -0700] "GET /~daveh/sean/song/pbsong4.html HTTP/1.1" 200 59712 /home/users/d/daveh/public_html/sean/song/pbsong4.html "-" "Mozilla/5.0 (Macintosh; Intel Mac OS X 10_15_7) AppleWebKit/605.1.15 (KHTML, like Gecko)" 0 www.accesscom.com
95.166.9.226 - - [14/Mar/2024:09:18:27 -0700] "GET /~daveh/sean/song/pbsong4.html HTTP/1.1" 200 59712 /home/users/d/daveh/public_html/sean/song/pbsong4.html "-" "Mozilla/5.0 (Macintosh; Intel Mac OS X 10_15_7) AppleWebKit/605.1.15 (KHTML, like Gecko)" 0 www.accesscom.com
65.109.24.145 - - [14/Mar/2024:09:20:50 -0700] "GET /~daveh/logs/access.log HTTP/1.1" 200 300628 /home/users/d/daveh/public_html/logs/access.log "http://www.accesscom.com/" "Mozilla/5.0 (X11; Linux i686) AppleWebKit/537.36 (KHTML, like Gecko) Chrome/114.0.0.0 Safari/537.36 Vivaldi/5.3.2679.68" 0 www.accesscom.com
65.109.24.145 - - [14/Mar/2024:09:20:53 -0700] "GET /~daveh/logs/tiki-register.php HTTP/1.1" 404 227 /home/users/d/daveh/public_html/logs/tiki-register.php "http://www.accesscom.com/" "Mozilla/5.0 (X11; Linux i686) AppleWebKit/537.36 (KHTML, like Gecko) Chrome/114.0.0.0 Safari/537.36 Vivaldi/5.3.2679.68" 0 www.accesscom.com
71.198.219.128 - - [14/Mar/2024:09:25:56 -0700] "GET /~daveh/sean/song/pbsong0.html HTTP/1.1" 200 15827 /home/users/d/daveh/public_html/sean/song/pbsong0.html "-" "Mozilla/5.0 (iPhone; CPU iPhone OS 12_5_7 like Mac OS X) AppleWebKit/605.1.15 (KHTML, like Gecko) Version/12.1.2 Mobile/15E148 Safari/604.1" 0 www.accesscom.com
95.166.9.226 - - [14/Mar/2024:09:26:21 -0700] "GET /~daveh/sean/song/pbsong4.html HTTP/1.1" 200 59712 /home/users/d/daveh/public_html/sean/song/pbsong4.html "-" "Mozilla/5.0 (Macintosh; Intel Mac OS X 10_15_7) AppleWebKit/605.1.15 (KHTML, like Gecko)" 0 www.accesscom.com
65.109.24.145 - - [14/Mar/2024:09:29:50 -0700] "GET /~daveh/logs/access.log HTTP/1.1" 200 301866 /home/users/d/daveh/public_html/logs/access.log "http://www.accesscom.com/" "Mozilla/5.0 (Windows NT 10.0; WOW64) AppleWebKit/537.36 (KHTML, like Gecko) Chrome/114.0.0.0 YaBrowser/22.7.0 Yowser/2.5 Safari/537.36" 0 www.accesscom.com
65.109.24.145 - - [14/Mar/2024:09:29:53 -0700] "GET /~daveh/logs/tiki-register.php HTTP/1.1" 404 227 /home/users/d/daveh/public_html/logs/tiki-register.php "http://www.accesscom.com/" "Mozilla/5.0 (Windows NT 10.0; WOW64) AppleWebKit/537.36 (KHTML, like Gecko) Chrome/114.0.0.0 YaBrowser/22.7.0 Yowser/2.5 Safari/537.36" 0 www.accesscom.com
95.166.9.226 - - [14/Mar/2024:09:34:01 -0700] "GET /~daveh/sean/song/pbsong4.html HTTP/1.1" 200 59712 /home/users/d/daveh/public_html/sean/song/pbsong4.html "-" "Mozilla/5.0 (Macintosh; Intel Mac OS X 10_15_7) AppleWebKit/605.1.15 (KHTML, like Gecko)" 0 www.accesscom.com
149.102.244.19 - - [14/Mar/2024:09:52:45 -0700] "GET /~daveh/logs/access.log.0 HTTP/1.1" 200 548559 /home/users/d/daveh/public_html/logs/access.log.0 "http://www.accesscom.com/" "Mozilla/5.0 (Windows NT 10.0; Win64; x64; rv:114.0) Gecko/20100101 Firefox/114.0" 0 www.accesscom.com
149.102.244.19 - - [14/Mar/2024:09:52:48 -0700] "POST /~daveh/logs/access.log/trackback/ HTTP/1.1" 404 231 /home/users/d/daveh/public_html/logs/access.log "-" "PHP/5.2.75" 0 www.accesscom.com
65.109.24.145 - - [14/Mar/2024:11:14:01 -0700] "GET /~daveh/logs/access.log HTTP/1.1" 200 303282 /home/users/d/daveh/public_html/logs/access.log "http://www.accesscom.com/" "Mozilla/5.0 (Windows NT 10.0) AppleWebKit/537.36 (KHTML, like Gecko) Chrome/114.0.0.0 Safari/537.36" 0 www.accesscom.com
65.109.24.145 - - [14/Mar/2024:11:14:05 -0700] "GET /~daveh/logs/tiki-register.php HTTP/1.1" 404 227 /home/users/d/daveh/public_html/logs/tiki-register.php "http://www.accesscom.com/" "Mozilla/5.0 (Windows NT 10.0) AppleWebKit/537.36 (KHTML, like Gecko) Chrome/114.0.0.0 Safari/537.36" 0 www.accesscom.com
31.183.132.97 - - [14/Mar/2024:12:44:08 -0700] "GET /~daveh/logs/access.log HTTP/1.1" 200 303883 /home/users/d/daveh/public_html/logs/access.log "http://www.accesscom.com/" "Mozilla/5.0 (Windows NT 10.0; Win64; x64) AppleWebKit/537.36 (KHTML, like Gecko) Chrome/114.0.0.0 Safari/537.36 Vivaldi/5.3.2679.68" 0 www.accesscom.com
162.223.94.164 - - [14/Mar/2024:12:44:11 -0700] "GET http://www.accesscom.com/~daveh/logs/tiki-register.php HTTP/1.0" 404 227 /home/users/d/daveh/public_html/logs/tiki-register.php "http://www.accesscom.com/" "Mozilla/5.0 (Windows NT 10.0; Win64; x64) AppleWebKit/537.36 (KHTML, like Gecko) Chrome/114.0.0.0 Safari/537.36 Vivaldi/5.3.2679.68" 0 www.accesscom.com
65.109.24.145 - - [14/Mar/2024:13:05:11 -0700] "GET /~daveh/logs/access.log HTTP/1.1" 200 304573 /home/users/d/daveh/public_html/logs/access.log "http://www.accesscom.com/" "Mozilla/5.0 (Macintosh; Intel Mac OS X 12_5) AppleWebKit/537.36 (KHTML, like Gecko) Chrome/114.0.0.0 Safari/537.36 OPR/89.0.4447.51" 0 www.accesscom.com
65.109.24.145 - - [14/Mar/2024:13:05:15 -0700] "GET /~daveh/logs/tiki-register.php HTTP/1.1" 404 227 /home/users/d/daveh/public_html/logs/tiki-register.php "http://www.accesscom.com/" "Mozilla/5.0 (Macintosh; Intel Mac OS X 12_5) AppleWebKit/537.36 (KHTML, like Gecko) Chrome/114.0.0.0 Safari/537.36 OPR/89.0.4447.51" 0 www.accesscom.com
95.166.9.226 - - [14/Mar/2024:13:11:30 -0700] "GET /~daveh/sean/song/pbsong4.html HTTP/1.1" 200 59712 /home/users/d/daveh/public_html/sean/song/pbsong4.html "-" "Mozilla/5.0 (Macintosh; Intel Mac OS X 10_15_7) AppleWebKit/605.1.15 (KHTML, like Gecko)" 0 www.accesscom.com
95.166.9.226 - - [14/Mar/2024:13:36:53 -0700] "GET /~daveh/sean/song/pbsong4.html HTTP/1.1" 200 59712 /home/users/d/daveh/public_html/sean/song/pbsong4.html "-" "Mozilla/5.0 (Macintosh; Intel Mac OS X 10_15_7) AppleWebKit/605.1.15 (KHTML, like Gecko)" 0 www.accesscom.com
216.244.66.241 - - [14/Mar/2024:13:39:35 -0700] "GET /%7Edaveh/sean/monty/always.txt HTTP/1.1" 200 1442 /home/users/d/daveh/public_html/sean/monty/always.txt "-" "Mozilla/5.0 (compatible; DotBot/1.2; +https://opensiteexplorer.org/dotbot; help@moz.com)" 0 www.accesscom.com
216.244.66.241 - - [14/Mar/2024:13:39:51 -0700] "GET /%7Edaveh/sean/monty/spanish.txt HTTP/1.1" 200 6237 /home/users/d/daveh/public_html/sean/monty/spanish.txt "-" "Mozilla/5.0 (compatible; DotBot/1.2; +https://opensiteexplorer.org/dotbot; help@moz.com)" 0 www.accesscom.com
65.109.24.145 - - [14/Mar/2024:14:11:00 -0700] "GET /~daveh/logs/access.log HTTP/1.1" 200 306330 /home/users/d/daveh/public_html/logs/access.log "http://www.accesscom.com/" "Mozilla/5.0 (Macintosh; Intel Mac OS X 12_5) AppleWebKit/537.36 (KHTML, like Gecko) Chrome/114.0.0.0 Safari/537.36 Edg/114.0.1264.71" 0 www.accesscom.com
65.109.24.145 - - [14/Mar/2024:14:11:03 -0700] "GET /~daveh/logs/tiki-register.php HTTP/1.1" 404 227 /home/users/d/daveh/public_html/logs/tiki-register.php "http://www.accesscom.com/" "Mozilla/5.0 (Macintosh; Intel Mac OS X 12_5) AppleWebKit/537.36 (KHTML, like Gecko) Chrome/114.0.0.0 Safari/537.36 Edg/114.0.1264.71" 0 www.accesscom.com
95.166.9.226 - - [14/Mar/2024:14:29:30 -0700] "GET /~daveh/sean/song/pbsong4.html HTTP/1.1" 200 59712 /home/users/d/daveh/public_html/sean/song/pbsong4.html "-" "Mozilla/5.0 (Macintosh; Intel Mac OS X 10_15_7) AppleWebKit/605.1.15 (KHTML, like Gecko)" 0 www.accesscom.com
216.244.66.241 - - [14/Mar/2024:14:35:28 -0700] "GET /%7Edaveh/sean/monty/sheep.txt HTTP/1.1" 200 1871 /home/users/d/daveh/public_html/sean/monty/sheep.txt "-" "Mozilla/5.0 (compatible; DotBot/1.2; +https://opensiteexplorer.org/dotbot; help@moz.com)" 0 www.accesscom.com
192.186.181.109 - - [14/Mar/2024:14:36:16 -0700] "GET /~daveh/logs/access.log HTTP/1.1" 200 307540 /home/users/d/daveh/public_html/logs/access.log "http://www.accesscom.com/" "Mozilla/5.0 (X11; Linux i686) AppleWebKit/537.36 (KHTML, like Gecko) Chrome/114.0.0.0 Safari/537.36 Vivaldi/5.3.2679.68" 0 www.accesscom.com
31.183.132.97 - - [14/Mar/2024:14:41:45 -0700] "GET /~daveh/logs/access.log HTTP/1.1" 200 307857 /home/users/d/daveh/public_html/logs/access.log "http://www.accesscom.com/" "Mozilla/5.0 (Windows NT 10.0; Win64; x64) AppleWebKit/537.36 (KHTML, like Gecko) Chrome/114.0.0.0 Safari/537.36 OPR/89.0.4447.51" 0 www.accesscom.com
197.98.201.132 - - [14/Mar/2024:14:41:49 -0700] "GET /~daveh/logs/tiki-register.php HTTP/1.1" 404 227 /home/users/d/daveh/public_html/logs/tiki-register.php "http://www.accesscom.com/" "Mozilla/5.0 (Windows NT 10.0; Win64; x64) AppleWebKit/537.36 (KHTML, like Gecko) Chrome/114.0.0.0 Safari/537.36 OPR/89.0.4447.51" 0 www.accesscom.com
185.191.90.156 - - [14/Mar/2024:14:45:51 -0700] "GET /~daveh/logs/access.log HTTP/1.1" 200 308517 /home/users/d/daveh/public_html/logs/access.log "http://www.accesscom.com/" "Mozilla/5.0 (Windows NT 10.0; WOW64) AppleWebKit/537.36 (KHTML, like Gecko) Chrome/114.0.0.0 YaBrowser/22.7.0 Yowser/2.5 Safari/537.36" 0 www.accesscom.com
185.191.90.156 - - [14/Mar/2024:14:45:57 -0700] "POST /~daveh/logs/access.log/trackback/ HTTP/1.1" 404 231 /home/users/d/daveh/public_html/logs/access.log "-" "PHP/5.2.36" 0 www.accesscom.com
23.22.35.162 - - [14/Mar/2024:15:01:52 -0700] "GET /~daveh/sean/monty/york.txt HTTP/1.1" 200 3624 /home/users/d/daveh/public_html/sean/monty/york.txt "-" "Mozilla/5.0 (Macintosh; Intel Mac OS X 10_10_1) AppleWebKit/600.2.5 (KHTML, like Gecko) Version/8.0.2 Safari/600.2.5 (Amazonbot/0.1; +https://developer.amazon.com/support/amazonbot)" 0 www.accesscom.com
149.102.245.71 - - [14/Mar/2024:16:00:04 -0700] "GET /~daveh/logs/access.log HTTP/1.1" 200 309398 /home/users/d/daveh/public_html/logs/access.log "http://www.accesscom.com/" "Mozilla/5.0 (Windows NT 10.0; Win64; x64) AppleWebKit/537.36 (KHTML, like Gecko) Chrome/114.0.0.0 Safari/537.36 Vivaldi/5.3.2679.68" 0 www.accesscom.com
149.102.245.71 - - [14/Mar/2024:16:00:07 -0700] "GET /~daveh/logs/tiki-register.php HTTP/1.1" 404 227 /home/users/d/daveh/public_html/logs/tiki-register.php "http://www.accesscom.com/" "Mozilla/5.0 (Windows NT 10.0; Win64; x64) AppleWebKit/537.36 (KHTML, like Gecko) Chrome/114.0.0.0 Safari/537.36 Vivaldi/5.3.2679.68" 0 www.accesscom.com
47.128.43.74 - - [14/Mar/2024:16:08:40 -0700] "GET /~daveh/sean/song/index.html HTTP/1.1" 404 225 /home/users/d/daveh/public_html/sean/song/index.html "-" "Mozilla/5.0 (Linux; Android 5.0) AppleWebKit/537.36 (KHTML, like Gecko) Mobile Safari/537.36 (compatible; Bytespider; spider-feedback@bytedance.com)" 0 www.accesscom.com
65.109.24.145 - - [14/Mar/2024:16:10:54 -0700] "GET /~daveh/logs/access.log HTTP/1.1" 200 310391 /home/users/d/daveh/public_html/logs/access.log "http://www.accesscom.com/" "Mozilla/5.0 (Windows NT 10.0; Win64; x64) AppleWebKit/537.36 (KHTML, like Gecko) Chrome/114.0.0.0 Safari/537.36 OPR/89.0.4447.51" 0 www.accesscom.com
65.109.24.145 - - [14/Mar/2024:16:10:57 -0700] "GET /~daveh/logs/tiki-register.php HTTP/1.1" 404 227 /home/users/d/daveh/public_html/logs/tiki-register.php "http://www.accesscom.com/" "Mozilla/5.0 (Windows NT 10.0; Win64; x64) AppleWebKit/537.36 (KHTML, like Gecko) Chrome/114.0.0.0 Safari/537.36 OPR/89.0.4447.51" 0 www.accesscom.com
109.107.175.11 - - [14/Mar/2024:17:01:54 -0700] "GET /~daveh/logs/access.log HTTP/1.1" 200 311050 /home/users/d/daveh/public_html/logs/access.log "http://www.accesscom.com/" "Mozilla/5.0 (Macintosh; Intel Mac OS X 12_5) AppleWebKit/537.36 (KHTML, like Gecko) Chrome/114.0.0.0 Safari/537.36 Edg/114.0.1264.71" 0 www.accesscom.com
109.107.175.11 - - [14/Mar/2024:17:01:56 -0700] "GET /~daveh/logs/tiki-register.php HTTP/1.1" 404 227 /home/users/d/daveh/public_html/logs/tiki-register.php "http://www.accesscom.com/" "Mozilla/5.0 (Macintosh; Intel Mac OS X 12_5) AppleWebKit/537.36 (KHTML, like Gecko) Chrome/114.0.0.0 Safari/537.36 Edg/114.0.1264.71" 0 www.accesscom.com
64.112.124.107 - - [14/Mar/2024:18:16:39 -0700] "GET /~daveh/logs/access.log HTTP/1.1" 200 311719 /home/users/d/daveh/public_html/logs/access.log "http://www.accesscom.com/" "Mozilla/5.0 (X11; Linux x86_64) AppleWebKit/537.36 (KHTML, like Gecko) Chrome/114.0.0.0 Safari/537.36 Vivaldi/5.3.2679.68" 0 www.accesscom.com
64.112.124.107 - - [14/Mar/2024:18:16:43 -0700] "POST /~daveh/logs/access.log/trackback/ HTTP/1.1" 404 231 /home/users/d/daveh/public_html/logs/access.log "-" "PHP/5.3.02" 0 www.accesscom.com
195.2.67.223 - - [14/Mar/2024:18:39:18 -0700] "GET /~daveh/logs/access.log HTTP/1.1" 200 312229 /home/users/d/daveh/public_html/logs/access.log "http://www.accesscom.com/" "Mozilla/5.0 (Macintosh; Intel Mac OS X 12_5) AppleWebKit/537.36 (KHTML, like Gecko) Chrome/114.0.0.0 Safari/537.36 OPR/89.0.4447.51" 0 www.accesscom.com
195.2.67.223 - - [14/Mar/2024:18:39:21 -0700] "GET /~daveh/logs/tiki-register.php HTTP/1.1" 404 227 /home/users/d/daveh/public_html/logs/tiki-register.php "http://www.accesscom.com/" "Mozilla/5.0 (Macintosh; Intel Mac OS X 12_5) AppleWebKit/537.36 (KHTML, like Gecko) Chrome/114.0.0.0 Safari/537.36 OPR/89.0.4447.51" 0 www.accesscom.com
80.43.228.255 - - [14/Mar/2024:18:42:24 -0700] "GET /~daveh/sean/song/pbsong1.html HTTP/1.1" 200 41905 /home/users/d/daveh/public_html/sean/song/pbsong1.html "http://www.accesscom.com" "Mozilla/5.0 (Windows NT 10.0; Win64; x64) AppleWebKit/537.36 (KHTML, like Gecko) Chrome/62.0.3202.94 Safari/537.36" 0 www.accesscom.com
8.219.64.236 - - [14/Mar/2024:19:39:33 -0700] "GET /~daveh/logs/access.log.0 HTTP/1.0" 200 548559 /home/users/d/daveh/public_html/logs/access.log.0 "http://www.accesscom.com/" "Mozilla/5.0 (Macintosh; Intel Mac OS X 12.5; rv:114.0) Gecko/20100101 Firefox/114.0" 60 www.accesscom.com
218.57.210.186 - - [14/Mar/2024:19:40:03 -0700] "GET /~daveh/logs/access.log.0 HTTP/1.0" 200 548559 /home/users/d/daveh/public_html/logs/access.log.0 "http://www.accesscom.com/" "Mozilla/5.0 (Macintosh; Intel Mac OS X 12.5; rv:114.0) Gecko/20100101 Firefox/114.0" 40 www.accesscom.com
195.191.219.131 - - [14/Mar/2024:19:50:32 -0700] "GET /~daveh/sean/song/pbsong0.html HTTP/1.1" 200 15827 /home/users/d/daveh/public_html/sean/song/pbsong0.html "-" "Mozilla/5.0 (compatible; MJ12bot/v1.4.8; http://mj12bot.com/)" 0 www.accesscom.com
65.109.24.145 - - [14/Mar/2024:20:52:23 -0700] "GET /~daveh/logs/access.log HTTP/1.1" 200 314030 /home/users/d/daveh/public_html/logs/access.log "http://www.accesscom.com/" "Mozilla/5.0 (Windows NT 10.0; Win64; x64) AppleWebKit/537.36 (KHTML, like Gecko) Chrome/114.0.0.0 YaBrowser/22.7.0 Yowser/2.5 Safari/537.36" 0 www.accesscom.com
65.109.24.145 - - [14/Mar/2024:20:52:26 -0700] "GET /~daveh/logs/tiki-register.php HTTP/1.1" 404 227 /home/users/d/daveh/public_html/logs/tiki-register.php "http://www.accesscom.com/" "Mozilla/5.0 (Windows NT 10.0; Win64; x64) AppleWebKit/537.36 (KHTML, like Gecko) Chrome/114.0.0.0 YaBrowser/22.7.0 Yowser/2.5 Safari/537.36" 0 www.accesscom.com
195.191.219.131 - - [14/Mar/2024:21:00:47 -0700] "GET /~daveh/sean/song/songskit.html HTTP/1.1" 200 51136 /home/users/d/daveh/public_html/sean/song/songskit.html "-" "Mozilla/5.0 (compatible; MJ12bot/v1.4.8; http://mj12bot.com/)" 0 www.accesscom.com
73.170.81.52 - - [14/Mar/2024:22:07:52 -0700] "GET /~daveh/sean/song/pbsong0.html HTTP/1.1" 200 15827 /home/users/d/daveh/public_html/sean/song/pbsong0.html "https://www.google.com/" "Mozilla/5.0 (Windows NT 10.0; Win64; x64) AppleWebKit/537.36 (KHTML, like Gecko) Chrome/122.0.0.0 Safari/537.36" 0 www.accesscom.com
73.170.81.52 - - [14/Mar/2024:22:07:52 -0700] "GET /~daveh/sean/song/new.gif HTTP/1.1" 200 147 /home/users/d/daveh/public_html/sean/song/new.gif "http://www.accesscom.com/~daveh/sean/song/pbsong0.html" "Mozilla/5.0 (Windows NT 10.0; Win64; x64) AppleWebKit/537.36 (KHTML, like Gecko) Chrome/122.0.0.0 Safari/537.36" 0 www.accesscom.com
73.170.81.52 - - [14/Mar/2024:22:07:59 -0700] "GET /~daveh/sean/song/pbsong2.html HTTP/1.1" 200 54080 /home/users/d/daveh/public_html/sean/song/pbsong2.html "http://www.accesscom.com/~daveh/sean/song/pbsong0.html" "Mozilla/5.0 (Windows NT 10.0; Win64; x64) AppleWebKit/537.36 (KHTML, like Gecko) Chrome/122.0.0.0 Safari/537.36" 0 www.accesscom.com
196.245.151.216 - - [14/Mar/2024:22:54:43 -0700] "GET /~daveh/logs/access.log.0 HTTP/1.1" 200 548559 /home/users/d/daveh/public_html/logs/access.log.0 "http://www.accesscom.com/" "Mozilla/5.0 (Macintosh; Intel Mac OS X 12.5; rv:114.0) Gecko/20100101 Firefox/114.0" 0 www.accesscom.com
196.245.151.216 - - [14/Mar/2024:22:54:45 -0700] "POST /~daveh/logs/access.log/trackback/ HTTP/1.1" 404 231 /home/users/d/daveh/public_html/logs/access.log "-" "PHP/5.2.75" 0 www.accesscom.com
212.107.27.110 - - [14/Mar/2024:23:19:46 -0700] "GET /~daveh/logs/access.log HTTP/1.1" 200 316440 /home/users/d/daveh/public_html/logs/access.log "http://www.accesscom.com/" "Mozilla/5.0 (X11; Ubuntu; Linux i686; rv:114.0) Gecko/20100101 Firefox/114.0" 0 www.accesscom.com
212.107.27.110 - - [14/Mar/2024:23:20:00 -0700] "GET /~daveh/logs/tiki-register.php HTTP/1.1" 404 227 /home/users/d/daveh/public_html/logs/tiki-register.php "http://www.accesscom.com/" "Mozilla/5.0 (X11; Ubuntu; Linux i686; rv:114.0) Gecko/20100101 Firefox/114.0" 0 www.accesscom.com
23.81.231.245 - - [14/Mar/2024:23:47:51 -0700] "GET /~daveh/logs/access.log.0 HTTP/1.1" 200 548559 /home/users/d/daveh/public_html/logs/access.log.0 "http://www.accesscom.com/" "Mozilla/5.0 (Windows NT 10.0; Win64; x64) AppleWebKit/537.36 (KHTML, like Gecko) Chrome/114.0.0.0 Safari/537.36 Edg/114.0.1264.71" 0 www.accesscom.com
23.81.231.245 - - [14/Mar/2024:23:47:57 -0700] "POST /~daveh/logs/access.log/trackback/ HTTP/1.1" 404 231 /home/users/d/daveh/public_html/logs/access.log "-" "PHP/5.3.66" 0 www.accesscom.com
95.166.9.226 - - [15/Mar/2024:00:24:47 -0700] "GET /~daveh/sean/song/pbsong4.html HTTP/1.1" 200 59712 /home/users/d/daveh/public_html/sean/song/pbsong4.html "-" "Mozilla/5.0 (Macintosh; Intel Mac OS X 10_15_7) AppleWebKit/605.1.15 (KHTML, like Gecko)" 0 www.accesscom.com
95.166.9.226 - - [15/Mar/2024:01:14:33 -0700] "GET /~daveh/sean/song/pbsong4.html HTTP/1.1" 200 59712 /home/users/d/daveh/public_html/sean/song/pbsong4.html "-" "Mozilla/5.0 (Macintosh; Intel Mac OS X 10_15_7) AppleWebKit/605.1.15 (KHTML, like Gecko)" 0 www.accesscom.com
212.108.145.195 - - [15/Mar/2024:02:30:22 -0700] "GET //~daveh/logs/access.log.0 HTTP/1.0" 200 548559 /home/users/d/daveh/public_html/logs/access.log.0 "http://www.accesscom.com/" "Mozilla/5.0 (X11; Ubuntu; Linux i686; rv:114.0) Gecko/20100101 Firefox/114.0" 0 www.accesscom.com
212.108.145.195 - - [15/Mar/2024:02:30:29 -0700] "POST //~daveh/logs/access.log/trackback/ HTTP/1.0" 404 231 /home/users/d/daveh/public_html/logs/access.log "-" "PHP/5.2.17" 0 www.accesscom.com
195.191.219.130 - - [15/Mar/2024:02:32:07 -0700] "GET /~daveh/sean/song/pbsong2.html HTTP/1.1" 200 54080 /home/users/d/daveh/public_html/sean/song/pbsong2.html "-" "Mozilla/5.0 (compatible; MJ12bot/v1.4.8; http://mj12bot.com/)" 0 www.accesscom.com
195.191.219.130 - - [15/Mar/2024:02:32:09 -0700] "GET /~daveh/sean/song/pbsong3.html HTTP/1.1" 200 65639 /home/users/d/daveh/public_html/sean/song/pbsong3.html "-" "Mozilla/5.0 (compatible; MJ12bot/v1.4.8; http://mj12bot.com/)" 0 www.accesscom.com
195.191.219.130 - - [15/Mar/2024:02:32:11 -0700] "GET /~daveh/sean/song/pbsong4.html HTTP/1.1" 200 59712 /home/users/d/daveh/public_html/sean/song/pbsong4.html "-" "Mozilla/5.0 (compatible; MJ12bot/v1.4.8; http://mj12bot.com/)" 0 www.accesscom.com
195.191.219.130 - - [15/Mar/2024:02:32:13 -0700] "GET /~daveh/sean/song/pbsong5.html HTTP/1.1" 200 13272 /home/users/d/daveh/public_html/sean/song/pbsong5.html "-" "Mozilla/5.0 (compatible; MJ12bot/v1.4.8; http://mj12bot.com/)" 0 www.accesscom.com
65.109.24.145 - - [15/Mar/2024:02:57:05 -0700] "GET /~daveh/logs/access.log HTTP/1.1" 200 319526 /home/users/d/daveh/public_html/logs/access.log "http://www.accesscom.com/" "Mozilla/5.0 (Macintosh; Intel Mac OS X 12_5) AppleWebKit/537.36 (KHTML, like Gecko) Chrome/114.0.0.0 Safari/537.36 OPR/89.0.4447.51" 0 www.accesscom.com
65.109.24.145 - - [15/Mar/2024:02:57:07 -0700] "GET /~daveh/logs/tiki-register.php HTTP/1.1" 404 227 /home/users/d/daveh/public_html/logs/tiki-register.php "http://www.accesscom.com/" "Mozilla/5.0 (Macintosh; Intel Mac OS X 12_5) AppleWebKit/537.36 (KHTML, like Gecko) Chrome/114.0.0.0 Safari/537.36 OPR/89.0.4447.51" 0 www.accesscom.com
65.109.24.145 - - [15/Mar/2024:03:39:10 -0700] "GET /~daveh/logs/access.log HTTP/1.1" 200 320191 /home/users/d/daveh/public_html/logs/access.log "http://www.accesscom.com/" "Mozilla/5.0 (Windows NT 10.0; Win64; x64) AppleWebKit/537.36 (KHTML, like Gecko) Chrome/114.0.0.0 Safari/537.36" 0 www.accesscom.com
65.109.24.145 - - [15/Mar/2024:03:39:11 -0700] "GET /~daveh/logs/tiki-register.php HTTP/1.1" 404 227 /home/users/d/daveh/public_html/logs/tiki-register.php "http://www.accesscom.com/" "Mozilla/5.0 (Windows NT 10.0; Win64; x64) AppleWebKit/537.36 (KHTML, like Gecko) Chrome/114.0.0.0 Safari/537.36" 0 www.accesscom.com
46.8.106.26 - - [15/Mar/2024:03:53:04 -0700] "GET /~daveh/logs/access.log HTTP/1.1" 200 320816 /home/users/d/daveh/public_html/logs/access.log "http://www.accesscom.com/" "Mozilla/5.0 (Windows NT 10.0; Win64; x64) AppleWebKit/537.36 (KHTML, like Gecko) Chrome/114.0.0.0 YaBrowser/22.7.0 Yowser/2.5 Safari/537.36" 0 www.accesscom.com
216.244.66.241 - - [15/Mar/2024:06:03:07 -0700] "GET /%7Edaveh/sean/monty/lumber.txt HTTP/1.1" 200 2237 /home/users/d/daveh/public_html/sean/monty/lumber.txt "-" "Mozilla/5.0 (compatible; DotBot/1.2; +https://opensiteexplorer.org/dotbot; help@moz.com)" 0 www.accesscom.com
216.244.66.241 - - [15/Mar/2024:06:03:11 -0700] "GET /%7Edaveh/sean/monty/medoctor.txt HTTP/1.1" 200 1123 /home/users/d/daveh/public_html/sean/monty/medoctor.txt "-" "Mozilla/5.0 (compatible; DotBot/1.2; +https://opensiteexplorer.org/dotbot; help@moz.com)" 0 www.accesscom.com
95.166.9.226 - - [15/Mar/2024:07:14:54 -0700] "GET /~daveh/sean/song/pbsong4.html HTTP/1.1" 200 59712 /home/users/d/daveh/public_html/sean/song/pbsong4.html "-" "Mozilla/5.0 (Macintosh; Intel Mac OS X 10_15_7) AppleWebKit/605.1.15 (KHTML, like Gecko)" 0 www.accesscom.com
66.249.66.197 - - [15/Mar/2024:07:22:09 -0700] "GET /~daveh/sean/song/pbsong4.html HTTP/1.1" 200 59712 /home/users/d/daveh/public_html/sean/song/pbsong4.html "-" "Mozilla/5.0 (Linux; Android 6.0.1; Nexus 5X Build/MMB29P) AppleWebKit/537.36 (KHTML, like Gecko) Chrome/122.0.6261.94 Mobile Safari/537.36 (compatible; Googlebot/2.1; +http://www.google.com/bot.html)" 0 www.accesscom.com
195.191.219.130 - - [15/Mar/2024:07:52:34 -0700] "GET /~daveh/sean/song/pbsong1.html HTTP/1.1" 200 41905 /home/users/d/daveh/public_html/sean/song/pbsong1.html "-" "Mozilla/5.0 (compatible; MJ12bot/v1.4.8; http://mj12bot.com/)" 0 www.accesscom.com
162.223.94.164 - - [15/Mar/2024:08:26:32 -0700] "GET http://www.accesscom.com/~daveh/logs/access.log.0 HTTP/1.0" 200 548559 /home/users/d/daveh/public_html/logs/access.log.0 "http://www.accesscom.com/" "Mozilla/5.0 (Windows NT 10.0; Win64; x64; rv:114.0) Gecko/20100101 Firefox/114.0" 0 www.accesscom.com
162.223.94.164 - - [15/Mar/2024:08:26:45 -0700] "POST http://www.accesscom.com/~daveh/logs/access.log/trackback/ HTTP/1.1" 404 231 /home/users/d/daveh/public_html/logs/access.log "http://hdsales.com/__media__/js/netsoltrademark.php?d=uniconprecast.co.id%2Fworks%2Fcommercial%2Fperum-alamanda-asri" "PHP/5.3.28" 0 www.accesscom.com
95.166.9.226 - - [15/Mar/2024:08:34:55 -0700] "GET /~daveh/sean/song/pbsong4.html HTTP/1.1" 200 59712 /home/users/d/daveh/public_html/sean/song/pbsong4.html "-" "Mozilla/5.0 (Macintosh; Intel Mac OS X 10_15_7) AppleWebKit/605.1.15 (KHTML, like Gecko)" 0 www.accesscom.com
95.166.9.226 - - [15/Mar/2024:08:46:11 -0700] "GET /~daveh/sean/song/pbsong4.html HTTP/1.1" 200 59712 /home/users/d/daveh/public_html/sean/song/pbsong4.html "-" "Mozilla/5.0 (Macintosh; Intel Mac OS X 10_15_7) AppleWebKit/605.1.15 (KHTML, like Gecko)" 0 www.accesscom.com
52.167.144.192 - - [15/Mar/2024:08:53:08 -0700] "GET /~daveh/logs/Apr13.awstats.html HTTP/1.1" 200 92511 /home/users/d/daveh/public_html/logs/Apr13.awstats.html "-" "Mozilla/5.0 AppleWebKit/537.36 (KHTML, like Gecko; compatible; bingbot/2.0; +http://www.bing.com/bingbot.htm) Chrome/116.0.1938.76 Safari/537.36" 0 www.accesscom.com
95.166.9.226 - - [15/Mar/2024:08:57:45 -0700] "GET /~daveh/sean/song/pbsong4.html HTTP/1.1" 200 59712 /home/users/d/daveh/public_html/sean/song/pbsong4.html "-" "Mozilla/5.0 (Macintosh; Intel Mac OS X 10_15_7) AppleWebKit/605.1.15 (KHTML, like Gecko)" 0 www.accesscom.com
195.2.67.223 - - [15/Mar/2024:09:03:22 -0700] "GET /~daveh/logs/access.log HTTP/1.1" 200 324387 /home/users/d/daveh/public_html/logs/access.log "http://www.accesscom.com/" "Mozilla/5.0 (X11; Fedora; Linux x86_64; rv:114.0) Gecko/20100101 Firefox/114.0" 0 www.accesscom.com
195.2.67.223 - - [15/Mar/2024:09:03:24 -0700] "GET /~daveh/logs/tiki-register.php HTTP/1.1" 404 227 /home/users/d/daveh/public_html/logs/tiki-register.php "http://www.accesscom.com/" "Mozilla/5.0 (X11; Fedora; Linux x86_64; rv:114.0) Gecko/20100101 Firefox/114.0" 0 www.accesscom.com
216.244.66.241 - - [15/Mar/2024:09:06:31 -0700] "GET /%7Edaveh/sean/monty/man.txt HTTP/1.1" 200 1764 /home/users/d/daveh/public_html/sean/monty/man.txt "-" "Mozilla/5.0 (compatible; DotBot/1.2; +https://opensiteexplorer.org/dotbot; help@moz.com)" 0 www.accesscom.com
95.166.9.226 - - [15/Mar/2024:09:33:49 -0700] "GET /~daveh/sean/song/pbsong4.html HTTP/1.1" 200 59712 /home/users/d/daveh/public_html/sean/song/pbsong4.html "-" "Mozilla/5.0 (Macintosh; Intel Mac OS X 10_15_7) AppleWebKit/605.1.15 (KHTML, like Gecko)" 0 www.accesscom.com
95.166.9.226 - - [15/Mar/2024:09:49:50 -0700] "GET /~daveh/sean/song/pbsong4.html HTTP/1.1" 200 59712 /home/users/d/daveh/public_html/sean/song/pbsong4.html "-" "Mozilla/5.0 (Macintosh; Intel Mac OS X 10_15_7) AppleWebKit/605.1.15 (KHTML, like Gecko)" 0 www.accesscom.com
95.166.9.226 - - [15/Mar/2024:09:55:41 -0700] "GET /~daveh/sean/song/pbsong4.html HTTP/1.1" 200 59712 /home/users/d/daveh/public_html/sean/song/pbsong4.html "-" "Mozilla/5.0 (Macintosh; Intel Mac OS X 10_15_7) AppleWebKit/605.1.15 (KHTML, like Gecko)" 0 www.accesscom.com
95.166.9.226 - - [15/Mar/2024:10:01:33 -0700] "GET /~daveh/sean/song/pbsong4.html HTTP/1.1" 200 59712 /home/users/d/daveh/public_html/sean/song/pbsong4.html "-" "Mozilla/5.0 (Macintosh; Intel Mac OS X 10_15_7) AppleWebKit/605.1.15 (KHTML, like Gecko)" 0 www.accesscom.com
54.198.55.229 - - [15/Mar/2024:12:29:13 -0700] "GET /~daveh/sean/monty/dennismoore.txt HTTP/1.1" 200 2296 /home/users/d/daveh/public_html/sean/monty/dennismoore.txt "-" "Mozilla/5.0 (compatible)" 0 www.accesscom.com
95.166.9.226 - - [15/Mar/2024:13:16:35 -0700] "GET /~daveh/sean/song/pbsong4.html HTTP/1.1" 200 59712 /home/users/d/daveh/public_html/sean/song/pbsong4.html "-" "Mozilla/5.0 (Macintosh; Intel Mac OS X 10_15_7) AppleWebKit/605.1.15 (KHTML, like Gecko)" 0 www.accesscom.com
95.166.9.226 - - [15/Mar/2024:13:41:37 -0700] "GET /~daveh/sean/song/pbsong4.html HTTP/1.1" 200 59712 /home/users/d/daveh/public_html/sean/song/pbsong4.html "-" "Mozilla/5.0 (Macintosh; Intel Mac OS X 10_15_7) AppleWebKit/605.1.15 (KHTML, like Gecko)" 0 www.accesscom.com
34.235.48.77 - - [15/Mar/2024:14:20:24 -0700] "GET /~daveh/sean/monty/dennismoore.txt HTTP/1.1" 200 2296 /home/users/d/daveh/public_html/sean/monty/dennismoore.txt "-" "Mozilla/5.0 (compatible)" 0 www.accesscom.com
65.109.24.145 - - [15/Mar/2024:14:29:53 -0700] "GET /~daveh/logs/access.log HTTP/1.1" 200 327274 /home/users/d/daveh/public_html/logs/access.log "http://www.accesscom.com/" "Mozilla/5.0 (Windows NT 10.0; Win64; x64) AppleWebKit/537.36 (KHTML, like Gecko) Chrome/114.0.0.0 Safari/537.36 Vivaldi/5.3.2679.68" 0 www.accesscom.com
65.109.24.145 - - [15/Mar/2024:14:29:56 -0700] "GET /~daveh/logs/tiki-register.php HTTP/1.1" 404 227 /home/users/d/daveh/public_html/logs/tiki-register.php "http://www.accesscom.com/" "Mozilla/5.0 (Windows NT 10.0; Win64; x64) AppleWebKit/537.36 (KHTML, like Gecko) Chrome/114.0.0.0 Safari/537.36 Vivaldi/5.3.2679.68" 0 www.accesscom.com
95.166.9.226 - - [15/Mar/2024:14:32:10 -0700] "GET /~daveh/sean/song/pbsong4.html HTTP/1.1" 200 59712 /home/users/d/daveh/public_html/sean/song/pbsong4.html "-" "Mozilla/5.0 (Macintosh; Intel Mac OS X 10_15_7) AppleWebKit/605.1.15 (KHTML, like Gecko)" 0 www.accesscom.com
31.183.132.97 - - [15/Mar/2024:15:30:36 -0700] "GET /~daveh/logs/access.log HTTP/1.1" 200 328211 /home/users/d/daveh/public_html/logs/access.log "http://www.accesscom.com/" "Mozilla/5.0 (Windows NT 10.0; Win64; x64) AppleWebKit/537.36 (KHTML, like Gecko) Chrome/114.0.0.0 Safari/537.36" 0 www.accesscom.com
31.183.132.97 - - [15/Mar/2024:16:29:05 -0700] "GET /~daveh/logs/access.log HTTP/1.1" 200 328518 /home/users/d/daveh/public_html/logs/access.log "http://www.accesscom.com/" "Mozilla/5.0 (Linux x86_64; rv:114.0) Gecko/20100101 Firefox/114.0" 0 www.accesscom.com
72.37.217.3 - - [15/Mar/2024:16:29:08 -0700] "GET /~daveh/logs/tiki-register.php HTTP/1.1" 404 227 /home/users/d/daveh/public_html/logs/tiki-register.php "http://www.accesscom.com/" "Mozilla/5.0 (Linux x86_64; rv:114.0) Gecko/20100101 Firefox/114.0" 0 www.accesscom.com
65.109.24.145 - - [15/Mar/2024:16:52:22 -0700] "GET /~daveh/logs/access.log HTTP/1.1" 200 329049 /home/users/d/daveh/public_html/logs/access.log "http://www.accesscom.com/" "Mozilla/5.0 (Macintosh; Intel Mac OS X 12_5) AppleWebKit/605.1.15 (KHTML, like Gecko) Version/15.4 Safari/605.1.15" 0 www.accesscom.com
65.109.24.145 - - [15/Mar/2024:16:52:29 -0700] "GET /~daveh/logs/tiki-register.php HTTP/1.1" 404 227 /home/users/d/daveh/public_html/logs/tiki-register.php "http://www.accesscom.com/" "Mozilla/5.0 (Macintosh; Intel Mac OS X 12_5) AppleWebKit/605.1.15 (KHTML, like Gecko) Version/15.4 Safari/605.1.15" 0 www.accesscom.com
17.241.227.124 - - [15/Mar/2024:17:29:26 -0700] "GET /~daveh/sean/song/songskit.html HTTP/1.1" 200 51136 /home/users/d/daveh/public_html/sean/song/songskit.html "-" "Mozilla/5.0 (Macintosh; Intel Mac OS X 10_15_5) AppleWebKit/605.1.15 (KHTML, like Gecko) Version/13.1.1 Safari/605.1.15 (Applebot/0.1; +http://www.apple.com/go/applebot)" 0 www.accesscom.com
24.233.101.113 - - [15/Mar/2024:18:28:46 -0700] "GET /~daveh/logs/access.log.0 HTTP/1.1" 200 548559 /home/users/d/daveh/public_html/logs/access.log.0 "http://www.accesscom.com/" "Mozilla/5.0 (Windows NT 10.0; WOW64) AppleWebKit/537.36 (KHTML, like Gecko) Chrome/114.0.0.0 YaBrowser/22.7.0 Yowser/2.5 Safari/537.36" 58 www.accesscom.com
24.233.101.113 - - [15/Mar/2024:18:29:50 -0700] "POST /~daveh/logs/access.log.0/trackback/ HTTP/1.1" 404 233 /home/users/d/daveh/public_html/logs/access.log.0 "http://eittraining.com/__media__/js/netsoltrademark.php?d=gatsu90Rentcar.com" "PHP/5.2.02" 0 www.accesscom.com
86.38.32.230 - - [15/Mar/2024:19:11:55 -0700] "GET /~daveh/sean/song/songskit.html HTTP/1.1" 200 51136 /home/users/d/daveh/public_html/sean/song/songskit.html "-" "Mozilla/5.0 (Macintosh; Intel Mac OS X 10_15_7) AppleWebKit/605.1.15 (KHTML, like Gecko)" 0 www.accesscom.com
109.107.175.11 - - [15/Mar/2024:19:29:51 -0700] "GET /~daveh/logs/access.log HTTP/1.1" 200 330918 /home/users/d/daveh/public_html/logs/access.log "http://www.accesscom.com/" "Mozilla/5.0 (Macintosh; Intel Mac OS X 12_5) AppleWebKit/537.36 (KHTML, like Gecko) Chrome/114.0.0.0 Safari/537.36 Vivaldi/5.3.2679.68" 0 www.accesscom.com
109.107.175.11 - - [15/Mar/2024:19:29:54 -0700] "GET /~daveh/logs/tiki-register.php HTTP/1.1" 404 227 /home/users/d/daveh/public_html/logs/tiki-register.php "http://www.accesscom.com/" "Mozilla/5.0 (Macintosh; Intel Mac OS X 12_5) AppleWebKit/537.36 (KHTML, like Gecko) Chrome/114.0.0.0 Safari/537.36 Vivaldi/5.3.2679.68" 0 www.accesscom.com
65.109.24.145 - - [15/Mar/2024:20:26:39 -0700] "GET /~daveh/logs/access.log HTTP/1.1" 200 331591 /home/users/d/daveh/public_html/logs/access.log "http://www.accesscom.com/" "Mozilla/5.0 (Windows NT 10.0; Win64; x64) AppleWebKit/537.36 (KHTML, like Gecko) Chrome/114.0.0.0 Safari/537.36" 0 www.accesscom.com
65.109.24.145 - - [15/Mar/2024:20:26:45 -0700] "GET /~daveh/logs/tiki-register.php HTTP/1.1" 404 227 /home/users/d/daveh/public_html/logs/tiki-register.php "http://www.accesscom.com/" "Mozilla/5.0 (Windows NT 10.0; Win64; x64) AppleWebKit/537.36 (KHTML, like Gecko) Chrome/114.0.0.0 Safari/537.36" 0 www.accesscom.com
195.191.219.131 - - [15/Mar/2024:20:29:10 -0700] "GET /~daveh/sean/song/pbsong0.html HTTP/1.1" 200 15827 /home/users/d/daveh/public_html/sean/song/pbsong0.html "-" "Mozilla/5.0 (compatible; MJ12bot/v1.4.8; http://mj12bot.com/)" 0 www.accesscom.com
195.191.219.131 - - [15/Mar/2024:20:29:12 -0700] "GET /~daveh/sean/song/songskit.html HTTP/1.1" 200 51136 /home/users/d/daveh/public_html/sean/song/songskit.html "-" "Mozilla/5.0 (compatible; MJ12bot/v1.4.8; http://mj12bot.com/)" 0 www.accesscom.com
202.186.148.156 - - [15/Mar/2024:20:42:42 -0700] "GET /~daveh/logs/access.log HTTP/1.1" 200 332714 /home/users/d/daveh/public_html/logs/access.log "http://www.accesscom.com/" "Mozilla/5.0 (Windows NT 10.0; WOW64) AppleWebKit/537.36 (KHTML, like Gecko) Chrome/114.0.0.0 YaBrowser/22.7.0 Yowser/2.5 Safari/537.36" 0 www.accesscom.com
202.186.148.156 - - [15/Mar/2024:20:42:45 -0700] "GET /~daveh/logs/tiki-register.php HTTP/1.1" 404 227 /home/users/d/daveh/public_html/logs/tiki-register.php "http://www.accesscom.com/" "Mozilla/5.0 (Windows NT 10.0; WOW64) AppleWebKit/537.36 (KHTML, like Gecko) Chrome/114.0.0.0 YaBrowser/22.7.0 Yowser/2.5 Safari/537.36" 0 www.accesscom.com
216.244.66.241 - - [15/Mar/2024:23:16:13 -0700] "GET /%7Edaveh/sean/monty/argument.txt HTTP/1.1" 200 4752 /home/users/d/daveh/public_html/sean/monty/argument.txt "-" "Mozilla/5.0 (compatible; DotBot/1.2; +https://opensiteexplorer.org/dotbot; help@moz.com)" 0 www.accesscom.com
107.172.230.13 - - [15/Mar/2024:23:19:24 -0700] "GET /~daveh/logs/access.log.0 HTTP/1.1" 200 548559 /home/users/d/daveh/public_html/logs/access.log.0 "http://www.accesscom.com/" "Mozilla/5.0 (X11; Fedora; Linux x86_64; rv:114.0) Gecko/20100101 Firefox/114.0" 0 www.accesscom.com
107.172.230.13 - - [15/Mar/2024:23:19:31 -0700] "POST /~daveh/logs/access.log/trackback/ HTTP/1.1" 404 231 /home/users/d/daveh/public_html/logs/access.log "-" "PHP/5.3.75" 0 www.accesscom.com
65.109.24.145 - - [15/Mar/2024:23:35:49 -0700] "GET /~daveh/logs/access.log HTTP/1.1" 200 334137 /home/users/d/daveh/public_html/logs/access.log "http://www.accesscom.com/" "Mozilla/5.0 (X11; Linux x86_64) AppleWebKit/537.36 (KHTML, like Gecko) Chrome/114.0.0.0 Safari/537.36 OPR/89.0.4447.51" 0 www.accesscom.com
65.109.24.145 - - [15/Mar/2024:23:35:55 -0700] "GET /~daveh/logs/tiki-register.php HTTP/1.1" 404 227 /home/users/d/daveh/public_html/logs/tiki-register.php "http://www.accesscom.com/" "Mozilla/5.0 (X11; Linux x86_64) AppleWebKit/537.36 (KHTML, like Gecko) Chrome/114.0.0.0 Safari/537.36 OPR/89.0.4447.51" 0 www.accesscom.com
95.166.9.226 - - [16/Mar/2024:00:07:24 -0700] "GET /~daveh/sean/song/pbsong4.html HTTP/1.1" 200 59712 /home/users/d/daveh/public_html/sean/song/pbsong4.html "-" "Mozilla/5.0 (Macintosh; Intel Mac OS X 10_15_7) AppleWebKit/605.1.15 (KHTML, like Gecko)" 0 www.accesscom.com
110.157.34.250 - - [16/Mar/2024:00:08:32 -0700] "GET /~daveh/sean/song/pbsong0.html HTTP/1.1" 200 15827 /home/users/d/daveh/public_html/sean/song/pbsong0.html "https://m.baidu.com/" "Mozilla/5.0 (Linux; Android 12; PERM10 Build/RKQ1.211119.001; wv) AppleWebKit/537.36 (KHTML, like Gecko) Version/4.0 Chrome/97.0.4692.98 Mobile Safari/537.36 T7/13.52 SP-engine/2.90.0 baiduboxapp/13.52.5.10 (Baidu; P1 12) NABar/1.0" 0 www.accesscom.com
110.157.34.250 - - [16/Mar/2024:00:08:32 -0700] "GET /~daveh/sean/song/new.gif HTTP/1.1" 200 147 /home/users/d/daveh/public_html/sean/song/new.gif "http://www.accesscom.com/~daveh/sean/song/pbsong0.html" "Mozilla/5.0 (Linux; Android 12; PERM10 Build/RKQ1.211119.001; wv) AppleWebKit/537.36 (KHTML, like Gecko) Version/4.0 Chrome/97.0.4692.98 Mobile Safari/537.36 T7/13.52 SP-engine/2.90.0 baiduboxapp/13.52.5.10 (Baidu; P1 12) NABar/1.0" 0 www.accesscom.com
220.181.108.144 - - [16/Mar/2024:00:12:00 -0700] "GET /~daveh/sean/song/pbsong0.html HTTP/1.1" 200 15827 /home/users/d/daveh/public_html/sean/song/pbsong0.html "-" "Mozilla/5.0 (Linux;u;Android 4.2.2;zh-cn;) AppleWebKit/534.46 (KHTML,like Gecko) Version/5.1 Mobile Safari/10600.6.3 (compatible; Baiduspider/2.0; +http://www.baidu.com/search/spider.html)" 0 www.accesscom.com
95.166.9.226 - - [16/Mar/2024:00:29:48 -0700] "GET /~daveh/sean/song/pbsong4.html HTTP/1.1" 200 59712 /home/users/d/daveh/public_html/sean/song/pbsong4.html "-" "Mozilla/5.0 (Macintosh; Intel Mac OS X 10_15_7) AppleWebKit/605.1.15 (KHTML, like Gecko)" 0 www.accesscom.com
95.166.9.226 - - [16/Mar/2024:01:16:29 -0700] "GET /~daveh/sean/song/pbsong4.html HTTP/1.1" 200 59712 /home/users/d/daveh/public_html/sean/song/pbsong4.html "-" "Mozilla/5.0 (Macintosh; Intel Mac OS X 10_15_7) AppleWebKit/605.1.15 (KHTML, like Gecko)" 0 www.accesscom.com
65.109.24.145 - - [16/Mar/2024:01:31:34 -0700] "GET /~daveh/logs/access.log HTTP/1.1" 200 336861 /home/users/d/daveh/public_html/logs/access.log "http://www.accesscom.com/" "Mozilla/5.0 (X11; Linux i686) AppleWebKit/537.36 (KHTML, like Gecko) Chrome/114.0.0.0 Safari/537.36 Vivaldi/5.3.2679.68" 0 www.accesscom.com
65.109.24.145 - - [16/Mar/2024:01:31:37 -0700] "GET /~daveh/logs/tiki-register.php HTTP/1.1" 404 227 /home/users/d/daveh/public_html/logs/tiki-register.php "http://www.accesscom.com/" "Mozilla/5.0 (X11; Linux i686) AppleWebKit/537.36 (KHTML, like Gecko) Chrome/114.0.0.0 Safari/537.36 Vivaldi/5.3.2679.68" 0 www.accesscom.com
31.183.132.97 - - [16/Mar/2024:02:31:11 -0700] "GET /~daveh/logs/access.log HTTP/1.1" 200 337502 /home/users/d/daveh/public_html/logs/access.log "http://www.accesscom.com/" "Mozilla/5.0 (Windows NT 10.0; WOW64) AppleWebKit/537.36 (KHTML, like Gecko) Chrome/114.0.0.0 Safari/537.36 Vivaldi/5.3.2679.68" 0 www.accesscom.com
65.109.24.145 - - [16/Mar/2024:03:17:28 -0700] "GET /~daveh/logs/access.log HTTP/1.1" 200 337824 /home/users/d/daveh/public_html/logs/access.log "http://www.accesscom.com/" "Mozilla/5.0 (Macintosh; Intel Mac OS X 12_5) AppleWebKit/605.1.15 (KHTML, like Gecko) Version/15.4 Safari/605.1.15" 0 www.accesscom.com
65.109.24.145 - - [16/Mar/2024:03:17:31 -0700] "GET /~daveh/logs/tiki-register.php HTTP/1.1" 404 227 /home/users/d/daveh/public_html/logs/tiki-register.php "http://www.accesscom.com/" "Mozilla/5.0 (Macintosh; Intel Mac OS X 12_5) AppleWebKit/605.1.15 (KHTML, like Gecko) Version/15.4 Safari/605.1.15" 0 www.accesscom.com
65.109.24.145 - - [16/Mar/2024:03:35:52 -0700] "GET /~daveh/logs/access.log HTTP/1.1" 200 338455 /home/users/d/daveh/public_html/logs/access.log "http://www.accesscom.com/" "Mozilla/5.0 (Macintosh; Intel Mac OS X 12.5; rv:114.0) Gecko/20100101 Firefox/114.0" 0 www.accesscom.com
65.109.24.145 - - [16/Mar/2024:03:35:55 -0700] "GET /~daveh/logs/tiki-register.php HTTP/1.1" 404 227 /home/users/d/daveh/public_html/logs/tiki-register.php "http://www.accesscom.com/" "Mozilla/5.0 (Macintosh; Intel Mac OS X 12.5; rv:114.0) Gecko/20100101 Firefox/114.0" 0 www.accesscom.com
51.222.253.3 - - [16/Mar/2024:04:08:08 -0700] "GET /~daveh/sean/song/pbsong0.html HTTP/1.1" 200 15827 /home/users/d/daveh/public_html/sean/song/pbsong0.html "-" "Mozilla/5.0 (compatible; AhrefsBot/7.0; +http://ahrefs.com/robot/)" 0 www.accesscom.com
65.109.24.145 - - [16/Mar/2024:04:18:52 -0700] "GET /~daveh/logs/access.log HTTP/1.1" 200 339274 /home/users/d/daveh/public_html/logs/access.log "http://www.accesscom.com/" "Mozilla/5.0 (Macintosh; Intel Mac OS X 12_5) AppleWebKit/537.36 (KHTML, like Gecko) Chrome/114.0.0.0 Safari/537.36 OPR/89.0.4447.51" 0 www.accesscom.com
65.109.24.145 - - [16/Mar/2024:04:18:56 -0700] "GET /~daveh/logs/tiki-register.php HTTP/1.1" 404 227 /home/users/d/daveh/public_html/logs/tiki-register.php "http://www.accesscom.com/" "Mozilla/5.0 (Macintosh; Intel Mac OS X 12_5) AppleWebKit/537.36 (KHTML, like Gecko) Chrome/114.0.0.0 Safari/537.36 OPR/89.0.4447.51" 0 www.accesscom.com
95.166.9.226 - - [16/Mar/2024:04:23:37 -0700] "GET /~daveh/sean/song/pbsong4.html HTTP/1.1" 200 59712 /home/users/d/daveh/public_html/sean/song/pbsong4.html "-" "Mozilla/5.0 (Macintosh; Intel Mac OS X 10_15_7) AppleWebKit/605.1.15 (KHTML, like Gecko)" 0 www.accesscom.com
31.183.132.97 - - [16/Mar/2024:04:39:56 -0700] "GET /~daveh/logs/access.log HTTP/1.1" 200 340211 /home/users/d/daveh/public_html/logs/access.log "http://www.accesscom.com/" "Mozilla/5.0 (Windows NT 10.0; Win64; x64) AppleWebKit/537.36 (KHTML, like Gecko) Chrome/114.0.0.0 Safari/537.36" 0 www.accesscom.com
67.201.33.10 - - [16/Mar/2024:04:39:59 -0700] "GET /~daveh/logs/tiki-register.php HTTP/1.1" 404 227 /home/users/d/daveh/public_html/logs/tiki-register.php "http://www.accesscom.com/" "Mozilla/5.0 (Windows NT 10.0; Win64; x64) AppleWebKit/537.36 (KHTML, like Gecko) Chrome/114.0.0.0 Safari/537.36" 0 www.accesscom.com
195.191.219.130 - - [16/Mar/2024:04:41:37 -0700] "GET /~daveh/sean/song/pbsong1.html HTTP/1.1" 200 41905 /home/users/d/daveh/public_html/sean/song/pbsong1.html "-" "Mozilla/5.0 (compatible; MJ12bot/v1.4.8; http://mj12bot.com/)" 0 www.accesscom.com
195.191.219.130 - - [16/Mar/2024:04:41:39 -0700] "GET /~daveh/sean/song/pbsong2.html HTTP/1.1" 200 54080 /home/users/d/daveh/public_html/sean/song/pbsong2.html "-" "Mozilla/5.0 (compatible; MJ12bot/v1.4.8; http://mj12bot.com/)" 0 www.accesscom.com
195.191.219.130 - - [16/Mar/2024:04:41:43 -0700] "GET /~daveh/sean/song/pbsong3.html HTTP/1.1" 200 65639 /home/users/d/daveh/public_html/sean/song/pbsong3.html "-" "Mozilla/5.0 (compatible; MJ12bot/v1.4.8; http://mj12bot.com/)" 0 www.accesscom.com
195.191.219.130 - - [16/Mar/2024:04:41:52 -0700] "GET /~daveh/sean/song/pbsong4.html HTTP/1.1" 200 59712 /home/users/d/daveh/public_html/sean/song/pbsong4.html "-" "Mozilla/5.0 (compatible; MJ12bot/v1.4.8; http://mj12bot.com/)" 0 www.accesscom.com
195.191.219.130 - - [16/Mar/2024:04:41:54 -0700] "GET /~daveh/sean/song/pbsong5.html HTTP/1.1" 200 13272 /home/users/d/daveh/public_html/sean/song/pbsong5.html "-" "Mozilla/5.0 (compatible; MJ12bot/v1.4.8; http://mj12bot.com/)" 0 www.accesscom.com
109.107.175.11 - - [16/Mar/2024:04:53:28 -0700] "GET /~daveh/logs/access.log HTTP/1.1" 200 342075 /home/users/d/daveh/public_html/logs/access.log "http://www.accesscom.com/" "Mozilla/5.0 (Macintosh; Intel Mac OS X 12.5; rv:114.0) Gecko/20100101 Firefox/114.0" 3 www.accesscom.com
109.107.175.11 - - [16/Mar/2024:04:53:34 -0700] "GET /~daveh/logs/tiki-register.php HTTP/1.1" 404 227 /home/users/d/daveh/public_html/logs/tiki-register.php "http://www.accesscom.com/" "Mozilla/5.0 (Macintosh; Intel Mac OS X 12.5; rv:114.0) Gecko/20100101 Firefox/114.0" 0 www.accesscom.com
213.110.139.119 - - [16/Mar/2024:05:04:03 -0700] "HEAD /~daveh/sean/song/pbsong0.html HTTP/1.1" 200 - /home/users/d/daveh/public_html/sean/song/pbsong0.html "-" "python-requests/2.31.0" 0 www.accesscom.com
195.2.67.223 - - [16/Mar/2024:05:04:47 -0700] "GET /~daveh/logs/access.log HTTP/1.1" 200 342852 /home/users/d/daveh/public_html/logs/access.log "http://www.accesscom.com/" "Mozilla/5.0 (Windows NT 10.0; Win64; x64) AppleWebKit/537.36 (KHTML, like Gecko) Chrome/114.0.0.0 Safari/537.36 OPR/89.0.4447.51" 0 www.accesscom.com
195.2.67.223 - - [16/Mar/2024:05:04:48 -0700] "GET /~daveh/logs/tiki-register.php HTTP/1.1" 404 227 /home/users/d/daveh/public_html/logs/tiki-register.php "http://www.accesscom.com/" "Mozilla/5.0 (Windows NT 10.0; Win64; x64) AppleWebKit/537.36 (KHTML, like Gecko) Chrome/114.0.0.0 Safari/537.36 OPR/89.0.4447.51" 0 www.accesscom.com
143.44.145.78 - - [16/Mar/2024:05:07:02 -0700] "GET /~daveh/sean/song/pbsong4.html HTTP/1.1" 200 59712 /home/users/d/daveh/public_html/sean/song/pbsong4.html "https://www.google.com/" "Mozilla/5.0 (Windows NT 10.0; Win64; x64) AppleWebKit/537.36 (KHTML, like Gecko) Chrome/122.0.0.0 Safari/537.36" 0 www.accesscom.com
5.161.193.197 - - [16/Mar/2024:05:15:42 -0700] "GET /~daveh/sean/song/songskit.html HTTP/1.1" 200 51136 /home/users/d/daveh/public_html/sean/song/songskit.html "-" "Mozilla/5.0 (Windows NT 10.0; Win64; x64) AppleWebKit/537.36 (KHTML, like Gecko) Chrome/84.0.4147.105 Safari/537.36" 0 www.accesscom.com
5.102.173.71 - - [16/Mar/2024:05:19:37 -0700] "GET /~daveh/sean/monty/monty.htm HTTP/1.1" 200 5477 /home/users/d/daveh/public_html/sean/monty/monty.htm "-" "Mozilla/5.0 (compatible; MojeekBot/0.11; +https://www.mojeek.com/bot.html)" 0 www.accesscom.com
65.109.24.145 - - [16/Mar/2024:05:33:43 -0700] "GET /~daveh/logs/access.log HTTP/1.1" 200 344382 /home/users/d/daveh/public_html/logs/access.log "http://www.accesscom.com/" "Mozilla/5.0 (Windows NT 10.0; Win64; x64) AppleWebKit/537.36 (KHTML, like Gecko) Chrome/114.0.0.0 Safari/537.36 OPR/89.0.4447.51" 0 www.accesscom.com
65.109.24.145 - - [16/Mar/2024:05:33:49 -0700] "GET /~daveh/logs/tiki-register.php HTTP/1.1" 404 227 /home/users/d/daveh/public_html/logs/tiki-register.php "http://www.accesscom.com/" "Mozilla/5.0 (Windows NT 10.0; Win64; x64) AppleWebKit/537.36 (KHTML, like Gecko) Chrome/114.0.0.0 Safari/537.36 OPR/89.0.4447.51" 0 www.accesscom.com
195.2.67.223 - - [16/Mar/2024:05:41:09 -0700] "GET /~daveh/logs/access.log HTTP/1.1" 200 345041 /home/users/d/daveh/public_html/logs/access.log "http://www.accesscom.com/" "Mozilla/5.0 (Windows NT 10.0; Win64; x64) AppleWebKit/537.36 (KHTML, like Gecko) Chrome/114.0.0.0 Safari/537.36 Vivaldi/5.3.2679.68" 0 www.accesscom.com
195.2.67.223 - - [16/Mar/2024:05:41:14 -0700] "GET /~daveh/logs/tiki-register.php HTTP/1.1" 404 227 /home/users/d/daveh/public_html/logs/tiki-register.php "http://www.accesscom.com/" "Mozilla/5.0 (Windows NT 10.0; Win64; x64) AppleWebKit/537.36 (KHTML, like Gecko) Chrome/114.0.0.0 Safari/537.36 Vivaldi/5.3.2679.68" 0 www.accesscom.com
65.109.24.145 - - [16/Mar/2024:06:12:47 -0700] "GET /~daveh/logs/access.log HTTP/1.1" 200 345704 /home/users/d/daveh/public_html/logs/access.log "http://www.accesscom.com/" "Mozilla/5.0 (X11; Linux x86_64) AppleWebKit/537.36 (KHTML, like Gecko) Chrome/114.0.0.0 Safari/537.36 Vivaldi/5.3.2679.68" 0 www.accesscom.com
65.109.24.145 - - [16/Mar/2024:06:12:50 -0700] "GET /~daveh/logs/tiki-register.php HTTP/1.1" 404 227 /home/users/d/daveh/public_html/logs/tiki-register.php "http://www.accesscom.com/" "Mozilla/5.0 (X11; Linux x86_64) AppleWebKit/537.36 (KHTML, like Gecko) Chrome/114.0.0.0 Safari/537.36 Vivaldi/5.3.2679.68" 0 www.accesscom.com
95.166.9.226 - - [16/Mar/2024:06:26:32 -0700] "GET /~daveh/sean/song/pbsong4.html HTTP/1.1" 200 59712 /home/users/d/daveh/public_html/sean/song/pbsong4.html "-" "Mozilla/5.0 (Macintosh; Intel Mac OS X 10_15_7) AppleWebKit/605.1.15 (KHTML, like Gecko)" 0 www.accesscom.com
95.166.9.226 - - [16/Mar/2024:06:36:43 -0700] "GET /~daveh/sean/song/pbsong4.html HTTP/1.1" 200 59712 /home/users/d/daveh/public_html/sean/song/pbsong4.html "-" "Mozilla/5.0 (Macintosh; Intel Mac OS X 10_15_7) AppleWebKit/605.1.15 (KHTML, like Gecko)" 0 www.accesscom.com
95.166.9.226 - - [16/Mar/2024:07:55:10 -0700] "GET /~daveh/sean/song/pbsong4.html HTTP/1.1" 200 59712 /home/users/d/daveh/public_html/sean/song/pbsong4.html "-" "Mozilla/5.0 (Macintosh; Intel Mac OS X 10_15_7) AppleWebKit/605.1.15 (KHTML, like Gecko)" 0 www.accesscom.com
40.77.167.136 - - [16/Mar/2024:08:15:30 -0700] "GET /~daveh/logs/Apr13.awstats.html HTTP/1.1" 200 92511 /home/users/d/daveh/public_html/logs/Apr13.awstats.html "-" "Mozilla/5.0 AppleWebKit/537.36 (KHTML, like Gecko; compatible; bingbot/2.0; +http://www.bing.com/bingbot.htm) Chrome/116.0.1938.76 Safari/537.36" 0 www.accesscom.com
202.186.148.156 - - [16/Mar/2024:08:27:40 -0700] "GET /~daveh/logs/access.log HTTP/1.1" 200 347496 /home/users/d/daveh/public_html/logs/access.log "http://www.accesscom.com/" "Mozilla/5.0 (Windows NT 10.0; Win64; x64) AppleWebKit/537.36 (KHTML, like Gecko) Chrome/114.0.0.0 Safari/537.36" 0 www.accesscom.com
202.186.148.156 - - [16/Mar/2024:08:27:43 -0700] "GET /~daveh/logs/tiki-register.php HTTP/1.1" 404 227 /home/users/d/daveh/public_html/logs/tiki-register.php "http://www.accesscom.com/" "Mozilla/5.0 (Windows NT 10.0; Win64; x64) AppleWebKit/537.36 (KHTML, like Gecko) Chrome/114.0.0.0 Safari/537.36" 0 www.accesscom.com
95.166.9.226 - - [16/Mar/2024:08:37:47 -0700] "GET /~daveh/sean/song/pbsong4.html HTTP/1.1" 200 59712 /home/users/d/daveh/public_html/sean/song/pbsong4.html "-" "Mozilla/5.0 (Macintosh; Intel Mac OS X 10_15_7) AppleWebKit/605.1.15 (KHTML, like Gecko)" 0 www.accesscom.com
65.109.24.145 - - [16/Mar/2024:09:23:49 -0700] "GET /~daveh/logs/access.log HTTP/1.1" 200 348397 /home/users/d/daveh/public_html/logs/access.log "http://www.accesscom.com/" "Mozilla/5.0 (Macintosh; Intel Mac OS X 12.5; rv:114.0) Gecko/20100101 Firefox/114.0" 0 www.accesscom.com
65.109.24.145 - - [16/Mar/2024:09:23:54 -0700] "GET /~daveh/logs/tiki-register.php HTTP/1.1" 404 227 /home/users/d/daveh/public_html/logs/tiki-register.php "http://www.accesscom.com/" "Mozilla/5.0 (Macintosh; Intel Mac OS X 12.5; rv:114.0) Gecko/20100101 Firefox/114.0" 0 www.accesscom.com
95.152.62.215 - - [16/Mar/2024:10:01:44 -0700] "GET /~daveh/logs/access.log HTTP/1.1" 200 348966 /home/users/d/daveh/public_html/logs/access.log "http://www.accesscom.com/" "Mozilla/5.0 (Macintosh; Intel Mac OS X 12_5) AppleWebKit/605.1.15 (KHTML, like Gecko) Version/15.4 Safari/605.1.15" 0 www.accesscom.com
