45.250.67.43 - - [08/Mar/2024:12:43:30 -0800] "POST /~daveh/logs/access.log/trackback/ HTTP/1.1" 404 231 /home/users/d/daveh/public_html/logs/access.log "-" "PHP/5.3.43" 0 www.accesscom.com
52.167.144.216 - - [08/Mar/2024:12:44:11 -0800] "GET /~daveh/logs/Aug04.awstats.html HTTP/1.1" 200 70254 /home/users/d/daveh/public_html/logs/Aug04.awstats.html "-" "Mozilla/5.0 AppleWebKit/537.36 (KHTML, like Gecko; compatible; bingbot/2.0; +http://www.bing.com/bingbot.htm) Chrome/116.0.1938.76 Safari/537.36" 0 www.accesscom.com
52.167.144.211 - - [08/Mar/2024:12:55:19 -0800] "GET /~daveh/logs/Apr13.awstats.html HTTP/1.1" 200 92511 /home/users/d/daveh/public_html/logs/Apr13.awstats.html "-" "Mozilla/5.0 AppleWebKit/537.36 (KHTML, like Gecko; compatible; bingbot/2.0; +http://www.bing.com/bingbot.htm) Chrome/116.0.1938.76 Safari/537.36" 0 www.accesscom.com
65.109.24.145 - - [08/Mar/2024:13:51:16 -0800] "GET /~daveh/logs/access.log HTTP/1.1" 200 150444 /home/users/d/daveh/public_html/logs/access.log "http://www.accesscom.com/" "Mozilla/5.0 (Macintosh; Intel Mac OS X 12_5) AppleWebKit/537.36 (KHTML, like Gecko) Chrome/114.0.0.0 Safari/537.36 Edg/114.0.1264.71" 0 www.accesscom.com
65.109.24.145 - - [08/Mar/2024:13:51:20 -0800] "GET /~daveh/logs/tiki-register.php HTTP/1.1" 404 227 /home/users/d/daveh/public_html/logs/tiki-register.php "http://www.accesscom.com/" "Mozilla/5.0 (Macintosh; Intel Mac OS X 12_5) AppleWebKit/537.36 (KHTML, like Gecko) Chrome/114.0.0.0 Safari/537.36 Edg/114.0.1264.71" 0 www.accesscom.com
65.109.24.145 - - [08/Mar/2024:14:52:34 -0800] "GET /~daveh/logs/access.log HTTP/1.1" 200 151111 /home/users/d/daveh/public_html/logs/access.log "http://www.accesscom.com/" "Mozilla/5.0 (Windows NT 10.0; Win64; x64; rv:114.0) Gecko/20100101 Firefox/114.0" 0 www.accesscom.com
65.109.24.145 - - [08/Mar/2024:14:52:37 -0800] "GET /~daveh/logs/tiki-register.php HTTP/1.1" 404 227 /home/users/d/daveh/public_html/logs/tiki-register.php "http://www.accesscom.com/" "Mozilla/5.0 (Windows NT 10.0; Win64; x64; rv:114.0) Gecko/20100101 Firefox/114.0" 0 www.accesscom.com
87.249.132.208 - - [08/Mar/2024:15:23:37 -0800] "GET /~daveh/logs/access.log HTTP/1.1" 200 151674 /home/users/d/daveh/public_html/logs/access.log "http://www.accesscom.com/" "Mozilla/5.0 (Windows NT 10.0; Win64; x64) AppleWebKit/537.36 (KHTML, like Gecko) Chrome/114.0.0.0 Safari/537.36 Edg/114.0.1264.71" 0 www.accesscom.com
101.44.249.179 - - [08/Mar/2024:15:59:38 -0800] "GET /%7Edaveh/sean/song/pbsong1.html HTTP/1.1" 200 41905 /home/users/d/daveh/public_html/sean/song/pbsong1.html "http://www.accesscom.com/%7Edaveh/sean/song/pbsong1.html" "Mozilla/5.0 (Macintosh; Intel Mac OS X 10_15_7) AppleWebKit/537.36 (KHTML, like Gecko) Chrome/114.0.0.0 Safari/537.36" 0 www.accesscom.com
87.249.132.208 - - [08/Mar/2024:16:16:02 -0800] "GET /~daveh/logs/access.log HTTP/1.1" 200 152360 /home/users/d/daveh/public_html/logs/access.log "http://www.accesscom.com/" "Mozilla/5.0 (X11; Fedora; Linux x86_64; rv:114.0) Gecko/20100101 Firefox/114.0" 0 www.accesscom.com
86.38.32.230 - - [08/Mar/2024:18:05:17 -0800] "GET /~daveh/sean/song/songskit.html HTTP/1.1" 200 51136 /home/users/d/daveh/public_html/sean/song/songskit.html "-" "Mozilla/5.0 (Macintosh; Intel Mac OS X 10_15_7) AppleWebKit/605.1.15 (KHTML, like Gecko)" 0 www.accesscom.com
87.249.132.208 - - [08/Mar/2024:18:15:05 -0800] "GET /~daveh/logs/access.log HTTP/1.1" 200 152909 /home/users/d/daveh/public_html/logs/access.log "http://www.accesscom.com/" "Mozilla/5.0 (Windows NT 10.0; WOW64) AppleWebKit/537.36 (KHTML, like Gecko) Chrome/114.0.0.0 Safari/537.36" 0 www.accesscom.com
103.96.37.169 - - [08/Mar/2024:18:41:49 -0800] "GET /~daveh/logs/access.log HTTP/1.1" 200 153212 /home/users/d/daveh/public_html/logs/access.log "http://www.accesscom.com/" "Mozilla/5.0 (Macintosh; Intel Mac OS X 12_5) AppleWebKit/537.36 (KHTML, like Gecko) Chrome/114.0.0.0 Safari/537.36" 50 www.accesscom.com
103.96.37.169 - - [08/Mar/2024:18:42:57 -0800] "GET /~daveh/logs/tiki-register.php HTTP/1.1" 404 227 /home/users/d/daveh/public_html/logs/tiki-register.php "http://www.accesscom.com/" "Mozilla/5.0 (Macintosh; Intel Mac OS X 12_5) AppleWebKit/537.36 (KHTML, like Gecko) Chrome/114.0.0.0 Safari/537.36" 0 www.accesscom.com
65.109.24.145 - - [08/Mar/2024:18:50:26 -0800] "GET /~daveh/logs/access.log HTTP/1.1" 200 153844 /home/users/d/daveh/public_html/logs/access.log "http://www.accesscom.com/" "Mozilla/5.0 (X11; Fedora; Linux x86_64; rv:114.0) Gecko/20100101 Firefox/114.0" 0 www.accesscom.com
65.109.24.145 - - [08/Mar/2024:18:50:29 -0800] "GET /~daveh/logs/tiki-register.php HTTP/1.1" 404 227 /home/users/d/daveh/public_html/logs/tiki-register.php "http://www.accesscom.com/" "Mozilla/5.0 (X11; Fedora; Linux x86_64; rv:114.0) Gecko/20100101 Firefox/114.0" 0 www.accesscom.com
195.191.219.130 - - [08/Mar/2024:19:32:00 -0800] "GET /~daveh/sean/song/pbsong0.html HTTP/1.1" 200 15827 /home/users/d/daveh/public_html/sean/song/pbsong0.html "-" "Mozilla/5.0 (compatible; MJ12bot/v1.4.8; http://mj12bot.com/)" 0 www.accesscom.com
195.191.219.130 - - [08/Mar/2024:19:32:02 -0800] "GET /~daveh/sean/song/songskit.html HTTP/1.1" 200 51136 /home/users/d/daveh/public_html/sean/song/songskit.html "-" "Mozilla/5.0 (compatible; MJ12bot/v1.4.8; http://mj12bot.com/)" 0 www.accesscom.com
83.243.120.154 - - [08/Mar/2024:19:40:57 -0800] "GET /~daveh/logs/access.log.0 HTTP/1.1" 200 548559 /home/users/d/daveh/public_html/logs/access.log.0 "http://www.accesscom.com/" "Mozilla/5.0 (Macintosh; Intel Mac OS X 12_5) AppleWebKit/537.36 (KHTML, like Gecko) Chrome/114.0.0.0 Safari/537.36 OPR/89.0.4447.51" 0 www.accesscom.com
83.243.120.154 - - [08/Mar/2024:19:41:02 -0800] "GET /~daveh/logs/tiki-register.php HTTP/1.1" 404 227 /home/users/d/daveh/public_html/logs/tiki-register.php "http://www.accesscom.com/" "Mozilla/5.0 (Macintosh; Intel Mac OS X 12_5) AppleWebKit/537.36 (KHTML, like Gecko) Chrome/114.0.0.0 Safari/537.36 OPR/89.0.4447.51" 0 www.accesscom.com
65.109.24.145 - - [08/Mar/2024:19:59:49 -0800] "GET /~daveh/logs/access.log HTTP/1.1" 200 155572 /home/users/d/daveh/public_html/logs/access.log "http://www.accesscom.com/" "Mozilla/5.0 (Windows NT 10.0; Win64; x64; rv:114.0) Gecko/20100101 Firefox/114.0" 0 www.accesscom.com
65.109.24.145 - - [08/Mar/2024:19:59:53 -0800] "GET /~daveh/logs/tiki-register.php HTTP/1.1" 404 227 /home/users/d/daveh/public_html/logs/tiki-register.php "http://www.accesscom.com/" "Mozilla/5.0 (Windows NT 10.0; Win64; x64; rv:114.0) Gecko/20100101 Firefox/114.0" 0 www.accesscom.com
103.49.202.252 - - [08/Mar/2024:20:09:57 -0800] "GET /~daveh/logs/access.log.0 HTTP/1.0" 206 548559 /home/users/d/daveh/public_html/logs/access.log.0 "http://www.accesscom.com/" "Mozilla/5.0 (Windows NT 10.0; Win64; x64) AppleWebKit/537.36 (KHTML, like Gecko) Chrome/114.0.0.0 Safari/537.36" 0 www.accesscom.com
103.49.202.252 - - [08/Mar/2024:20:09:58 -0800] "GET /~daveh/logs/access.log.0 HTTP/1.0" 206 548559 /home/users/d/daveh/public_html/logs/access.log.0 "http://www.accesscom.com/" "Mozilla/5.0 (Windows NT 10.0; Win64; x64) AppleWebKit/537.36 (KHTML, like Gecko) Chrome/114.0.0.0 Safari/537.36" 0 www.accesscom.com
103.49.202.252 - - [08/Mar/2024:20:10:00 -0800] "GET /~daveh/logs/access.log.0 HTTP/1.0" 206 548559 /home/users/d/daveh/public_html/logs/access.log.0 "http://www.accesscom.com/" "Mozilla/5.0 (Windows NT 10.0; Win64; x64) AppleWebKit/537.36 (KHTML, like Gecko) Chrome/114.0.0.0 Safari/537.36" 0 www.accesscom.com
109.107.175.11 - - [08/Mar/2024:20:45:59 -0800] "GET /~daveh/logs/access.log HTTP/1.1" 200 157071 /home/users/d/daveh/public_html/logs/access.log "http://www.accesscom.com/" "Mozilla/5.0 (X11; Linux i686; rv:114.0) Gecko/20100101 Firefox/114.0" 0 www.accesscom.com
109.107.175.11 - - [08/Mar/2024:20:46:02 -0800] "GET /~daveh/logs/tiki-register.php HTTP/1.1" 404 227 /home/users/d/daveh/public_html/logs/tiki-register.php "http://www.accesscom.com/" "Mozilla/5.0 (X11; Linux i686; rv:114.0) Gecko/20100101 Firefox/114.0" 0 www.accesscom.com
52.167.144.238 - - [08/Mar/2024:21:49:40 -0800] "GET /~daveh/logs/Apr13.awstats.html HTTP/1.1" 200 92511 /home/users/d/daveh/public_html/logs/Apr13.awstats.html "-" "Mozilla/5.0 AppleWebKit/537.36 (KHTML, like Gecko; compatible; bingbot/2.0; +http://www.bing.com/bingbot.htm) Chrome/116.0.1938.76 Safari/537.36" 0 www.accesscom.com
95.166.9.226 - - [08/Mar/2024:23:15:16 -0800] "GET /~daveh/sean/song/pbsong4.html HTTP/1.1" 200 59712 /home/users/d/daveh/public_html/sean/song/pbsong4.html "-" "Mozilla/5.0 (Macintosh; Intel Mac OS X 10_15_7) AppleWebKit/605.1.15 (KHTML, like Gecko)" 0 www.accesscom.com
95.166.9.226 - - [08/Mar/2024:23:25:23 -0800] "GET /~daveh/sean/song/pbsong4.html HTTP/1.1" 200 59712 /home/users/d/daveh/public_html/sean/song/pbsong4.html "-" "Mozilla/5.0 (Macintosh; Intel Mac OS X 10_15_7) AppleWebKit/605.1.15 (KHTML, like Gecko)" 0 www.accesscom.com
65.109.24.145 - - [09/Mar/2024:00:00:48 -0800] "GET /~daveh/logs/access.log HTTP/1.1" 200 158488 /home/users/d/daveh/public_html/logs/access.log "http://www.accesscom.com/" "Mozilla/5.0 (Macintosh; Intel Mac OS X 12_5) AppleWebKit/605.1.15 (KHTML, like Gecko) Version/15.4 Safari/605.1.15" 0 www.accesscom.com
65.109.24.145 - - [09/Mar/2024:00:00:51 -0800] "GET /~daveh/logs/tiki-register.php HTTP/1.1" 404 227 /home/users/d/daveh/public_html/logs/tiki-register.php "http://www.accesscom.com/" "Mozilla/5.0 (Macintosh; Intel Mac OS X 12_5) AppleWebKit/605.1.15 (KHTML, like Gecko) Version/15.4 Safari/605.1.15" 0 www.accesscom.com
103.189.201.2 - - [09/Mar/2024:00:25:14 -0800] "GET /~daveh/logs/access.log.0 HTTP/1.1" 200 548559 /home/users/d/daveh/public_html/logs/access.log.0 "http://www.accesscom.com/" "Mozilla/5.0 (Windows NT 10.0) AppleWebKit/537.36 (KHTML, like Gecko) Chrome/114.0.0.0 Safari/537.36" 0 www.accesscom.com
95.166.9.226 - - [09/Mar/2024:00:48:27 -0800] "GET /~daveh/sean/song/pbsong4.html HTTP/1.1" 200 59712 /home/users/d/daveh/public_html/sean/song/pbsong4.html "-" "Mozilla/5.0 (Macintosh; Intel Mac OS X 10_15_7) AppleWebKit/605.1.15 (KHTML, like Gecko)" 0 www.accesscom.com
103.87.142.116 - - [09/Mar/2024:01:03:36 -0800] "GET /~daveh/logs/access.log HTTP/1.1" 200 159690 /home/users/d/daveh/public_html/logs/access.log "http://www.accesscom.com/" "Mozilla/5.0 (X11; Linux i686; rv:114.0) Gecko/20100101 Firefox/114.0" 0 www.accesscom.com
103.87.142.116 - - [09/Mar/2024:01:03:42 -0800] "POST /~daveh/logs/access.log/trackback/ HTTP/1.1" 404 231 /home/users/d/daveh/public_html/logs/access.log "-" "PHP/5.3.09" 0 www.accesscom.com
95.166.9.226 - - [09/Mar/2024:01:10:13 -0800] "GET /~daveh/sean/song/pbsong4.html HTTP/1.1" 200 59712 /home/users/d/daveh/public_html/sean/song/pbsong4.html "-" "Mozilla/5.0 (Macintosh; Intel Mac OS X 10_15_7) AppleWebKit/605.1.15 (KHTML, like Gecko)" 0 www.accesscom.com
65.109.24.145 - - [09/Mar/2024:02:21:44 -0800] "GET /~daveh/logs/access.log HTTP/1.1" 200 160419 /home/users/d/daveh/public_html/logs/access.log "http://www.accesscom.com/" "Mozilla/5.0 (Macintosh; Intel Mac OS X 12_5) AppleWebKit/537.36 (KHTML, like Gecko) Chrome/114.0.0.0 Safari/537.36" 0 www.accesscom.com
65.109.24.145 - - [09/Mar/2024:02:21:48 -0800] "GET /~daveh/logs/tiki-register.php HTTP/1.1" 404 227 /home/users/d/daveh/public_html/logs/tiki-register.php "http://www.accesscom.com/" "Mozilla/5.0 (Macintosh; Intel Mac OS X 12_5) AppleWebKit/537.36 (KHTML, like Gecko) Chrome/114.0.0.0 Safari/537.36" 0 www.accesscom.com
51.222.253.16 - - [09/Mar/2024:03:33:38 -0800] "GET /~daveh/sean/song/pbsong0.html HTTP/1.1" 200 15827 /home/users/d/daveh/public_html/sean/song/pbsong0.html "-" "Mozilla/5.0 (compatible; AhrefsBot/7.0; +http://ahrefs.com/robot/)" 0 www.accesscom.com
87.249.132.208 - - [09/Mar/2024:03:42:18 -0800] "GET /~daveh/logs/access.log HTTP/1.1" 200 161301 /home/users/d/daveh/public_html/logs/access.log "http://www.accesscom.com/" "Mozilla/5.0 (Macintosh; Intel Mac OS X 12_5) AppleWebKit/537.36 (KHTML, like Gecko) Chrome/114.0.0.0 Safari/537.36" 0 www.accesscom.com
87.249.132.208 - - [09/Mar/2024:03:42:23 -0800] "GET /~daveh/logs/tiki-register.php HTTP/1.1" 404 227 /home/users/d/daveh/public_html/logs/tiki-register.php "http://www.accesscom.com/" "Mozilla/5.0 (Macintosh; Intel Mac OS X 12_5) AppleWebKit/537.36 (KHTML, like Gecko) Chrome/114.0.0.0 Safari/537.36" 0 www.accesscom.com
95.166.9.226 - - [09/Mar/2024:03:59:30 -0800] "GET /~daveh/sean/song/pbsong4.html HTTP/1.1" 200 59712 /home/users/d/daveh/public_html/sean/song/pbsong4.html "-" "Mozilla/5.0 (Macintosh; Intel Mac OS X 10_15_7) AppleWebKit/605.1.15 (KHTML, like Gecko)" 0 www.accesscom.com
51.222.253.3 - - [09/Mar/2024:04:00:25 -0800] "GET /~daveh/sean/song/songskit.html HTTP/1.1" 200 51136 /home/users/d/daveh/public_html/sean/song/songskit.html "-" "Mozilla/5.0 (compatible; AhrefsBot/7.0; +http://ahrefs.com/robot/)" 0 www.accesscom.com
65.109.24.145 - - [09/Mar/2024:04:04:19 -0800] "GET /~daveh/logs/access.log HTTP/1.1" 200 162458 /home/users/d/daveh/public_html/logs/access.log "http://www.accesscom.com/" "Mozilla/5.0 (X11; Fedora; Linux x86_64; rv:114.0) Gecko/20100101 Firefox/114.0" 0 www.accesscom.com
65.109.24.145 - - [09/Mar/2024:04:04:22 -0800] "GET /~daveh/logs/tiki-register.php HTTP/1.1" 404 227 /home/users/d/daveh/public_html/logs/tiki-register.php "http://www.accesscom.com/" "Mozilla/5.0 (X11; Fedora; Linux x86_64; rv:114.0) Gecko/20100101 Firefox/114.0" 0 www.accesscom.com
87.249.132.208 - - [09/Mar/2024:04:53:06 -0800] "GET /~daveh/logs/access.log HTTP/1.1" 200 163017 /home/users/d/daveh/public_html/logs/access.log "http://www.accesscom.com/" "Mozilla/5.0 (X11; Linux i686; rv:114.0) Gecko/20100101 Firefox/114.0" 0 www.accesscom.com
87.249.132.208 - - [09/Mar/2024:04:53:11 -0800] "GET /~daveh/logs/tiki-register.php HTTP/1.1" 404 227 /home/users/d/daveh/public_html/logs/tiki-register.php "http://www.accesscom.com/" "Mozilla/5.0 (X11; Linux i686; rv:114.0) Gecko/20100101 Firefox/114.0" 0 www.accesscom.com
87.249.132.208 - - [09/Mar/2024:06:24:49 -0800] "GET /~daveh/logs/access.log HTTP/1.1" 200 163558 /home/users/d/daveh/public_html/logs/access.log "http://www.accesscom.com/" "Mozilla/5.0 (Macintosh; Intel Mac OS X 12_5) AppleWebKit/537.36 (KHTML, like Gecko) Chrome/114.0.0.0 Safari/537.36 Vivaldi/5.3.2679.68" 0 www.accesscom.com
87.249.132.208 - - [09/Mar/2024:06:24:55 -0800] "GET /~daveh/logs/tiki-register.php HTTP/1.1" 404 227 /home/users/d/daveh/public_html/logs/tiki-register.php "http://www.accesscom.com/" "Mozilla/5.0 (Macintosh; Intel Mac OS X 12_5) AppleWebKit/537.36 (KHTML, like Gecko) Chrome/114.0.0.0 Safari/537.36 Vivaldi/5.3.2679.68" 0 www.accesscom.com
85.208.96.201 - - [09/Mar/2024:06:26:30 -0800] "GET /~daveh/sean/monty/monty.htm HTTP/1.1" 200 5477 /home/users/d/daveh/public_html/sean/monty/monty.htm "-" "Mozilla/5.0 (compatible; SemrushBot/7~bl; +http://www.semrush.com/bot.html)" 0 www.accesscom.com
87.249.132.208 - - [09/Mar/2024:06:28:49 -0800] "GET /~daveh/logs/access.log HTTP/1.1" 200 164486 /home/users/d/daveh/public_html/logs/access.log "http://www.accesscom.com/" "Mozilla/5.0 (Windows NT 10.0; Win64; x64) AppleWebKit/537.36 (KHTML, like Gecko) Chrome/114.0.0.0 Safari/537.36 OPR/89.0.4447.51" 0 www.accesscom.com
87.249.132.208 - - [09/Mar/2024:06:28:56 -0800] "GET /~daveh/logs/tiki-register.php HTTP/1.1" 404 227 /home/users/d/daveh/public_html/logs/tiki-register.php "http://www.accesscom.com/" "Mozilla/5.0 (Windows NT 10.0; Win64; x64) AppleWebKit/537.36 (KHTML, like Gecko) Chrome/114.0.0.0 Safari/537.36 OPR/89.0.4447.51" 0 www.accesscom.com
101.44.249.57 - - [09/Mar/2024:06:49:28 -0800] "GET /%7Edaveh/sean/song/ HTTP/1.1" 200 2623 /home/users/d/daveh/public_html/sean/song/ "http://www.accesscom.com/%7Edaveh/sean/song/#bandana" "Mozilla/5.0 (Macintosh; Intel Mac OS X 10_15_7) AppleWebKit/537.36 (KHTML, like Gecko) Chrome/114.0.0.0 Safari/537.36" 0 www.accesscom.com
185.191.171.18 - - [09/Mar/2024:07:29:00 -0800] "GET /~daveh/logs/Sep02.html HTTP/1.1" 200 38322 /home/users/d/daveh/public_html/logs/Sep02.html "-" "Mozilla/5.0 (compatible; SemrushBot/7~bl; +http://www.semrush.com/bot.html)" 0 www.accesscom.com
65.109.24.145 - - [09/Mar/2024:07:36:58 -0800] "GET /~daveh/logs/access.log HTTP/1.1" 200 165724 /home/users/d/daveh/public_html/logs/access.log "http://www.accesscom.com/" "Mozilla/5.0 (Windows NT 10.0; WOW64; x64) AppleWebKit/537.36 (KHTML, like Gecko) Chrome/114.0.0.0 Safari/537.36 OPR/89.0.4447.51" 0 www.accesscom.com
65.109.24.145 - - [09/Mar/2024:07:37:01 -0800] "GET /~daveh/logs/tiki-register.php HTTP/1.1" 404 227 /home/users/d/daveh/public_html/logs/tiki-register.php "http://www.accesscom.com/" "Mozilla/5.0 (Windows NT 10.0; WOW64; x64) AppleWebKit/537.36 (KHTML, like Gecko) Chrome/114.0.0.0 Safari/537.36 OPR/89.0.4447.51" 0 www.accesscom.com
65.109.24.145 - - [09/Mar/2024:08:41:28 -0800] "GET /~daveh/logs/access.log HTTP/1.1" 200 166383 /home/users/d/daveh/public_html/logs/access.log "http://www.accesscom.com/" "Mozilla/5.0 (Macintosh; Intel Mac OS X 12_5) AppleWebKit/537.36 (KHTML, like Gecko) Chrome/114.0.0.0 Safari/537.36 Vivaldi/5.3.2679.68" 0 www.accesscom.com
65.109.24.145 - - [09/Mar/2024:08:41:31 -0800] "GET /~daveh/logs/tiki-register.php HTTP/1.1" 404 227 /home/users/d/daveh/public_html/logs/tiki-register.php "http://www.accesscom.com/" "Mozilla/5.0 (Macintosh; Intel Mac OS X 12_5) AppleWebKit/537.36 (KHTML, like Gecko) Chrome/114.0.0.0 Safari/537.36 Vivaldi/5.3.2679.68" 0 www.accesscom.com
65.109.24.145 - - [09/Mar/2024:10:06:14 -0800] "GET /~daveh/logs/access.log HTTP/1.1" 200 167054 /home/users/d/daveh/public_html/logs/access.log "http://www.accesscom.com/" "Mozilla/5.0 (Macintosh; Intel Mac OS X 12_5) AppleWebKit/537.36 (KHTML, like Gecko) Chrome/114.0.0.0 YaBrowser/22.7.0 Yowser/2.5 Safari/537.36" 0 www.accesscom.com
65.109.24.145 - - [09/Mar/2024:10:06:17 -0800] "GET /~daveh/logs/tiki-register.php HTTP/1.1" 404 227 /home/users/d/daveh/public_html/logs/tiki-register.php "http://www.accesscom.com/" "Mozilla/5.0 (Macintosh; Intel Mac OS X 12_5) AppleWebKit/537.36 (KHTML, like Gecko) Chrome/114.0.0.0 YaBrowser/22.7.0 Yowser/2.5 Safari/537.36" 0 www.accesscom.com
95.166.9.226 - - [09/Mar/2024:10:43:25 -0800] "GET /~daveh/sean/song/pbsong4.html HTTP/1.1" 200 59712 /home/users/d/daveh/public_html/sean/song/pbsong4.html "-" "Mozilla/5.0 (Macintosh; Intel Mac OS X 10_15_7) AppleWebKit/605.1.15 (KHTML, like Gecko)" 0 www.accesscom.com
65.109.24.145 - - [09/Mar/2024:10:58:31 -0800] "GET /~daveh/logs/access.log HTTP/1.1" 200 168013 /home/users/d/daveh/public_html/logs/access.log "http://www.accesscom.com/" "Mozilla/5.0 (Windows NT 10.0; Win64; x64) AppleWebKit/537.36 (KHTML, like Gecko) Chrome/114.0.0.0 Safari/537.36 Vivaldi/5.3.2679.68" 0 www.accesscom.com
65.109.24.145 - - [09/Mar/2024:10:58:34 -0800] "GET /~daveh/logs/tiki-register.php HTTP/1.1" 404 227 /home/users/d/daveh/public_html/logs/tiki-register.php "http://www.accesscom.com/" "Mozilla/5.0 (Windows NT 10.0; Win64; x64) AppleWebKit/537.36 (KHTML, like Gecko) Chrome/114.0.0.0 Safari/537.36 Vivaldi/5.3.2679.68" 0 www.accesscom.com
87.249.132.208 - - [09/Mar/2024:11:31:20 -0800] "GET /~daveh/logs/access.log HTTP/1.1" 200 168678 /home/users/d/daveh/public_html/logs/access.log "http://www.accesscom.com/" "Mozilla/5.0 (Windows NT 10.0; Win64; x64) AppleWebKit/537.36 (KHTML, like Gecko) Chrome/114.0.0.0 Safari/537.36 Vivaldi/5.3.2679.68" 0 www.accesscom.com
87.249.132.208 - - [09/Mar/2024:11:31:24 -0800] "GET /~daveh/logs/tiki-register.php HTTP/1.1" 404 227 /home/users/d/daveh/public_html/logs/tiki-register.php "http://www.accesscom.com/" "Mozilla/5.0 (Windows NT 10.0; Win64; x64) AppleWebKit/537.36 (KHTML, like Gecko) Chrome/114.0.0.0 Safari/537.36 Vivaldi/5.3.2679.68" 0 www.accesscom.com
65.109.24.145 - - [09/Mar/2024:11:35:19 -0800] "GET /~daveh/logs/access.log HTTP/1.1" 200 169345 /home/users/d/daveh/public_html/logs/access.log "http://www.accesscom.com/" "Mozilla/5.0 (Macintosh; Intel Mac OS X 12_5) AppleWebKit/537.36 (KHTML, like Gecko) Chrome/114.0.0.0 Safari/537.36" 0 www.accesscom.com
65.109.24.145 - - [09/Mar/2024:11:35:24 -0800] "GET /~daveh/logs/tiki-register.php HTTP/1.1" 404 227 /home/users/d/daveh/public_html/logs/tiki-register.php "http://www.accesscom.com/" "Mozilla/5.0 (Macintosh; Intel Mac OS X 12_5) AppleWebKit/537.36 (KHTML, like Gecko) Chrome/114.0.0.0 Safari/537.36" 0 www.accesscom.com
216.244.66.241 - - [09/Mar/2024:12:37:57 -0800] "GET /%7Edaveh/sean/monty/buybed.txt HTTP/1.1" 200 5525 /home/users/d/daveh/public_html/sean/monty/buybed.txt "-" "Mozilla/5.0 (compatible; DotBot/1.2; +https://opensiteexplorer.org/dotbot; help@moz.com)" 0 www.accesscom.com
95.166.9.226 - - [09/Mar/2024:12:59:03 -0800] "GET /~daveh/sean/song/pbsong4.html HTTP/1.1" 200 59712 /home/users/d/daveh/public_html/sean/song/pbsong4.html "-" "Mozilla/5.0 (Macintosh; Intel Mac OS X 10_15_7) AppleWebKit/605.1.15 (KHTML, like Gecko)" 0 www.accesscom.com
101.44.249.242 - - [09/Mar/2024:13:27:21 -0800] "GET /~daveh/sean/links.htm HTTP/1.1" 200 684 /home/users/d/daveh/public_html/sean/links.htm "http://www.accesscom.com/~daveh/sean/links.htm" "Mozilla/5.0 (Macintosh; Intel Mac OS X 10_15_7) AppleWebKit/537.36 (KHTML, like Gecko) Chrome/114.0.0.0 Safari/537.36" 0 www.accesscom.com
65.109.24.145 - - [09/Mar/2024:13:38:40 -0800] "GET /~daveh/logs/access.log HTTP/1.1" 200 170851 /home/users/d/daveh/public_html/logs/access.log "http://www.accesscom.com/" "Mozilla/5.0 (X11; Ubuntu; Linux x86_64; rv:114.0) Gecko/20100101 Firefox/114.0" 0 www.accesscom.com
65.109.24.145 - - [09/Mar/2024:13:38:42 -0800] "GET /~daveh/logs/tiki-register.php HTTP/1.1" 404 227 /home/users/d/daveh/public_html/logs/tiki-register.php "http://www.accesscom.com/" "Mozilla/5.0 (X11; Ubuntu; Linux x86_64; rv:114.0) Gecko/20100101 Firefox/114.0" 0 www.accesscom.com
65.109.24.145 - - [09/Mar/2024:13:47:46 -0800] "GET /~daveh/logs/access.log HTTP/1.1" 200 171410 /home/users/d/daveh/public_html/logs/access.log "http://www.accesscom.com/" "Mozilla/5.0 (Macintosh; Intel Mac OS X 12_5) AppleWebKit/537.36 (KHTML, like Gecko) Chrome/114.0.0.0 Safari/537.36 Edg/114.0.1264.71" 0 www.accesscom.com
65.109.24.145 - - [09/Mar/2024:13:47:49 -0800] "GET /~daveh/logs/tiki-register.php HTTP/1.1" 404 227 /home/users/d/daveh/public_html/logs/tiki-register.php "http://www.accesscom.com/" "Mozilla/5.0 (Macintosh; Intel Mac OS X 12_5) AppleWebKit/537.36 (KHTML, like Gecko) Chrome/114.0.0.0 Safari/537.36 Edg/114.0.1264.71" 0 www.accesscom.com
40.77.167.243 - - [09/Mar/2024:13:52:20 -0800] "GET /~daveh/logs/Apr13.awstats.html HTTP/1.1" 200 92511 /home/users/d/daveh/public_html/logs/Apr13.awstats.html "-" "Mozilla/5.0 AppleWebKit/537.36 (KHTML, like Gecko; compatible; bingbot/2.0; +http://www.bing.com/bingbot.htm) Chrome/116.0.1938.76 Safari/537.36" 0 www.accesscom.com
72.35.130.232 - - [09/Mar/2024:13:58:50 -0800] "GET /~daveh/sean/song/pbsong1.html HTTP/1.1" 200 41905 /home/users/d/daveh/public_html/sean/song/pbsong1.html "-" "Mozilla/5.0 (Windows NT 10.0; Win64; x64) AppleWebKit/537.36 (KHTML, like Gecko) Chrome/122.0.0.0 Safari/537.36 Edg/122.0.0.0" 0 www.accesscom.com
104.219.232.126 - - [09/Mar/2024:14:31:01 -0800] "GET /~daveh/logs/access.log HTTP/1.1" 200 172718 /home/users/d/daveh/public_html/logs/access.log "http://www.accesscom.com/" "Mozilla/5.0 (X11; Ubuntu; Linux i686; rv:114.0) Gecko/20100101 Firefox/114.0" 0 www.accesscom.com
51.89.153.112 - - [09/Mar/2024:14:31:16 -0800] "GET /~daveh/logs/tiki-register.php HTTP/1.1" 404 227 /home/users/d/daveh/public_html/logs/tiki-register.php "http://www.accesscom.com/" "Mozilla/5.0 (X11; Ubuntu; Linux i686; rv:114.0) Gecko/20100101 Firefox/114.0" 0 www.accesscom.com
23.106.28.237 - - [09/Mar/2024:14:51:44 -0800] "GET /~daveh/logs/access.log.0 HTTP/1.1" 200 548559 /home/users/d/daveh/public_html/logs/access.log.0 "http://www.accesscom.com/" "Mozilla/5.0 (Windows NT 10.0; Win64; x64) AppleWebKit/537.36 (KHTML, like Gecko) Chrome/114.0.0.0 Safari/537.36" 0 www.accesscom.com
23.106.28.237 - - [09/Mar/2024:14:51:49 -0800] "GET /~daveh/logs/tiki-register.php HTTP/1.1" 404 227 /home/users/d/daveh/public_html/logs/tiki-register.php "http://www.accesscom.com/" "Mozilla/5.0 (Windows NT 10.0; Win64; x64) AppleWebKit/537.36 (KHTML, like Gecko) Chrome/114.0.0.0 Safari/537.36" 0 www.accesscom.com
95.166.9.226 - - [09/Mar/2024:14:54:31 -0800] "GET /~daveh/sean/song/pbsong4.html HTTP/1.1" 200 59712 /home/users/d/daveh/public_html/sean/song/pbsong4.html "-" "Mozilla/5.0 (Macintosh; Intel Mac OS X 10_15_7) AppleWebKit/605.1.15 (KHTML, like Gecko)" 0 www.accesscom.com
51.222.253.4 - - [09/Mar/2024:15:43:48 -0800] "GET /~daveh/sean/song/pbsong5.html HTTP/1.1" 200 13272 /home/users/d/daveh/public_html/sean/song/pbsong5.html "-" "Mozilla/5.0 (compatible; AhrefsBot/7.0; +http://ahrefs.com/robot/)" 0 www.accesscom.com
216.244.66.241 - - [09/Mar/2024:16:18:49 -0800] "GET /%7Edaveh/sean/monty/lifebrian.txt HTTP/1.1" 200 28239 /home/users/d/daveh/public_html/sean/monty/lifebrian.txt "-" "Mozilla/5.0 (compatible; DotBot/1.2; +https://opensiteexplorer.org/dotbot; help@moz.com)" 0 www.accesscom.com
109.186.96.220 - - [09/Mar/2024:16:39:16 -0800] "GET /~daveh/logs/access.log HTTP/1.1" 200 174706 /home/users/d/daveh/public_html/logs/access.log "http://www.accesscom.com/" "Mozilla/5.0 (Windows NT 10.0; Win64; x64) AppleWebKit/537.36 (KHTML, like Gecko) Chrome/114.0.0.0 Safari/537.36 Edg/114.0.1264.71" 0 www.accesscom.com
109.186.96.220 - - [09/Mar/2024:16:39:22 -0800] "GET /~daveh/logs/tiki-register.php HTTP/1.1" 404 227 /home/users/d/daveh/public_html/logs/tiki-register.php "http://www.accesscom.com/" "Mozilla/5.0 (Windows NT 10.0; Win64; x64) AppleWebKit/537.36 (KHTML, like Gecko) Chrome/114.0.0.0 Safari/537.36 Edg/114.0.1264.71" 0 www.accesscom.com
51.222.253.3 - - [09/Mar/2024:16:45:34 -0800] "GET /~daveh/sean/song/pbsong3.html HTTP/1.1" 200 65639 /home/users/d/daveh/public_html/sean/song/pbsong3.html "-" "Mozilla/5.0 (compatible; AhrefsBot/7.0; +http://ahrefs.com/robot/)" 0 www.accesscom.com
173.76.209.250 - - [09/Mar/2024:17:20:33 -0800] "GET /~daveh/sean/song/pbsong5.html HTTP/1.1" 200 13272 /home/users/d/daveh/public_html/sean/song/pbsong5.html "https://www.google.com/url?q=http://www.accesscom.com/~daveh/sean/song/pbsong5.html&sa=U&ved=2ahUKEwj8uJ6zw-iEAxU0EFkFHZn7Crs4ChAWegQIGRAB&usg=AOvVaw3-OwQ_khQHp5otVh9-cCHI" "Mozilla/5.0 (iPad; CPU OS 17_3 like Mac OS X) AppleWebKit/605.1.15 (KHTML, like Gecko) GSA/306.0.611622802 Mobile/15E148 Safari/604.1" 0 www.accesscom.com
65.109.24.145 - - [09/Mar/2024:18:26:50 -0800] "GET /~daveh/logs/access.log HTTP/1.1" 200 176108 /home/users/d/daveh/public_html/logs/access.log "http://www.accesscom.com/" "Mozilla/5.0 (Linux x86_64; rv:114.0) Gecko/20100101 Firefox/114.0" 0 www.accesscom.com
65.109.24.145 - - [09/Mar/2024:18:26:54 -0800] "GET /~daveh/logs/tiki-register.php HTTP/1.1" 404 227 /home/users/d/daveh/public_html/logs/tiki-register.php "http://www.accesscom.com/" "Mozilla/5.0 (Linux x86_64; rv:114.0) Gecko/20100101 Firefox/114.0" 0 www.accesscom.com
65.109.24.145 - - [09/Mar/2024:18:35:18 -0800] "GET /~daveh/logs/access.log HTTP/1.1" 200 176641 /home/users/d/daveh/public_html/logs/access.log "http://www.accesscom.com/" "Mozilla/5.0 (X11; Linux x86_64) AppleWebKit/537.36 (KHTML, like Gecko) Chrome/114.0.0.0 Safari/537.36" 0 www.accesscom.com
65.109.24.145 - - [09/Mar/2024:18:35:21 -0800] "GET /~daveh/logs/tiki-register.php HTTP/1.1" 404 227 /home/users/d/daveh/public_html/logs/tiki-register.php "http://www.accesscom.com/" "Mozilla/5.0 (X11; Linux x86_64) AppleWebKit/537.36 (KHTML, like Gecko) Chrome/114.0.0.0 Safari/537.36" 0 www.accesscom.com
87.249.132.208 - - [09/Mar/2024:20:07:21 -0800] "GET /~daveh/logs/access.log HTTP/1.1" 200 177246 /home/users/d/daveh/public_html/logs/access.log "http://www.accesscom.com/" "Mozilla/5.0 (Macintosh; Intel Mac OS X 12_5) AppleWebKit/537.36 (KHTML, like Gecko) Chrome/114.0.0.0 Safari/537.36 Vivaldi/5.3.2679.68" 0 www.accesscom.com
87.249.132.208 - - [09/Mar/2024:20:07:27 -0800] "GET /~daveh/logs/tiki-register.php HTTP/1.1" 404 227 /home/users/d/daveh/public_html/logs/tiki-register.php "http://www.accesscom.com/" "Mozilla/5.0 (Macintosh; Intel Mac OS X 12_5) AppleWebKit/537.36 (KHTML, like Gecko) Chrome/114.0.0.0 Safari/537.36 Vivaldi/5.3.2679.68" 0 www.accesscom.com
65.109.24.145 - - [09/Mar/2024:20:50:29 -0800] "GET /~daveh/logs/access.log HTTP/1.1" 200 177919 /home/users/d/daveh/public_html/logs/access.log "http://www.accesscom.com/" "Mozilla/5.0 (Windows NT 10.0; WOW64) AppleWebKit/537.36 (KHTML, like Gecko) Chrome/114.0.0.0 Safari/537.36 Vivaldi/5.3.2679.68" 0 www.accesscom.com
65.109.24.145 - - [09/Mar/2024:20:50:32 -0800] "GET /~daveh/logs/tiki-register.php HTTP/1.1" 404 227 /home/users/d/daveh/public_html/logs/tiki-register.php "http://www.accesscom.com/" "Mozilla/5.0 (Windows NT 10.0; WOW64) AppleWebKit/537.36 (KHTML, like Gecko) Chrome/114.0.0.0 Safari/537.36 Vivaldi/5.3.2679.68" 0 www.accesscom.com
149.5.4.159 - - [09/Mar/2024:20:50:34 -0800] "GET /~daveh/logs/access.log HTTP/1.1" 200 178574 /home/users/d/daveh/public_html/logs/access.log "http://www.accesscom.com/" "Mozilla/5.0 (Windows NT 10.0) AppleWebKit/537.36 (KHTML, like Gecko) Chrome/114.0.0.0 Safari/537.36" 0 www.accesscom.com
195.191.219.130 - - [09/Mar/2024:21:03:15 -0800] "GET /~daveh/sean/song/pbsong0.html HTTP/1.1" 200 15827 /home/users/d/daveh/public_html/sean/song/pbsong0.html "-" "Mozilla/5.0 (compatible; MJ12bot/v1.4.8; http://mj12bot.com/)" 0 www.accesscom.com
195.191.219.130 - - [09/Mar/2024:21:03:18 -0800] "GET /~daveh/sean/song/songskit.html HTTP/1.1" 200 51136 /home/users/d/daveh/public_html/sean/song/songskit.html "-" "Mozilla/5.0 (compatible; MJ12bot/v1.4.8; http://mj12bot.com/)" 0 www.accesscom.com
86.38.32.229 - - [09/Mar/2024:21:04:53 -0800] "GET /~daveh/sean/song/songskit.html HTTP/1.1" 200 51136 /home/users/d/daveh/public_html/sean/song/songskit.html "-" "Mozilla/5.0 (Macintosh; Intel Mac OS X 10_15_7) AppleWebKit/605.1.15 (KHTML, like Gecko)" 0 www.accesscom.com
101.44.251.186 - - [09/Mar/2024:21:58:45 -0800] "GET /%7Edaveh/sean/song/pbsong3.html HTTP/1.1" 200 65639 /home/users/d/daveh/public_html/sean/song/pbsong3.html "http://www.accesscom.com/%7Edaveh/sean/song/pbsong3.html" "Mozilla/5.0 (Macintosh; Intel Mac OS X 10_15_7) AppleWebKit/537.36 (KHTML, like Gecko) Chrome/114.0.0.0 Safari/537.36" 0 www.accesscom.com
65.109.24.145 - - [09/Mar/2024:22:10:06 -0800] "GET /~daveh/logs/access.log HTTP/1.1" 200 179999 /home/users/d/daveh/public_html/logs/access.log "http://www.accesscom.com/" "Mozilla/5.0 (Macintosh; Intel Mac OS X 12_5) AppleWebKit/537.36 (KHTML, like Gecko) Chrome/114.0.0.0 Safari/537.36" 0 www.accesscom.com
65.109.24.145 - - [09/Mar/2024:22:10:09 -0800] "GET /~daveh/logs/tiki-register.php HTTP/1.1" 404 227 /home/users/d/daveh/public_html/logs/tiki-register.php "http://www.accesscom.com/" "Mozilla/5.0 (Macintosh; Intel Mac OS X 12_5) AppleWebKit/537.36 (KHTML, like Gecko) Chrome/114.0.0.0 Safari/537.36" 0 www.accesscom.com
84.247.186.99 - - [09/Mar/2024:22:22:16 -0800] "GET /~daveh/logs/access.log.0 HTTP/1.1" 200 548559 /home/users/d/daveh/public_html/logs/access.log.0 "http://www.accesscom.com/" "Mozilla/5.0 (Windows NT 10.0; WOW64) AppleWebKit/537.36 (KHTML, like Gecko) Chrome/114.0.0.0 Safari/537.36" 0 www.accesscom.com
84.247.186.99 - - [09/Mar/2024:22:22:20 -0800] "POST /~daveh/logs/access.log/trackback/ HTTP/1.1" 404 231 /home/users/d/daveh/public_html/logs/access.log "http://ww17.bbaccademia.com/__media__/js/netsoltrademark.php?d=Media.gatsu90rentcar.com" "PHP/5.2.35" 0 www.accesscom.com
87.249.132.208 - - [09/Mar/2024:22:27:10 -0800] "GET /~daveh/logs/access.log HTTP/1.1" 200 181213 /home/users/d/daveh/public_html/logs/access.log "http://www.accesscom.com/" "Mozilla/5.0 (Windows NT 10.0; Win64; x64) AppleWebKit/537.36 (KHTML, like Gecko) Chrome/114.0.0.0 Safari/537.36 OPR/89.0.4447.51" 0 www.accesscom.com
87.249.132.208 - - [09/Mar/2024:22:27:15 -0800] "GET /~daveh/logs/tiki-register.php HTTP/1.1" 404 227 /home/users/d/daveh/public_html/logs/tiki-register.php "http://www.accesscom.com/" "Mozilla/5.0 (Windows NT 10.0; Win64; x64) AppleWebKit/537.36 (KHTML, like Gecko) Chrome/114.0.0.0 Safari/537.36 OPR/89.0.4447.51" 0 www.accesscom.com
216.244.66.241 - - [09/Mar/2024:22:28:22 -0800] "GET /%7Edaveh/sean/song/Updated.gif HTTP/1.1" 200 1226 /home/users/d/daveh/public_html/sean/song/Updated.gif "-" "Mozilla/5.0 (compatible; DotBot/1.2; +https://opensiteexplorer.org/dotbot; help@moz.com)" 0 www.accesscom.com
65.109.24.145 - - [09/Mar/2024:23:01:37 -0800] "GET /~daveh/logs/access.log HTTP/1.1" 200 182147 /home/users/d/daveh/public_html/logs/access.log "http://www.accesscom.com/" "Mozilla/5.0 (Windows NT 10.0; WOW64; x64) AppleWebKit/537.36 (KHTML, like Gecko) Chrome/114.0.0.0 Safari/537.36 OPR/89.0.4447.51" 0 www.accesscom.com
65.109.24.145 - - [09/Mar/2024:23:01:40 -0800] "GET /~daveh/logs/tiki-register.php HTTP/1.1" 404 227 /home/users/d/daveh/public_html/logs/tiki-register.php "http://www.accesscom.com/" "Mozilla/5.0 (Windows NT 10.0; WOW64; x64) AppleWebKit/537.36 (KHTML, like Gecko) Chrome/114.0.0.0 Safari/537.36 OPR/89.0.4447.51" 0 www.accesscom.com
87.249.132.208 - - [09/Mar/2024:23:03:05 -0800] "GET /~daveh/logs/access.log HTTP/1.1" 200 182806 /home/users/d/daveh/public_html/logs/access.log "http://www.accesscom.com/" "Mozilla/5.0 (Windows NT 10.0; WOW64) AppleWebKit/537.36 (KHTML, like Gecko) Chrome/114.0.0.0 YaBrowser/22.7.0 Yowser/2.5 Safari/537.36" 0 www.accesscom.com
87.249.132.208 - - [09/Mar/2024:23:03:09 -0800] "GET /~daveh/logs/tiki-register.php HTTP/1.1" 404 227 /home/users/d/daveh/public_html/logs/tiki-register.php "http://www.accesscom.com/" "Mozilla/5.0 (Windows NT 10.0; WOW64) AppleWebKit/537.36 (KHTML, like Gecko) Chrome/114.0.0.0 YaBrowser/22.7.0 Yowser/2.5 Safari/537.36" 0 www.accesscom.com
95.166.9.226 - - [09/Mar/2024:23:22:46 -0800] "GET /~daveh/sean/song/pbsong4.html HTTP/1.1" 200 59712 /home/users/d/daveh/public_html/sean/song/pbsong4.html "-" "Mozilla/5.0 (Macintosh; Intel Mac OS X 10_15_7) AppleWebKit/605.1.15 (KHTML, like Gecko)" 0 www.accesscom.com
87.249.132.208 - - [09/Mar/2024:23:54:05 -0800] "GET /~daveh/logs/access.log HTTP/1.1" 200 183751 /home/users/d/daveh/public_html/logs/access.log "http://www.accesscom.com/" "Mozilla/5.0 (Windows NT 10.0; Win64; x64) AppleWebKit/537.36 (KHTML, like Gecko) Chrome/114.0.0.0 Safari/537.36 Edg/114.0.1264.71" 0 www.accesscom.com
87.249.132.208 - - [09/Mar/2024:23:54:10 -0800] "GET /~daveh/logs/tiki-register.php HTTP/1.1" 404 227 /home/users/d/daveh/public_html/logs/tiki-register.php "http://www.accesscom.com/" "Mozilla/5.0 (Windows NT 10.0; Win64; x64) AppleWebKit/537.36 (KHTML, like Gecko) Chrome/114.0.0.0 Safari/537.36 Edg/114.0.1264.71" 0 www.accesscom.com
65.109.24.145 - - [10/Mar/2024:00:00:48 -0800] "GET /~daveh/logs/access.log HTTP/1.1" 200 184414 /home/users/d/daveh/public_html/logs/access.log "http://www.accesscom.com/" "Mozilla/5.0 (Windows NT 10.0; WOW64) AppleWebKit/537.36 (KHTML, like Gecko) Chrome/114.0.0.0 Safari/537.36" 0 www.accesscom.com
65.109.24.145 - - [10/Mar/2024:00:00:50 -0800] "GET /~daveh/logs/tiki-register.php HTTP/1.1" 404 227 /home/users/d/daveh/public_html/logs/tiki-register.php "http://www.accesscom.com/" "Mozilla/5.0 (Windows NT 10.0; WOW64) AppleWebKit/537.36 (KHTML, like Gecko) Chrome/114.0.0.0 Safari/537.36" 0 www.accesscom.com
101.44.251.51 - - [10/Mar/2024:00:34:19 -0800] "GET /~daveh/sean/monty/monty.htm HTTP/1.1" 200 5477 /home/users/d/daveh/public_html/sean/monty/monty.htm "http://www.accesscom.com/~daveh/sean/monty/monty.htm" "Mozilla/5.0 (Macintosh; Intel Mac OS X 10_15_7) AppleWebKit/537.36 (KHTML, like Gecko) Chrome/114.0.0.0 Safari/537.36" 0 www.accesscom.com
43.198.68.80 - - [10/Mar/2024:00:55:55 -0800] "GET /~daveh/logs/access.log.0 HTTP/1.1" 200 548559 /home/users/d/daveh/public_html/logs/access.log.0 "http://www.accesscom.com/" "Mozilla/5.0 (Macintosh; Intel Mac OS X 12.5; rv:114.0) Gecko/20100101 Firefox/114.0" 1 www.accesscom.com
43.198.68.80 - - [10/Mar/2024:00:56:03 -0800] "POST /~daveh/logs/access.log/trackback/ HTTP/1.1" 404 231 /home/users/d/daveh/public_html/logs/access.log "-" "PHP/5.3.27" 0 www.accesscom.com
195.2.67.223 - - [10/Mar/2024:01:39:07 -0800] "GET /~daveh/logs/access.log HTTP/1.1" 200 185849 /home/users/d/daveh/public_html/logs/access.log "http://www.accesscom.com/" "Mozilla/5.0 (Windows NT 10.0; Win64; x64) AppleWebKit/537.36 (KHTML, like Gecko) Chrome/114.0.0.0 Safari/537.36" 0 www.accesscom.com
195.2.67.223 - - [10/Mar/2024:01:39:08 -0800] "GET /~daveh/logs/tiki-register.php HTTP/1.1" 404 227 /home/users/d/daveh/public_html/logs/tiki-register.php "http://www.accesscom.com/" "Mozilla/5.0 (Windows NT 10.0; Win64; x64) AppleWebKit/537.36 (KHTML, like Gecko) Chrome/114.0.0.0 Safari/537.36" 0 www.accesscom.com
95.166.9.226 - - [10/Mar/2024:03:29:07 -0700] "GET /~daveh/sean/song/pbsong4.html HTTP/1.1" 200 59712 /home/users/d/daveh/public_html/sean/song/pbsong4.html "-" "Mozilla/5.0 (Macintosh; Intel Mac OS X 10_15_7) AppleWebKit/605.1.15 (KHTML, like Gecko)" 0 www.accesscom.com
95.166.9.226 - - [10/Mar/2024:06:00:59 -0700] "GET /~daveh/sean/song/pbsong4.html HTTP/1.1" 200 59712 /home/users/d/daveh/public_html/sean/song/pbsong4.html "-" "Mozilla/5.0 (Macintosh; Intel Mac OS X 10_15_7) AppleWebKit/605.1.15 (KHTML, like Gecko)" 0 www.accesscom.com
109.107.175.11 - - [10/Mar/2024:06:06:19 -0700] "GET /~daveh/logs/access.log HTTP/1.1" 200 187016 /home/users/d/daveh/public_html/logs/access.log "http://www.accesscom.com/" "Mozilla/5.0 (Windows NT 10.0; Win64; x64) AppleWebKit/537.36 (KHTML, like Gecko) Chrome/114.0.0.0 Safari/537.36 Edg/114.0.1264.71" 0 www.accesscom.com
109.107.175.11 - - [10/Mar/2024:06:06:21 -0700] "GET /~daveh/logs/tiki-register.php HTTP/1.1" 404 227 /home/users/d/daveh/public_html/logs/tiki-register.php "http://www.accesscom.com/" "Mozilla/5.0 (Windows NT 10.0; Win64; x64) AppleWebKit/537.36 (KHTML, like Gecko) Chrome/114.0.0.0 Safari/537.36 Edg/114.0.1264.71" 0 www.accesscom.com
157.52.187.168 - - [10/Mar/2024:06:19:25 -0700] "GET /~daveh/logs/access.log HTTP/1.1" 200 187679 /home/users/d/daveh/public_html/logs/access.log "http://www.accesscom.com/" "Mozilla/5.0 (Linux x86_64; rv:114.0) Gecko/20100101 Firefox/114.0" 0 www.accesscom.com
157.52.187.168 - - [10/Mar/2024:06:19:27 -0700] "GET /~daveh/logs/tiki-register.php HTTP/1.1" 404 227 /home/users/d/daveh/public_html/logs/tiki-register.php "http://www.accesscom.com/" "Mozilla/5.0 (Linux x86_64; rv:114.0) Gecko/20100101 Firefox/114.0" 0 www.accesscom.com
220.181.108.176 - - [10/Mar/2024:06:32:39 -0700] "GET /~daveh/sean/song/pbsong2.html HTTP/1.1" 304 - /home/users/d/daveh/public_html/sean/song/pbsong2.html "-" "Mozilla/5.0 (compatible; Baiduspider/2.0; +http://www.baidu.com/search/spider.html)" 0 www.accesscom.com
65.109.24.145 - - [10/Mar/2024:07:02:07 -0700] "GET /~daveh/logs/access.log HTTP/1.1" 200 188480 /home/users/d/daveh/public_html/logs/access.log "http://www.accesscom.com/" "Mozilla/5.0 (Windows NT 10.0; Win64; x64) AppleWebKit/537.36 (KHTML, like Gecko) Chrome/114.0.0.0 YaBrowser/22.7.0 Yowser/2.5 Safari/537.36" 0 www.accesscom.com
65.109.24.145 - - [10/Mar/2024:07:02:12 -0700] "GET /~daveh/logs/tiki-register.php HTTP/1.1" 404 227 /home/users/d/daveh/public_html/logs/tiki-register.php "http://www.accesscom.com/" "Mozilla/5.0 (Windows NT 10.0; Win64; x64) AppleWebKit/537.36 (KHTML, like Gecko) Chrome/114.0.0.0 YaBrowser/22.7.0 Yowser/2.5 Safari/537.36" 0 www.accesscom.com
216.244.66.241 - - [10/Mar/2024:08:42:44 -0700] "GET /%7Edaveh/sean/song/new.gif HTTP/1.1" 200 147 /home/users/d/daveh/public_html/sean/song/new.gif "-" "Mozilla/5.0 (compatible; DotBot/1.2; +https://opensiteexplorer.org/dotbot; help@moz.com)" 0 www.accesscom.com
154.202.116.223 - - [10/Mar/2024:11:13:27 -0700] "GET /~daveh/logs/access.log.0 HTTP/1.1" 200 548559 /home/users/d/daveh/public_html/logs/access.log.0 "http://www.accesscom.com/" "Mozilla/5.0 (Windows NT 10.0; Win64; x64) AppleWebKit/537.36 (KHTML, like Gecko) Chrome/114.0.0.0 Safari/537.36" 0 www.accesscom.com
192.177.173.71 - - [10/Mar/2024:11:13:44 -0700] "GET /~daveh/sean/song/songskit.html HTTP/1.1" 200 51136 /home/users/d/daveh/public_html/sean/song/songskit.html "http://www.accesscom.com/~daveh/logs/access.log.0" "Mozilla/5.0 (Windows NT 10.0; Win64; x64) AppleWebKit/537.36 (KHTML, like Gecko) Chrome/114.0.0.0 Safari/537.36" 0 www.accesscom.com
51.222.253.8 - - [10/Mar/2024:13:18:14 -0700] "GET /~daveh/sean/song/pbsong5.html HTTP/1.1" 200 13272 /home/users/d/daveh/public_html/sean/song/pbsong5.html "-" "Mozilla/5.0 (compatible; AhrefsBot/7.0; +http://ahrefs.com/robot/)" 0 www.accesscom.com
216.244.66.241 - - [10/Mar/2024:13:22:24 -0700] "GET /%7Edaveh/sean/monty/penguin.txt HTTP/1.1" 200 3449 /home/users/d/daveh/public_html/sean/monty/penguin.txt "-" "Mozilla/5.0 (compatible; DotBot/1.2; +https://opensiteexplorer.org/dotbot; help@moz.com)" 0 www.accesscom.com
216.244.66.241 - - [10/Mar/2024:13:22:45 -0700] "GET /%7Edaveh/sean/monty/wines.txt HTTP/1.1" 200 1591 /home/users/d/daveh/public_html/sean/monty/wines.txt "-" "Mozilla/5.0 (compatible; DotBot/1.2; +https://opensiteexplorer.org/dotbot; help@moz.com)" 0 www.accesscom.com
40.77.167.53 - - [10/Mar/2024:14:02:20 -0700] "GET /~daveh/logs/Apr13.awstats.html HTTP/1.1" 200 92511 /home/users/d/daveh/public_html/logs/Apr13.awstats.html "-" "Mozilla/5.0 AppleWebKit/537.36 (KHTML, like Gecko; compatible; bingbot/2.0; +http://www.bing.com/bingbot.htm) Chrome/116.0.1938.76 Safari/537.36" 0 www.accesscom.com
95.166.9.226 - - [10/Mar/2024:14:14:55 -0700] "GET /~daveh/sean/song/pbsong4.html HTTP/1.1" 200 59712 /home/users/d/daveh/public_html/sean/song/pbsong4.html "-" "Mozilla/5.0 (Macintosh; Intel Mac OS X 10_15_7) AppleWebKit/605.1.15 (KHTML, like Gecko)" 0 www.accesscom.com
95.166.9.226 - - [10/Mar/2024:14:26:53 -0700] "GET /~daveh/sean/song/pbsong4.html HTTP/1.1" 200 59712 /home/users/d/daveh/public_html/sean/song/pbsong4.html "-" "Mozilla/5.0 (Macintosh; Intel Mac OS X 10_15_7) AppleWebKit/605.1.15 (KHTML, like Gecko)" 0 www.accesscom.com
156.238.9.232 - - [10/Mar/2024:14:31:54 -0700] "GET /~daveh/logs/access.log HTTP/1.1" 200 191755 /home/users/d/daveh/public_html/logs/access.log "http://www.accesscom.com/" "Mozilla/5.0 (X11; Linux x86_64) AppleWebKit/537.36 (KHTML, like Gecko) Chrome/114.0.0.0 Safari/537.36" 0 www.accesscom.com
5.35.34.203 - - [10/Mar/2024:15:27:26 -0700] "GET /~daveh/logs/access.log HTTP/1.1" 200 192052 /home/users/d/daveh/public_html/logs/access.log "http://www.accesscom.com/" "Mozilla/5.0 (X11; Linux i686; rv:114.0) Gecko/20100101 Firefox/114.0" 0 www.accesscom.com
5.35.34.203 - - [10/Mar/2024:15:27:28 -0700] "GET /~daveh/logs/tiki-register.php HTTP/1.1" 404 227 /home/users/d/daveh/public_html/logs/tiki-register.php "http://www.accesscom.com/" "Mozilla/5.0 (X11; Linux i686; rv:114.0) Gecko/20100101 Firefox/114.0" 0 www.accesscom.com
216.244.66.241 - - [10/Mar/2024:15:54:19 -0700] "GET /%7Edaveh/sean/monty/selfdef.txt HTTP/1.1" 200 6745 /home/users/d/daveh/public_html/sean/monty/selfdef.txt "-" "Mozilla/5.0 (compatible; DotBot/1.2; +https://opensiteexplorer.org/dotbot; help@moz.com)" 0 www.accesscom.com
83.243.120.154 - - [10/Mar/2024:16:34:40 -0700] "GET /~daveh/logs/access.log.0 HTTP/1.1" 200 548559 /home/users/d/daveh/public_html/logs/access.log.0 "http://www.accesscom.com/" "Mozilla/5.0 (Windows NT 10.0; Win64; x64) AppleWebKit/537.36 (KHTML, like Gecko) Chrome/114.0.0.0 Safari/537.36" 0 www.accesscom.com
83.243.120.154 - - [10/Mar/2024:16:34:45 -0700] "GET /~daveh/logs/tiki-register.php HTTP/1.1" 404 227 /home/users/d/daveh/public_html/logs/tiki-register.php "http://www.accesscom.com/" "Mozilla/5.0 (Windows NT 10.0; Win64; x64) AppleWebKit/537.36 (KHTML, like Gecko) Chrome/114.0.0.0 Safari/537.36" 0 www.accesscom.com
216.244.66.241 - - [10/Mar/2024:17:01:59 -0700] "GET /%7Edaveh/sean/monty/always.txt HTTP/1.1" 200 1442 /home/users/d/daveh/public_html/sean/monty/always.txt "-" "Mozilla/5.0 (compatible; DotBot/1.2; +https://opensiteexplorer.org/dotbot; help@moz.com)" 0 www.accesscom.com
216.244.66.241 - - [10/Mar/2024:17:02:14 -0700] "GET /%7Edaveh/sean/monty/spanish.txt HTTP/1.1" 200 6237 /home/users/d/daveh/public_html/sean/monty/spanish.txt "-" "Mozilla/5.0 (compatible; DotBot/1.2; +https://opensiteexplorer.org/dotbot; help@moz.com)" 0 www.accesscom.com
86.38.32.229 - - [10/Mar/2024:17:15:46 -0700] "GET /~daveh/sean/song/songskit.html HTTP/1.1" 200 51136 /home/users/d/daveh/public_html/sean/song/songskit.html "-" "Mozilla/5.0 (Macintosh; Intel Mac OS X 10_15_7) AppleWebKit/605.1.15 (KHTML, like Gecko)" 0 www.accesscom.com
216.244.66.241 - - [10/Mar/2024:17:54:17 -0700] "GET /%7Edaveh/sean/monty/sheep.txt HTTP/1.1" 200 1871 /home/users/d/daveh/public_html/sean/monty/sheep.txt "-" "Mozilla/5.0 (compatible; DotBot/1.2; +https://opensiteexplorer.org/dotbot; help@moz.com)" 0 www.accesscom.com
84.17.42.52 - - [10/Mar/2024:18:24:25 -0700] "GET /~daveh/logs/access.log HTTP/1.1" 200 194586 /home/users/d/daveh/public_html/logs/access.log "http://www.accesscom.com/" "Mozilla/5.0 (X11; Linux x86_64) AppleWebKit/537.36 (KHTML, like Gecko) Chrome/114.0.0.0 Safari/537.36 OPR/89.0.4447.51" 0 www.accesscom.com
84.17.42.52 - - [10/Mar/2024:18:24:28 -0700] "GET /~daveh/logs/tiki-register.php HTTP/1.1" 404 227 /home/users/d/daveh/public_html/logs/tiki-register.php "http://www.accesscom.com/" "Mozilla/5.0 (X11; Linux x86_64) AppleWebKit/537.36 (KHTML, like Gecko) Chrome/114.0.0.0 Safari/537.36 OPR/89.0.4447.51" 0 www.accesscom.com
213.180.203.77 - - [10/Mar/2024:18:38:51 -0700] "GET /~daveh/logs/ HTTP/1.1" 200 60060 /home/users/d/daveh/public_html/logs/ "-" "Mozilla/5.0 (compatible; YandexBot/3.0; +http://yandex.com/bots)" 0 www.accesscom.com
85.206.170.149 - - [10/Mar/2024:19:14:09 -0700] "GET /~daveh/logs/access.log.0 HTTP/1.1" 200 548559 /home/users/d/daveh/public_html/logs/access.log.0 "http://www.accesscom.com/" "Mozilla/5.0 (X11; Linux x86_64) AppleWebKit/537.36 (KHTML, like Gecko) Chrome/114.0.0.0 Safari/537.36" 0 www.accesscom.com
85.206.170.149 - - [10/Mar/2024:19:14:11 -0700] "POST /~daveh/logs/access.log/trackback/ HTTP/1.1" 404 231 /home/users/d/daveh/public_html/logs/access.log "-" "PHP/5.2.88" 0 www.accesscom.com
109.107.175.11 - - [10/Mar/2024:19:14:30 -0700] "GET /~daveh/logs/access.log HTTP/1.1" 200 195931 /home/users/d/daveh/public_html/logs/access.log "http://www.accesscom.com/" "Mozilla/5.0 (X11; Linux i686) AppleWebKit/537.36 (KHTML, like Gecko) Chrome/114.0.0.0 Safari/537.36 Vivaldi/5.3.2679.68" 0 www.accesscom.com
109.107.175.11 - - [10/Mar/2024:19:14:33 -0700] "GET /~daveh/logs/tiki-register.php HTTP/1.1" 404 227 /home/users/d/daveh/public_html/logs/tiki-register.php "http://www.accesscom.com/" "Mozilla/5.0 (X11; Linux i686) AppleWebKit/537.36 (KHTML, like Gecko) Chrome/114.0.0.0 Safari/537.36 Vivaldi/5.3.2679.68" 0 www.accesscom.com
109.230.220.140 - - [10/Mar/2024:19:21:15 -0700] "GET /~daveh/logs/access.log HTTP/1.1" 200 196574 /home/users/d/daveh/public_html/logs/access.log "http://www.accesscom.com/" "Mozilla/5.0 (Macintosh; Intel Mac OS X 12_5) AppleWebKit/537.36 (KHTML, like Gecko) Chrome/114.0.0.0 Safari/537.36 Vivaldi/5.3.2679.68" 0 www.accesscom.com
109.230.220.140 - - [10/Mar/2024:19:21:21 -0700] "POST /~daveh/logs/access.log/trackback/ HTTP/1.1" 404 231 /home/users/d/daveh/public_html/logs/access.log "-" "PHP/5.2.97" 0 www.accesscom.com
103.103.35.183 - - [10/Mar/2024:19:27:57 -0700] "GET /~daveh/logs/access.log.0 HTTP/1.1" 200 548559 /home/users/d/daveh/public_html/logs/access.log.0 "http://www.accesscom.com/" "Mozilla/5.0 (X11; Linux i686; rv:114.0) Gecko/20100101 Firefox/114.0" 0 www.accesscom.com
103.103.35.183 - - [10/Mar/2024:19:28:00 -0700] "GET /~daveh/logs/tiki-register.php HTTP/1.1" 404 227 /home/users/d/daveh/public_html/logs/tiki-register.php "http://www.accesscom.com/" "Mozilla/5.0 (X11; Linux i686; rv:114.0) Gecko/20100101 Firefox/114.0" 0 www.accesscom.com
195.191.219.133 - - [10/Mar/2024:20:13:23 -0700] "GET /~daveh/sean/song/pbsong0.html HTTP/1.1" 200 15827 /home/users/d/daveh/public_html/sean/song/pbsong0.html "-" "Mozilla/5.0 (compatible; MJ12bot/v1.4.8; http://mj12bot.com/)" 0 www.accesscom.com
195.191.219.133 - - [10/Mar/2024:20:13:26 -0700] "GET /~daveh/sean/song/songskit.html HTTP/1.1" 200 51136 /home/users/d/daveh/public_html/sean/song/songskit.html "-" "Mozilla/5.0 (compatible; MJ12bot/v1.4.8; http://mj12bot.com/)" 0 www.accesscom.com
85.206.170.149 - - [10/Mar/2024:20:46:05 -0700] "GET /~daveh/logs/access.log.0 HTTP/1.1" 200 548559 /home/users/d/daveh/public_html/logs/access.log.0 "http://www.accesscom.com/" "Mozilla/5.0 (Windows NT 10.0; WOW64) AppleWebKit/537.36 (KHTML, like Gecko) Chrome/114.0.0.0 Safari/537.36" 0 www.accesscom.com
85.206.170.149 - - [10/Mar/2024:20:46:07 -0700] "POST /~daveh/logs/access.log/trackback/ HTTP/1.1" 404 231 /home/users/d/daveh/public_html/logs/access.log "http://artkm.co.kr/xe/qa2017/500682" "PHP/5.2.69" 0 www.accesscom.com
77.83.1.194 - - [10/Mar/2024:22:09:47 -0700] "GET /~daveh/logs/access.log HTTP/1.1" 200 198675 /home/users/d/daveh/public_html/logs/access.log "http://www.accesscom.com/" "Mozilla/5.0 (Windows NT 10.0; WOW64) AppleWebKit/537.36 (KHTML, like Gecko) Chrome/114.0.0.0 Safari/537.36" 0 www.accesscom.com
77.83.1.194 - - [10/Mar/2024:22:09:51 -0700] "GET /~daveh/logs/tiki-register.php HTTP/1.1" 404 227 /home/users/d/daveh/public_html/logs/tiki-register.php "http://www.accesscom.com/" "Mozilla/5.0 (Windows NT 10.0; WOW64) AppleWebKit/537.36 (KHTML, like Gecko) Chrome/114.0.0.0 Safari/537.36" 0 www.accesscom.com
103.103.35.183 - - [10/Mar/2024:22:42:19 -0700] "GET /~daveh/logs/access.log.0 HTTP/1.1" 200 548559 /home/users/d/daveh/public_html/logs/access.log.0 "http://www.accesscom.com/" "Mozilla/5.0 (X11; Linux x86_64) AppleWebKit/537.36 (KHTML, like Gecko) Chrome/114.0.0.0 Safari/537.36" 0 www.accesscom.com
